-- phpMyAdmin SQL Dump
-- version 5.2.1
-- https://www.phpmyadmin.net/
--
-- Host: localhost:3306
-- Generation Time: Sep 05, 2024 at 06:34 PM
-- Server version: 10.6.18-MariaDB-cll-lve-log
-- PHP Version: 8.1.29

BEGIN TRANSACTION;


/*!40101 SET @OLD_CHARACTER_SET_CLIENT=@@CHARACTER_SET_CLIENT */;
/*!40101 SET @OLD_CHARACTER_SET_RESULTS=@@CHARACTER_SET_RESULTS */;
/*!40101 SET @OLD_COLLATION_CONNECTION=@@COLLATION_CONNECTION */;
/*!40101 SET NAMES utf8mb4 */;

--
-- Database: "aangeloa_seatproj_db"
--

--
-- Dumping data for table "master_floor"
--

INSERT INTO "master_floor" ("id", "floor", "floor_image", "status", "enable_donation", "last_updated_by", "created_at", "updated_at", "deleted_at", "flag") VALUES
(2, 'Private Concert', 'simple', 1, 1, 1, '2023-12-22 07:42:45', '2024-05-28 14:26:40', NULL, 1),
(3, 'Ballarat Event', 'ballarat_v1', 1, 1, 2, '2024-05-25 05:08:22', '2024-05-28 14:27:17', NULL, 1);

--
-- Dumping data for table "master_layout"
--

INSERT INTO "master_layout" ("id", "id_floor", "id_row", "no", "code", "seat_code", "coords", "shape", "price", "status", "last_updated_by", "created_at", "updated_at", "deleted_at", "flag") VALUES
(1, 2, 6, 1, '2-6-1', 'A1', NULL, 'circle', 25.00, 3, NULL, '2024-01-16 18:38:19', '2024-06-21 14:19:07', NULL, 1),
(2, 2, 6, 2, '2-6-2', 'A2', NULL, 'circle', 25.00, 3, NULL, '2024-01-16 18:38:19', '2024-06-22 03:49:17', NULL, 1),
(3, 2, 6, 3, '2-6-3', 'A3', NULL, 'circle', 25.00, 3, NULL, '2024-01-16 18:38:19', '2024-06-22 03:49:17', NULL, 1),
(4, 2, 6, 5, '2-6-5', 'A5', NULL, 'circle', 25.00, 2, NULL, '2024-01-16 18:38:19', '2024-06-24 04:14:46', NULL, 1),
(5, 2, 6, 4, '2-6-4', 'A4', NULL, 'circle', 25.00, 1, NULL, '2024-01-16 18:38:19', '2024-05-30 13:24:02', NULL, 1),
(6, 2, 6, 6, '2-6-6', 'A6', NULL, 'circle', 25.00, 1, NULL, '2024-01-16 18:38:19', '2024-05-30 13:24:02', NULL, 1),
(7, 2, 6, 7, '2-6-7', 'A7', NULL, 'circle', 25.00, 1, NULL, '2024-01-16 18:38:19', '2024-05-30 13:24:02', NULL, 1),
(8, 2, 6, 8, '2-6-8', 'A8', NULL, 'circle', 25.00, 1, NULL, '2024-01-16 18:38:19', '2024-05-30 13:24:02', NULL, 1),
(9, 2, 7, 1, '2-7-1', 'B1', NULL, 'circle', 25.00, 1, NULL, '2024-01-16 18:38:19', '2024-05-30 13:24:02', NULL, 1),
(10, 2, 7, 2, '2-7-2', 'B2', NULL, 'circle', 25.00, 1, NULL, '2024-01-16 18:38:19', '2024-05-30 13:24:02', NULL, 1),
(11, 2, 7, 3, '2-7-3', 'B3', NULL, 'circle', 25.00, 1, NULL, '2024-01-16 18:38:19', '2024-05-30 13:24:02', NULL, 1),
(12, 2, 7, 4, '2-7-4', 'B4', NULL, 'circle', 25.00, 1, NULL, '2024-01-16 18:38:19', '2024-05-30 13:24:02', NULL, 1),
(13, 2, 7, 5, '2-7-5', 'B5', NULL, 'circle', 25.00, 1, NULL, '2024-01-16 18:38:19', '2024-05-30 13:24:02', NULL, 1),
(14, 2, 7, 6, '2-7-6', 'B6', NULL, 'circle', 25.00, 1, NULL, '2024-01-16 18:38:19', '2024-05-30 13:24:02', NULL, 1),
(15, 2, 7, 7, '2-7-7', 'B7', NULL, 'circle', 25.00, 1, NULL, '2024-01-16 18:38:19', '2024-05-30 13:24:02', NULL, 1),
(16, 2, 7, 8, '2-7-8', 'B8', NULL, 'circle', 25.00, 1, NULL, '2024-01-16 18:38:19', '2024-05-30 13:24:02', NULL, 1),
(17, 2, 8, 1, '2-8-1', 'C1', NULL, 'circle', 25.00, 1, NULL, '2024-01-16 18:38:19', '2024-05-30 13:24:02', NULL, 1),
(18, 2, 8, 2, '2-8-2', 'C2', NULL, 'circle', 25.00, 1, NULL, '2024-01-16 18:38:19', '2024-05-30 13:24:02', NULL, 1),
(19, 2, 8, 3, '2-8-3', 'C3', NULL, 'circle', 25.00, 1, NULL, '2024-01-16 18:38:19', '2024-05-30 13:24:02', NULL, 1),
(20, 2, 8, 4, '2-8-4', 'C4', NULL, 'circle', 25.00, 1, NULL, '2024-01-16 18:38:19', '2024-05-30 13:24:02', NULL, 1),
(21, 2, 8, 5, '2-8-5', 'C5', NULL, 'circle', 25.00, 1, NULL, '2024-01-16 18:38:19', '2024-05-30 13:24:02', NULL, 1),
(22, 2, 8, 6, '2-8-6', 'C6', NULL, 'circle', 25.00, 1, NULL, '2024-01-16 18:38:19', '2024-05-30 13:24:02', NULL, 1),
(23, 2, 8, 7, '2-8-7', 'C7', NULL, 'circle', 25.00, 1, NULL, '2024-01-16 18:38:19', '2024-05-30 13:24:02', NULL, 1),
(24, 2, 8, 8, '2-8-8', 'C8', NULL, 'circle', 25.00, 1, NULL, '2024-01-16 18:38:19', '2024-05-30 13:24:02', NULL, 1),
(25, 2, 9, 8, '2-9-8', 'D8', NULL, 'circle', 25.00, 1, NULL, '2024-01-16 18:38:19', '2024-05-30 13:24:02', NULL, 1),
(26, 2, 9, 7, '2-9-7', 'D7', NULL, 'circle', 25.00, 1, NULL, '2024-01-16 18:38:19', '2024-05-30 13:24:02', NULL, 1),
(27, 2, 9, 1, '2-9-1', 'D1', NULL, 'circle', 25.00, 1, NULL, '2024-01-16 18:38:19', '2024-05-30 13:24:02', NULL, 1),
(28, 2, 9, 2, '2-9-2', 'D2', NULL, 'circle', 25.00, 1, NULL, '2024-01-16 18:38:19', '2024-05-30 13:24:02', NULL, 1),
(29, 2, 9, 3, '2-9-3', 'D3', NULL, 'circle', 25.00, 1, NULL, '2024-01-16 18:38:19', '2024-05-30 13:24:02', NULL, 1),
(30, 2, 9, 4, '2-9-4', 'D4', NULL, 'circle', 25.00, 1, NULL, '2024-01-16 18:38:19', '2024-05-30 13:24:02', NULL, 1),
(31, 2, 9, 5, '2-9-5', 'D5', NULL, 'circle', 25.00, 1, NULL, '2024-01-16 18:38:19', '2024-05-30 13:24:02', NULL, 1),
(32, 2, 9, 6, '2-9-6', 'D6', NULL, 'circle', 25.00, 1, NULL, '2024-01-16 18:38:19', '2024-05-30 13:24:02', NULL, 1),
(33, 2, 10, 1, '2-10-1', 'E1', NULL, 'circle', 25.00, 1, NULL, '2024-01-16 18:38:19', '2024-05-30 13:24:02', NULL, 1),
(34, 2, 10, 2, '2-10-2', 'E2', NULL, 'circle', 25.00, 1, NULL, '2024-01-16 18:38:19', '2024-05-30 13:24:02', NULL, 1),
(35, 2, 10, 3, '2-10-3', 'E3', NULL, 'circle', 25.00, 1, NULL, '2024-01-16 18:38:19', '2024-05-30 13:24:02', NULL, 1),
(36, 2, 10, 4, '2-10-4', 'E4', NULL, 'circle', 25.00, 1, NULL, '2024-01-16 18:38:19', '2024-05-30 13:24:02', NULL, 1),
(37, 2, 10, 5, '2-10-5', 'E5', NULL, 'circle', 25.00, 1, NULL, '2024-01-16 18:38:19', '2024-05-30 13:24:02', NULL, 1),
(38, 2, 10, 6, '2-10-6', 'E6', NULL, 'circle', 25.00, 1, NULL, '2024-01-16 18:38:19', '2024-05-30 13:24:02', NULL, 1),
(39, 2, 10, 7, '2-10-7', 'E7', NULL, 'circle', 25.00, 1, NULL, '2024-01-16 18:38:19', '2024-05-30 13:24:02', NULL, 1),
(40, 2, 10, 8, '2-10-8', 'E8', NULL, 'circle', 25.00, 1, NULL, '2024-01-16 18:38:19', '2024-05-30 13:24:02', NULL, 1),
(41, 2, 10, 9, '2-10-9', 'E9', NULL, 'circle', 25.00, 1, NULL, '2024-01-16 18:38:19', '2024-05-30 13:24:02', NULL, 1),
(42, 2, 10, 10, '2-10-10', 'E10', NULL, 'circle', 25.00, 1, NULL, '2024-01-16 18:38:19', '2024-05-30 13:24:02', NULL, 1),
(43, 2, 11, 1, '2-11-1', 'F1', NULL, 'circle', 25.00, 1, NULL, '2024-01-16 18:38:19', '2024-05-30 13:24:02', NULL, 1),
(44, 2, 11, 2, '2-11-2', 'F2', NULL, 'circle', 25.00, 1, NULL, '2024-01-16 18:38:19', '2024-05-30 13:24:02', NULL, 1),
(45, 2, 11, 3, '2-11-3', 'F3', NULL, 'circle', 25.00, 1, NULL, '2024-01-16 18:38:19', '2024-05-30 13:24:02', NULL, 1),
(46, 2, 11, 4, '2-11-4', 'F4', NULL, 'circle', 25.00, 1, NULL, '2024-01-16 18:38:19', '2024-05-30 13:24:02', NULL, 1),
(47, 2, 11, 5, '2-11-5', 'F5', NULL, 'circle', 25.00, 1, NULL, '2024-01-16 18:38:19', '2024-05-30 13:24:02', NULL, 1),
(48, 2, 11, 6, '2-11-6', 'F6', NULL, 'circle', 25.00, 1, NULL, '2024-01-16 18:38:19', '2024-05-30 13:24:02', NULL, 1),
(49, 2, 11, 7, '2-11-7', 'F7', NULL, 'circle', 25.00, 1, NULL, '2024-01-16 18:38:19', '2024-05-30 13:24:02', NULL, 1),
(50, 2, 11, 8, '2-11-8', 'F8', NULL, 'circle', 25.00, 1, NULL, '2024-01-16 18:38:19', '2024-05-30 13:24:02', NULL, 1),
(51, 2, 11, 9, '2-11-9', 'F9', NULL, 'circle', 25.00, 1, NULL, '2024-01-16 18:38:19', '2024-05-30 13:24:02', NULL, 1),
(52, 2, 11, 10, '2-11-10', 'F10', NULL, 'circle', 25.00, 1, NULL, '2024-01-16 18:38:19', '2024-05-30 13:24:02', NULL, 1),
(53, 2, 12, 1, '2-12-1', 'G1', NULL, 'circle', 25.00, 1, NULL, '2024-01-16 18:38:19', '2024-05-30 13:24:02', NULL, 1),
(54, 2, 12, 2, '2-12-2', 'G2', NULL, 'circle', 25.00, 1, NULL, '2024-01-16 18:38:19', '2024-05-30 13:24:02', NULL, 1),
(55, 2, 12, 3, '2-12-3', 'G3', NULL, 'circle', 25.00, 1, NULL, '2024-01-16 18:38:19', '2024-05-30 13:24:02', NULL, 1),
(56, 2, 12, 4, '2-12-4', 'G4', NULL, 'circle', 25.00, 1, NULL, '2024-01-16 18:38:19', '2024-05-30 13:24:02', NULL, 1),
(57, 2, 12, 5, '2-12-5', 'G5', NULL, 'circle', 25.00, 1, NULL, '2024-01-16 18:38:19', '2024-05-30 13:24:02', NULL, 1),
(58, 2, 12, 6, '2-12-6', 'G6', NULL, 'circle', 25.00, 1, NULL, '2024-01-16 18:38:19', '2024-05-30 13:24:02', NULL, 1),
(59, 2, 12, 7, '2-12-7', 'G7', NULL, 'circle', 25.00, 1, NULL, '2024-01-16 18:38:19', '2024-05-30 13:24:02', NULL, 1),
(60, 2, 12, 8, '2-12-8', 'G8', NULL, 'circle', 25.00, 1, NULL, '2024-01-16 18:38:19', '2024-05-30 13:24:02', NULL, 1),
(61, 2, 12, 9, '2-12-9', 'G9', NULL, 'circle', 25.00, 1, NULL, '2024-01-16 18:38:19', '2024-05-30 13:24:02', NULL, 1),
(62, 2, 12, 10, '2-12-10', 'G10', NULL, 'circle', 25.00, 1, NULL, '2024-01-16 18:38:19', '2024-05-30 13:24:02', NULL, 1),
(63, 2, 13, 1, '2-13-1', 'H1', NULL, 'circle', 25.00, 1, NULL, '2024-01-16 18:38:19', '2024-05-30 13:24:02', NULL, 1),
(64, 2, 13, 2, '2-13-2', 'H2', NULL, 'circle', 25.00, 1, NULL, '2024-01-16 18:38:19', '2024-05-30 13:24:02', NULL, 1),
(65, 2, 13, 3, '2-13-3', 'H3', NULL, 'circle', 25.00, 1, NULL, '2024-01-16 18:38:19', '2024-05-30 13:24:02', NULL, 1),
(66, 2, 13, 4, '2-13-4', 'H4', NULL, 'circle', 25.00, 1, NULL, '2024-01-16 18:38:19', '2024-05-30 13:24:02', NULL, 1),
(67, 2, 13, 5, '2-13-5', 'H5', NULL, 'circle', 25.00, 1, NULL, '2024-01-16 18:38:19', '2024-05-30 13:24:02', NULL, 1),
(68, 2, 13, 6, '2-13-6', 'H6', NULL, 'circle', 25.00, 1, NULL, '2024-01-16 18:38:19', '2024-05-30 13:24:02', NULL, 1),
(69, 2, 13, 7, '2-13-7', 'H7', NULL, 'circle', 25.00, 1, NULL, '2024-01-16 18:38:19', '2024-05-30 13:24:02', NULL, 1),
(70, 2, 13, 8, '2-13-8', 'H8', NULL, 'circle', 25.00, 1, NULL, '2024-01-16 18:38:19', '2024-05-30 13:24:02', NULL, 1),
(71, 2, 13, 9, '2-13-9', 'H9', NULL, 'circle', 25.00, 1, NULL, '2024-01-16 18:38:19', '2024-05-30 13:24:02', NULL, 1),
(72, 2, 13, 10, '2-13-10', 'H10', NULL, 'circle', 25.00, 1, NULL, '2024-01-16 18:38:19', '2024-05-30 13:24:02', NULL, 1),
(73, 3, 6, 1, '3-6-1', 'A1', NULL, 'rect', 25.00, 2, NULL, '2024-05-25 05:09:51', '2024-07-08 14:44:33', NULL, 1),
(74, 3, 6, 2, '3-6-2', 'A2', NULL, 'rect', 25.00, 1, NULL, '2024-05-25 05:12:32', '2024-05-30 13:37:28', NULL, 1),
(75, 3, 6, 3, '3-6-3', 'A3', NULL, 'rect', 25.00, 1, NULL, '2024-05-25 05:38:27', '2024-05-30 13:37:28', NULL, 1),
(76, 3, 6, 4, '3-6-4', 'A4', NULL, 'rect', 25.00, 1, NULL, '2024-05-25 05:38:42', '2024-05-30 13:37:28', NULL, 1),
(77, 3, 6, 5, '3-6-5', 'A5', NULL, 'rect', 25.00, 3, NULL, '2024-05-25 05:39:28', '2024-07-30 04:12:55', NULL, 1),
(78, 3, 6, 6, '3-6-6', 'A6', NULL, 'rect', 25.00, 3, NULL, '2024-05-25 05:39:28', '2024-07-30 04:12:55', NULL, 1),
(79, 3, 6, 7, '3-6-7', 'A7', NULL, 'rect', 25.00, 1, NULL, '2024-05-25 05:41:36', '2024-05-30 13:37:28', NULL, 1),
(80, 3, 6, 8, '3-6-8', 'A8', NULL, 'rect', 25.00, 1, NULL, '2024-05-25 05:41:36', '2024-08-20 00:59:06', NULL, 1),
(81, 3, 6, 9, '3-6-9', 'A9', NULL, 'rect', 25.00, 1, NULL, '2024-05-25 05:41:36', '2024-05-30 13:37:28', NULL, 1),
(82, 3, 6, 10, '3-6-10', 'A10', NULL, 'rect', 25.00, 1, NULL, '2024-05-25 05:41:36', '2024-05-30 13:37:28', NULL, 1),
(83, 3, 6, 11, '3-6-11', 'A11', NULL, 'rect', 25.00, 1, NULL, '2024-05-25 05:41:36', '2024-05-30 13:37:28', NULL, 1),
(84, 3, 6, 12, '3-6-12', 'A12', NULL, 'rect', 25.00, 1, NULL, '2024-05-25 05:41:36', '2024-05-30 13:37:28', NULL, 1),
(85, 3, 6, 13, '3-6-13', 'A13', NULL, 'rect', 25.00, 1, NULL, '2024-05-25 05:41:36', '2024-05-30 13:37:28', NULL, 1),
(87, 3, 6, 14, '3-6-14', 'A14', NULL, 'rect', 25.00, 3, NULL, '2024-05-25 07:43:55', '2024-08-19 09:51:46', NULL, 1),
(88, 3, 6, 15, '3-6-15', 'A15', NULL, 'rect', 25.00, 3, NULL, '2024-05-25 07:43:55', '2024-08-19 09:51:46', NULL, 1),
(89, 3, 6, 16, '3-6-16', 'A16', NULL, 'rect', 25.00, 3, NULL, '2024-05-25 07:43:55', '2024-08-19 09:57:23', NULL, 1),
(90, 3, 6, 17, '3-6-17', 'A17', NULL, 'rect', 25.00, 3, NULL, '2024-05-25 07:43:55', '2024-08-19 09:57:23', NULL, 1),
(91, 3, 6, 18, '3-6-18', 'A18', NULL, 'rect', 25.00, 3, NULL, '2024-05-25 07:43:55', '2024-08-19 10:02:05', NULL, 1),
(92, 3, 6, 19, '3-6-19', 'A19', NULL, 'rect', 25.00, 1, NULL, '2024-05-25 07:43:55', '2024-05-30 13:37:28', NULL, 1),
(93, 3, 6, 20, '3-6-20', 'A20', NULL, 'rect', 25.00, 1, NULL, '2024-05-25 07:43:56', '2024-05-30 13:37:28', NULL, 1),
(94, 3, 6, 21, '3-6-21', 'A21', NULL, 'rect', 25.00, 1, NULL, '2024-05-25 07:43:56', '2024-05-30 13:37:28', NULL, 1),
(95, 3, 6, 22, '3-6-22', 'A22', NULL, 'rect', 25.00, 1, NULL, '2024-05-25 07:43:56', '2024-05-30 13:37:28', NULL, 1),
(96, 3, 6, 23, '3-6-23', 'A23', NULL, 'rect', 25.00, 1, NULL, '2024-05-25 07:43:56', '2024-05-30 13:37:28', NULL, 1),
(97, 3, 6, 24, '3-6-24', 'A24', NULL, 'rect', 25.00, 1, NULL, '2024-05-25 07:43:56', '2024-05-30 13:37:28', NULL, 1),
(98, 3, 6, 25, '3-6-25', 'A25', NULL, 'rect', 25.00, 1, NULL, '2024-05-25 07:43:56', '2024-05-30 13:37:28', NULL, 1),
(99, 3, 6, 26, '3-6-26', 'A26', NULL, 'rect', 25.00, 3, NULL, '2024-05-25 07:43:56', '2024-08-21 09:24:45', NULL, 1),
(100, 3, 6, 27, '3-6-27', 'A27', NULL, 'rect', 25.00, 1, NULL, '2024-05-25 07:43:56', '2024-05-30 13:37:28', NULL, 1),
(101, 3, 6, 28, '3-6-28', 'A28', NULL, 'rect', 25.00, 1, NULL, '2024-05-25 07:43:56', '2024-05-30 13:37:28', NULL, 1),
(102, 3, 6, 29, '3-6-29', 'A29', NULL, 'rect', 25.00, 3, NULL, '2024-05-25 07:43:56', '2024-08-23 06:28:32', NULL, 1),
(103, 3, 6, 30, '3-6-30', 'A30', NULL, 'rect', 25.00, 3, NULL, '2024-05-25 07:43:56', '2024-08-23 06:28:32', NULL, 1),
(104, 3, 6, 31, '3-6-31', 'A31', NULL, 'rect', 25.00, 1, NULL, '2024-05-25 07:43:56', '2024-05-30 13:37:28', NULL, 1),
(105, 3, 6, 32, '3-6-32', 'A32', NULL, 'rect', 25.00, 1, NULL, '2024-05-25 07:43:57', '2024-05-30 13:37:28', NULL, 1),
(106, 3, 6, 33, '3-6-33', 'A33', NULL, 'rect', 25.00, 1, NULL, '2024-05-25 07:43:57', '2024-05-30 13:37:28', NULL, 1),
(107, 3, 6, 34, '3-6-34', 'A34', NULL, 'rect', 25.00, 1, NULL, '2024-05-25 07:43:57', '2024-05-30 13:37:28', NULL, 1),
(108, 3, 6, 35, '3-6-35', 'A35', NULL, 'rect', 25.00, 1, NULL, '2024-05-25 07:43:57', '2024-05-30 13:37:28', NULL, 1),
(109, 3, 6, 63, '3-6-63', 'A63', NULL, 'rect', 25.00, 1, NULL, '2024-05-25 07:43:57', '2024-05-30 13:37:28', NULL, 1),
(110, 3, 6, 36, '3-6-36', 'A36', NULL, 'rect', 25.00, 1, NULL, '2024-05-25 07:43:57', '2024-05-30 13:37:28', NULL, 1),
(111, 3, 6, 37, '3-6-37', 'A37', NULL, 'rect', 25.00, 1, NULL, '2024-05-25 07:43:57', '2024-05-30 13:37:28', NULL, 1),
(112, 3, 6, 38, '3-6-38', 'A38', NULL, 'rect', 25.00, 1, NULL, '2024-05-25 07:43:57', '2024-05-30 13:37:28', NULL, 1),
(113, 3, 6, 39, '3-6-39', 'A39', NULL, 'rect', 25.00, 1, NULL, '2024-05-25 07:43:57', '2024-05-30 13:37:28', NULL, 1),
(114, 3, 6, 40, '3-6-40', 'A40', NULL, 'rect', 25.00, 1, NULL, '2024-05-25 07:43:57', '2024-05-30 13:37:28', NULL, 1),
(115, 3, 6, 41, '3-6-41', 'A41', NULL, 'rect', 25.00, 1, NULL, '2024-05-25 07:43:57', '2024-05-30 13:37:28', NULL, 1),
(116, 3, 6, 42, '3-6-42', 'A42', NULL, 'rect', 25.00, 1, NULL, '2024-05-25 07:43:57', '2024-05-30 13:37:28', NULL, 1),
(117, 3, 6, 43, '3-6-43', 'A43', NULL, 'rect', 25.00, 1, NULL, '2024-05-25 07:43:58', '2024-05-30 13:37:28', NULL, 1),
(118, 3, 6, 44, '3-6-44', 'A44', NULL, 'rect', 25.00, 1, NULL, '2024-05-25 07:43:58', '2024-05-30 13:37:28', NULL, 1),
(119, 3, 7, 44, '3-7-44', 'B44', NULL, 'rect', 25.00, 1, NULL, '2024-05-25 07:44:27', '2024-05-30 13:37:28', NULL, 1),
(120, 3, 7, 43, '3-7-43', 'B43', NULL, 'rect', 25.00, 1, NULL, '2024-05-25 07:44:27', '2024-05-30 13:37:28', NULL, 1),
(121, 3, 7, 42, '3-7-42', 'B42', NULL, 'rect', 25.00, 1, NULL, '2024-05-25 07:44:27', '2024-05-30 13:37:28', NULL, 1),
(122, 3, 7, 41, '3-7-41', 'B41', NULL, 'rect', 25.00, 1, NULL, '2024-05-25 07:44:27', '2024-05-30 13:37:28', NULL, 1),
(123, 3, 7, 1, '3-7-1', 'B1', NULL, 'rect', 25.00, 1, NULL, '2024-05-25 08:02:31', '2024-05-30 13:37:28', NULL, 1),
(124, 3, 7, 2, '3-7-2', 'B2', NULL, 'rect', 25.00, 1, NULL, '2024-05-25 08:02:31', '2024-05-30 13:37:28', NULL, 1),
(125, 3, 7, 3, '3-7-3', 'B3', NULL, 'rect', 25.00, 1, NULL, '2024-05-25 08:02:31', '2024-05-30 13:37:28', NULL, 1),
(126, 3, 7, 4, '3-7-4', 'B4', NULL, 'rect', 25.00, 1, NULL, '2024-05-25 08:02:31', '2024-05-30 13:37:28', NULL, 1),
(127, 3, 7, 5, '3-7-5', 'B5', NULL, 'rect', 25.00, 1, NULL, '2024-05-25 08:02:31', '2024-05-30 13:37:28', NULL, 1),
(128, 3, 7, 6, '3-7-6', 'B6', NULL, 'rect', 25.00, 1, NULL, '2024-05-25 08:02:31', '2024-05-30 13:37:28', NULL, 1),
(129, 3, 7, 7, '3-7-7', 'B7', NULL, 'rect', 25.00, 1, NULL, '2024-05-25 08:02:31', '2024-05-30 13:37:28', NULL, 1),
(130, 3, 7, 8, '3-7-8', 'B8', NULL, 'rect', 25.00, 1, NULL, '2024-05-25 08:02:31', '2024-05-30 13:37:28', NULL, 1),
(131, 3, 7, 9, '3-7-9', 'B9', NULL, 'rect', 25.00, 1, NULL, '2024-05-25 08:02:31', '2024-05-30 13:37:28', NULL, 1),
(132, 3, 7, 10, '3-7-10', 'B10', NULL, 'rect', 25.00, 1, NULL, '2024-05-25 08:02:31', '2024-05-30 13:37:28', NULL, 1),
(133, 3, 7, 11, '3-7-11', 'B11', NULL, 'rect', 25.00, 1, NULL, '2024-05-25 08:02:31', '2024-05-30 13:37:28', NULL, 1),
(134, 3, 7, 12, '3-7-12', 'B12', NULL, 'rect', 25.00, 1, NULL, '2024-05-25 08:02:31', '2024-05-30 13:37:28', NULL, 1),
(135, 3, 7, 13, '3-7-13', 'B13', NULL, 'rect', 25.00, 1, NULL, '2024-05-25 08:02:32', '2024-05-30 13:37:28', NULL, 1),
(136, 3, 7, 14, '3-7-14', 'B14', NULL, 'rect', 25.00, 1, NULL, '2024-05-25 08:02:32', '2024-05-30 13:37:28', NULL, 1),
(137, 3, 7, 15, '3-7-15', 'B15', NULL, 'rect', 25.00, 1, NULL, '2024-05-25 08:02:32', '2024-05-30 13:37:28', NULL, 1),
(138, 3, 7, 16, '3-7-16', 'B16', NULL, 'rect', 25.00, 1, NULL, '2024-05-25 08:02:32', '2024-05-30 13:37:28', NULL, 1),
(139, 3, 7, 17, '3-7-17', 'B17', NULL, 'rect', 25.00, 1, NULL, '2024-05-25 08:02:32', '2024-05-30 13:37:28', NULL, 1),
(140, 3, 7, 18, '3-7-18', 'B18', NULL, 'rect', 25.00, 1, NULL, '2024-05-25 08:02:32', '2024-05-30 13:37:28', NULL, 1),
(141, 3, 7, 19, '3-7-19', 'B19', NULL, 'rect', 25.00, 1, NULL, '2024-05-25 08:02:32', '2024-05-30 13:37:28', NULL, 1),
(142, 3, 7, 20, '3-7-20', 'B20', NULL, 'rect', 25.00, 1, NULL, '2024-05-25 08:02:32', '2024-05-30 13:37:28', NULL, 1),
(143, 3, 7, 21, '3-7-21', 'B21', NULL, 'rect', 25.00, 1, NULL, '2024-05-25 08:02:32', '2024-05-30 13:37:28', NULL, 1),
(144, 3, 7, 22, '3-7-22', 'B22', NULL, 'rect', 25.00, 1, NULL, '2024-05-25 08:02:32', '2024-05-30 13:37:28', NULL, 1),
(145, 3, 7, 23, '3-7-23', 'B23', NULL, 'rect', 25.00, 1, NULL, '2024-05-25 08:02:32', '2024-05-30 13:37:28', NULL, 1),
(146, 3, 7, 24, '3-7-24', 'B24', NULL, 'rect', 25.00, 1, NULL, '2024-05-25 08:02:32', '2024-05-30 13:37:28', NULL, 1),
(147, 3, 7, 25, '3-7-25', 'B25', NULL, 'rect', 25.00, 1, NULL, '2024-05-25 08:02:32', '2024-05-30 13:37:28', NULL, 1),
(148, 3, 7, 26, '3-7-26', 'B26', NULL, 'rect', 25.00, 1, NULL, '2024-05-25 08:02:33', '2024-05-30 13:37:28', NULL, 1),
(149, 3, 7, 27, '3-7-27', 'B27', NULL, 'rect', 25.00, 1, NULL, '2024-05-25 08:02:33', '2024-05-30 13:37:28', NULL, 1),
(150, 3, 7, 28, '3-7-28', 'B28', NULL, 'rect', 25.00, 1, NULL, '2024-05-25 08:02:33', '2024-05-30 13:37:28', NULL, 1),
(151, 3, 7, 29, '3-7-29', 'B29', NULL, 'rect', 25.00, 1, NULL, '2024-05-25 08:02:33', '2024-05-30 13:37:28', NULL, 1),
(152, 3, 7, 30, '3-7-30', 'B30', NULL, 'rect', 25.00, 1, NULL, '2024-05-25 08:02:33', '2024-05-30 13:37:28', NULL, 1),
(153, 3, 7, 31, '3-7-31', 'B31', NULL, 'rect', 25.00, 1, NULL, '2024-05-25 08:02:33', '2024-05-30 13:37:28', NULL, 1),
(154, 3, 7, 32, '3-7-32', 'B32', NULL, 'rect', 25.00, 1, NULL, '2024-05-25 08:02:33', '2024-05-30 13:37:28', NULL, 1),
(155, 3, 7, 33, '3-7-33', 'B33', NULL, 'rect', 25.00, 1, NULL, '2024-05-25 08:02:33', '2024-05-30 13:37:28', NULL, 1),
(156, 3, 7, 34, '3-7-34', 'B34', NULL, 'rect', 25.00, 1, NULL, '2024-05-25 08:02:33', '2024-05-30 13:37:28', NULL, 1),
(157, 3, 7, 35, '3-7-35', 'B35', NULL, 'rect', 25.00, 1, NULL, '2024-05-25 08:02:33', '2024-05-30 13:37:28', NULL, 1),
(158, 3, 7, 36, '3-7-36', 'B36', NULL, 'rect', 25.00, 1, NULL, '2024-05-25 08:02:33', '2024-05-30 13:37:28', NULL, 1),
(159, 3, 7, 37, '3-7-37', 'B37', NULL, 'rect', 25.00, 1, NULL, '2024-05-25 08:02:33', '2024-05-30 13:37:28', NULL, 1),
(160, 3, 7, 38, '3-7-38', 'B38', NULL, 'rect', 25.00, 1, NULL, '2024-05-25 08:02:33', '2024-05-30 13:37:28', NULL, 1),
(161, 3, 7, 39, '3-7-39', 'B39', NULL, 'rect', 25.00, 1, NULL, '2024-05-25 08:02:33', '2024-05-30 13:37:28', NULL, 1),
(162, 3, 7, 40, '3-7-40', 'B40', NULL, 'rect', 25.00, 1, NULL, '2024-05-25 08:02:34', '2024-05-30 13:37:28', NULL, 1),
(163, 3, 8, 1, '3-8-1', 'C1', NULL, 'rect', 25.00, 1, NULL, '2024-05-25 08:17:00', '2024-05-30 13:37:28', NULL, 1),
(164, 3, 8, 2, '3-8-2', 'C2', NULL, 'rect', 25.00, 1, NULL, '2024-05-25 08:17:00', '2024-05-30 13:37:28', NULL, 1),
(165, 3, 8, 3, '3-8-3', 'C3', NULL, 'rect', 25.00, 1, NULL, '2024-05-25 08:17:00', '2024-05-30 13:37:28', NULL, 1),
(166, 3, 8, 4, '3-8-4', 'C4', NULL, 'rect', 25.00, 1, NULL, '2024-05-25 08:17:00', '2024-05-30 13:37:28', NULL, 1),
(167, 3, 8, 5, '3-8-5', 'C5', NULL, 'rect', 25.00, 1, NULL, '2024-05-25 08:17:00', '2024-05-30 13:37:28', NULL, 1),
(168, 3, 8, 6, '3-8-6', 'C6', NULL, 'rect', 25.00, 1, NULL, '2024-05-25 08:17:00', '2024-05-30 13:37:28', NULL, 1),
(169, 3, 8, 7, '3-8-7', 'C7', NULL, 'rect', 25.00, 1, NULL, '2024-05-25 08:17:00', '2024-05-30 13:37:28', NULL, 1),
(170, 3, 8, 8, '3-8-8', 'C8', NULL, 'rect', 25.00, 1, NULL, '2024-05-25 08:17:00', '2024-05-30 13:37:28', NULL, 1),
(171, 3, 8, 9, '3-8-9', 'C9', NULL, 'rect', 25.00, 1, NULL, '2024-05-25 08:17:00', '2024-05-30 13:37:28', NULL, 1),
(172, 3, 8, 10, '3-8-10', 'C10', NULL, 'rect', 25.00, 1, NULL, '2024-05-25 08:17:00', '2024-05-30 13:37:28', NULL, 1),
(173, 3, 8, 11, '3-8-11', 'C11', NULL, 'rect', 25.00, 1, NULL, '2024-05-25 08:17:00', '2024-05-30 13:37:28', NULL, 1),
(174, 3, 8, 12, '3-8-12', 'C12', NULL, 'rect', 25.00, 1, NULL, '2024-05-25 08:17:01', '2024-05-30 13:37:28', NULL, 1),
(175, 3, 8, 31, '3-8-31', 'C31', NULL, 'rect', 25.00, 1, NULL, '2024-05-25 08:17:01', '2024-05-30 13:37:28', NULL, 1),
(176, 3, 8, 13, '3-8-13', 'C13', NULL, 'rect', 25.00, 1, NULL, '2024-05-25 08:17:01', '2024-05-30 13:37:28', NULL, 1),
(177, 3, 8, 14, '3-8-14', 'C14', NULL, 'rect', 25.00, 1, NULL, '2024-05-25 08:17:01', '2024-05-30 13:37:28', NULL, 1),
(178, 3, 8, 15, '3-8-15', 'C15', NULL, 'rect', 25.00, 1, NULL, '2024-05-25 08:17:01', '2024-05-30 13:37:28', NULL, 1),
(179, 3, 8, 16, '3-8-16', 'C16', NULL, 'rect', 25.00, 1, NULL, '2024-05-25 08:17:01', '2024-05-30 13:37:28', NULL, 1),
(180, 3, 8, 17, '3-8-17', 'C17', NULL, 'rect', 25.00, 1, NULL, '2024-05-25 08:17:01', '2024-05-30 13:37:28', NULL, 1),
(181, 3, 8, 18, '3-8-18', 'C18', NULL, 'rect', 25.00, 1, NULL, '2024-05-25 08:17:01', '2024-05-30 13:37:28', NULL, 1),
(182, 3, 8, 19, '3-8-19', 'C19', NULL, 'rect', 25.00, 1, NULL, '2024-05-25 08:17:01', '2024-05-30 13:37:28', NULL, 1),
(183, 3, 8, 20, '3-8-20', 'C20', NULL, 'rect', 25.00, 1, NULL, '2024-05-25 08:17:01', '2024-05-30 13:37:28', NULL, 1),
(184, 3, 8, 21, '3-8-21', 'C21', NULL, 'rect', 25.00, 1, NULL, '2024-05-25 08:17:01', '2024-05-30 13:37:28', NULL, 1),
(185, 3, 8, 22, '3-8-22', 'C22', NULL, 'rect', 25.00, 1, NULL, '2024-05-25 08:17:01', '2024-05-30 13:37:28', NULL, 1),
(186, 3, 8, 23, '3-8-23', 'C23', NULL, 'rect', 25.00, 1, NULL, '2024-05-25 08:17:02', '2024-05-30 13:37:28', NULL, 1),
(187, 3, 8, 24, '3-8-24', 'C24', NULL, 'rect', 25.00, 3, NULL, '2024-05-25 08:17:02', '2024-08-19 21:07:29', NULL, 1),
(188, 3, 8, 25, '3-8-25', 'C25', NULL, 'rect', 25.00, 1, NULL, '2024-05-25 08:17:02', '2024-05-30 13:37:28', NULL, 1),
(189, 3, 8, 26, '3-8-26', 'C26', NULL, 'rect', 25.00, 1, NULL, '2024-05-25 08:17:02', '2024-05-30 13:37:28', NULL, 1),
(190, 3, 8, 27, '3-8-27', 'C27', NULL, 'rect', 25.00, 1, NULL, '2024-05-25 08:17:02', '2024-05-30 13:37:28', NULL, 1),
(191, 3, 8, 28, '3-8-28', 'C28', NULL, 'rect', 25.00, 1, NULL, '2024-05-25 08:17:02', '2024-05-30 13:37:28', NULL, 1),
(192, 3, 8, 29, '3-8-29', 'C29', NULL, 'rect', 25.00, 1, NULL, '2024-05-25 08:17:02', '2024-05-30 13:37:28', NULL, 1),
(193, 3, 8, 30, '3-8-30', 'C30', NULL, 'rect', 25.00, 1, NULL, '2024-05-25 08:17:02', '2024-05-30 13:37:28', NULL, 1),
(194, 3, 8, 32, '3-8-32', 'C32', NULL, 'rect', 25.00, 1, NULL, '2024-05-25 08:17:02', '2024-05-30 13:37:28', NULL, 1),
(195, 3, 8, 33, '3-8-33', 'C33', NULL, 'rect', 25.00, 1, NULL, '2024-05-25 08:17:02', '2024-05-30 13:37:28', NULL, 1),
(196, 3, 8, 34, '3-8-34', 'C34', NULL, 'rect', 25.00, 1, NULL, '2024-05-25 08:17:02', '2024-05-30 13:37:28', NULL, 1),
(197, 3, 8, 35, '3-8-35', 'C35', NULL, 'rect', 25.00, 1, NULL, '2024-05-25 08:17:02', '2024-05-30 13:37:28', NULL, 1),
(198, 3, 8, 36, '3-8-36', 'C36', NULL, 'rect', 25.00, 1, NULL, '2024-05-25 08:17:03', '2024-05-30 13:37:28', NULL, 1),
(199, 3, 8, 37, '3-8-37', 'C37', NULL, 'rect', 25.00, 1, NULL, '2024-05-25 08:17:03', '2024-05-30 13:37:28', NULL, 1),
(200, 3, 8, 38, '3-8-38', 'C38', NULL, 'rect', 25.00, 1, NULL, '2024-05-25 08:17:03', '2024-05-30 13:37:28', NULL, 1),
(201, 3, 8, 39, '3-8-39', 'C39', NULL, 'rect', 25.00, 1, NULL, '2024-05-25 08:17:03', '2024-05-30 13:37:28', NULL, 1),
(202, 3, 8, 40, '3-8-40', 'C40', NULL, 'rect', 25.00, 1, NULL, '2024-05-25 08:17:03', '2024-05-30 13:37:28', NULL, 1),
(203, 3, 8, 41, '3-8-41', 'C41', NULL, 'rect', 25.00, 1, NULL, '2024-05-25 08:17:03', '2024-05-30 13:37:28', NULL, 1),
(204, 3, 8, 42, '3-8-42', 'C42', NULL, 'rect', 25.00, 1, NULL, '2024-05-25 08:17:03', '2024-05-30 13:37:28', NULL, 1),
(205, 3, 8, 43, '3-8-43', 'C43', NULL, 'rect', 25.00, 1, NULL, '2024-05-25 08:17:03', '2024-05-30 13:37:28', NULL, 1),
(206, 3, 8, 44, '3-8-44', 'C44', NULL, 'rect', 25.00, 1, NULL, '2024-05-25 08:17:03', '2024-05-30 13:37:28', NULL, 1),
(207, 3, 9, 1, '3-9-1', 'D1', NULL, 'rect', 25.00, 1, NULL, '2024-05-25 08:31:49', '2024-05-30 13:37:28', NULL, 1),
(208, 3, 9, 2, '3-9-2', 'D2', NULL, 'rect', 25.00, 1, NULL, '2024-05-25 08:31:49', '2024-05-30 13:37:28', NULL, 1),
(209, 3, 9, 3, '3-9-3', 'D3', NULL, 'rect', 25.00, 1, NULL, '2024-05-25 08:31:49', '2024-05-30 13:37:28', NULL, 1),
(210, 3, 9, 4, '3-9-4', 'D4', NULL, 'rect', 25.00, 1, NULL, '2024-05-25 08:31:49', '2024-05-30 13:37:28', NULL, 1),
(211, 3, 9, 5, '3-9-5', 'D5', NULL, 'rect', 25.00, 1, NULL, '2024-05-25 08:31:49', '2024-05-30 13:37:28', NULL, 1),
(212, 3, 9, 6, '3-9-6', 'D6', NULL, 'rect', 25.00, 1, NULL, '2024-05-25 08:31:49', '2024-05-30 13:37:28', NULL, 1),
(213, 3, 9, 7, '3-9-7', 'D7', NULL, 'rect', 25.00, 1, NULL, '2024-05-25 08:31:49', '2024-05-30 13:37:28', NULL, 1),
(214, 3, 9, 8, '3-9-8', 'D8', NULL, 'rect', 25.00, 1, NULL, '2024-05-25 08:31:49', '2024-05-30 13:37:28', NULL, 1),
(215, 3, 9, 9, '3-9-9', 'D9', NULL, 'rect', 25.00, 1, NULL, '2024-05-25 08:31:49', '2024-05-30 13:37:28', NULL, 1),
(216, 3, 9, 10, '3-9-10', 'D10', NULL, 'rect', 25.00, 1, NULL, '2024-05-25 08:31:49', '2024-05-30 13:37:28', NULL, 1),
(217, 3, 9, 11, '3-9-11', 'D11', NULL, 'rect', 25.00, 1, NULL, '2024-05-25 08:31:49', '2024-05-30 13:37:28', NULL, 1),
(218, 3, 9, 12, '3-9-12', 'D12', NULL, 'rect', 25.00, 1, NULL, '2024-05-25 08:31:49', '2024-05-30 13:37:28', NULL, 1),
(219, 3, 9, 13, '3-9-13', 'D13', NULL, 'rect', 25.00, 1, NULL, '2024-05-25 08:31:50', '2024-05-30 13:37:28', NULL, 1),
(220, 3, 9, 14, '3-9-14', 'D14', NULL, 'rect', 25.00, 1, NULL, '2024-05-25 08:31:50', '2024-05-30 13:37:28', NULL, 1),
(221, 3, 9, 15, '3-9-15', 'D15', NULL, 'rect', 25.00, 1, NULL, '2024-05-25 08:31:50', '2024-05-30 13:37:28', NULL, 1),
(222, 3, 9, 16, '3-9-16', 'D16', NULL, 'rect', 25.00, 1, NULL, '2024-05-25 08:31:50', '2024-05-30 13:37:28', NULL, 1),
(223, 3, 9, 17, '3-9-17', 'D17', NULL, 'rect', 25.00, 1, NULL, '2024-05-25 08:31:50', '2024-05-30 13:37:28', NULL, 1),
(224, 3, 9, 18, '3-9-18', 'D18', NULL, 'rect', 25.00, 1, NULL, '2024-05-25 08:31:50', '2024-05-30 13:37:28', NULL, 1),
(225, 3, 9, 19, '3-9-19', 'D19', NULL, 'rect', 25.00, 1, NULL, '2024-05-25 08:31:50', '2024-05-30 13:37:28', NULL, 1),
(226, 3, 9, 20, '3-9-20', 'D20', NULL, 'rect', 25.00, 1, NULL, '2024-05-25 08:31:50', '2024-05-30 13:37:28', NULL, 1),
(227, 3, 9, 21, '3-9-21', 'D21', NULL, 'rect', 25.00, 1, NULL, '2024-05-25 08:31:50', '2024-05-30 13:37:28', NULL, 1),
(228, 3, 9, 22, '3-9-22', 'D22', NULL, 'rect', 25.00, 1, NULL, '2024-05-25 08:31:50', '2024-05-30 13:37:28', NULL, 1),
(229, 3, 9, 23, '3-9-23', 'D23', NULL, 'rect', 25.00, 1, NULL, '2024-05-25 08:31:50', '2024-05-30 13:37:28', NULL, 1),
(230, 3, 9, 24, '3-9-24', 'D24', NULL, 'rect', 25.00, 1, NULL, '2024-05-25 08:31:50', '2024-05-30 13:37:28', NULL, 1),
(231, 3, 9, 25, '3-9-25', 'D25', NULL, 'rect', 25.00, 1, NULL, '2024-05-25 08:31:51', '2024-05-30 13:37:28', NULL, 1),
(232, 3, 9, 26, '3-9-26', 'D26', NULL, 'rect', 25.00, 1, NULL, '2024-05-25 08:31:51', '2024-05-30 13:37:28', NULL, 1),
(233, 3, 9, 27, '3-9-27', 'D27', NULL, 'rect', 25.00, 1, NULL, '2024-05-25 08:31:51', '2024-05-30 13:37:28', NULL, 1),
(234, 3, 9, 28, '3-9-28', 'D28', NULL, 'rect', 25.00, 1, NULL, '2024-05-25 08:31:51', '2024-05-30 13:37:28', NULL, 1),
(235, 3, 9, 29, '3-9-29', 'D29', NULL, 'rect', 25.00, 1, NULL, '2024-05-25 08:31:51', '2024-05-30 13:37:28', NULL, 1),
(236, 3, 9, 30, '3-9-30', 'D30', NULL, 'rect', 25.00, 1, NULL, '2024-05-25 08:31:51', '2024-05-30 13:37:28', NULL, 1),
(237, 3, 9, 31, '3-9-31', 'D31', NULL, 'rect', 25.00, 1, NULL, '2024-05-25 08:31:51', '2024-05-30 13:37:28', NULL, 1),
(238, 3, 9, 32, '3-9-32', 'D32', NULL, 'rect', 25.00, 1, NULL, '2024-05-25 08:31:51', '2024-05-30 13:37:28', NULL, 1),
(239, 3, 9, 33, '3-9-33', 'D33', NULL, 'rect', 25.00, 1, NULL, '2024-05-25 08:31:51', '2024-05-30 13:37:28', NULL, 1),
(240, 3, 9, 34, '3-9-34', 'D34', NULL, 'rect', 25.00, 1, NULL, '2024-05-25 08:31:51', '2024-05-30 13:37:28', NULL, 1),
(241, 3, 9, 35, '3-9-35', 'D35', NULL, 'rect', 25.00, 1, NULL, '2024-05-25 08:31:51', '2024-05-30 13:37:28', NULL, 1),
(242, 3, 9, 36, '3-9-36', 'D36', NULL, 'rect', 25.00, 1, NULL, '2024-05-25 08:31:51', '2024-05-30 13:37:28', NULL, 1),
(243, 3, 9, 37, '3-9-37', 'D37', NULL, 'rect', 25.00, 1, NULL, '2024-05-25 08:31:52', '2024-05-30 13:37:28', NULL, 1),
(244, 3, 9, 38, '3-9-38', 'D38', NULL, 'rect', 25.00, 1, NULL, '2024-05-25 08:31:52', '2024-05-30 13:37:28', NULL, 1),
(245, 3, 9, 39, '3-9-39', 'D39', NULL, 'rect', 25.00, 1, NULL, '2024-05-25 08:31:52', '2024-05-30 13:37:28', NULL, 1),
(246, 3, 9, 40, '3-9-40', 'D40', NULL, 'rect', 25.00, 1, NULL, '2024-05-25 08:31:52', '2024-05-30 13:37:28', NULL, 1),
(247, 3, 9, 41, '3-9-41', 'D41', NULL, 'rect', 25.00, 1, NULL, '2024-05-25 08:31:52', '2024-05-30 13:37:28', NULL, 1),
(248, 3, 9, 42, '3-9-42', 'D42', NULL, 'rect', 25.00, 1, NULL, '2024-05-25 08:31:52', '2024-05-30 13:37:28', NULL, 1),
(249, 3, 9, 43, '3-9-43', 'D43', NULL, 'rect', 25.00, 1, NULL, '2024-05-25 08:31:52', '2024-05-30 13:37:28', NULL, 1),
(250, 3, 9, 44, '3-9-44', 'D44', NULL, 'rect', 25.00, 1, NULL, '2024-05-25 08:31:52', '2024-05-30 13:37:28', NULL, 1),
(251, 3, 10, 1, '3-10-1', 'E1', NULL, 'rect', 25.00, 1, NULL, '2024-05-25 08:31:52', '2024-05-30 13:37:28', NULL, 1),
(252, 3, 10, 2, '3-10-2', 'E2', NULL, 'rect', 25.00, 1, NULL, '2024-05-25 08:31:52', '2024-05-30 13:37:28', NULL, 1),
(253, 3, 10, 3, '3-10-3', 'E3', NULL, 'rect', 25.00, 1, NULL, '2024-05-25 08:31:52', '2024-05-30 13:37:28', NULL, 1),
(254, 3, 10, 4, '3-10-4', 'E4', NULL, 'rect', 25.00, 1, NULL, '2024-05-25 08:31:52', '2024-05-30 13:37:28', NULL, 1),
(255, 3, 10, 5, '3-10-5', 'E5', NULL, 'rect', 25.00, 1, NULL, '2024-05-25 08:31:53', '2024-05-30 13:37:28', NULL, 1),
(256, 3, 10, 6, '3-10-6', 'E6', NULL, 'rect', 25.00, 1, NULL, '2024-05-25 08:31:53', '2024-05-30 13:37:28', NULL, 1),
(257, 3, 10, 7, '3-10-7', 'E7', NULL, 'rect', 25.00, 1, NULL, '2024-05-25 08:31:53', '2024-05-30 13:37:28', NULL, 1),
(258, 3, 10, 8, '3-10-8', 'E8', NULL, 'rect', 25.00, 1, NULL, '2024-05-25 08:31:53', '2024-05-30 13:37:28', NULL, 1),
(259, 3, 10, 9, '3-10-9', 'E9', NULL, 'rect', 25.00, 1, NULL, '2024-05-25 08:31:53', '2024-05-30 13:37:28', NULL, 1),
(260, 3, 10, 10, '3-10-10', 'E10', NULL, 'rect', 25.00, 1, NULL, '2024-05-25 08:31:53', '2024-05-30 13:37:28', NULL, 1),
(261, 3, 10, 11, '3-10-11', 'E11', NULL, 'rect', 25.00, 1, NULL, '2024-05-25 08:31:53', '2024-05-30 13:37:28', NULL, 1),
(262, 3, 10, 12, '3-10-12', 'E12', NULL, 'rect', 25.00, 1, NULL, '2024-05-25 08:31:53', '2024-05-30 13:37:28', NULL, 1),
(263, 3, 10, 13, '3-10-13', 'E13', NULL, 'rect', 25.00, 1, NULL, '2024-05-25 08:31:53', '2024-05-30 13:37:28', NULL, 1),
(264, 3, 10, 14, '3-10-14', 'E14', NULL, 'rect', 25.00, 1, NULL, '2024-05-25 08:31:53', '2024-05-30 13:37:28', NULL, 1),
(265, 3, 10, 15, '3-10-15', 'E15', NULL, 'rect', 25.00, 1, NULL, '2024-05-25 08:31:53', '2024-05-30 13:37:28', NULL, 1),
(266, 3, 10, 16, '3-10-16', 'E16', NULL, 'rect', 25.00, 1, NULL, '2024-05-25 08:31:53', '2024-05-30 13:37:28', NULL, 1),
(267, 3, 10, 17, '3-10-17', 'E17', NULL, 'rect', 25.00, 1, NULL, '2024-05-25 08:31:54', '2024-05-30 13:37:28', NULL, 1),
(268, 3, 10, 18, '3-10-18', 'E18', NULL, 'rect', 25.00, 1, NULL, '2024-05-25 08:31:54', '2024-05-30 13:37:28', NULL, 1),
(269, 3, 10, 19, '3-10-19', 'E19', NULL, 'rect', 25.00, 1, NULL, '2024-05-25 08:31:54', '2024-05-30 13:37:28', NULL, 1),
(270, 3, 10, 20, '3-10-20', 'E20', NULL, 'rect', 25.00, 1, NULL, '2024-05-25 08:31:54', '2024-05-30 13:37:28', NULL, 1),
(271, 3, 10, 21, '3-10-21', 'E21', NULL, 'rect', 25.00, 1, NULL, '2024-05-25 08:31:54', '2024-05-30 13:37:28', NULL, 1),
(272, 3, 10, 22, '3-10-22', 'E22', NULL, 'rect', 25.00, 1, NULL, '2024-05-25 08:31:54', '2024-05-30 13:37:28', NULL, 1),
(273, 3, 10, 23, '3-10-23', 'E23', NULL, 'rect', 25.00, 1, NULL, '2024-05-25 08:31:54', '2024-05-30 13:37:28', NULL, 1),
(274, 3, 10, 24, '3-10-24', 'E24', NULL, 'rect', 25.00, 1, NULL, '2024-05-25 08:31:54', '2024-05-30 13:37:28', NULL, 1),
(275, 3, 10, 25, '3-10-25', 'E25', NULL, 'rect', 25.00, 1, NULL, '2024-05-25 08:31:54', '2024-05-30 13:37:28', NULL, 1),
(276, 3, 10, 26, '3-10-26', 'E26', NULL, 'rect', 25.00, 1, NULL, '2024-05-25 08:31:54', '2024-05-30 13:37:28', NULL, 1),
(277, 3, 10, 27, '3-10-27', 'E27', NULL, 'rect', 25.00, 1, NULL, '2024-05-25 08:31:54', '2024-05-30 13:37:28', NULL, 1),
(278, 3, 10, 28, '3-10-28', 'E28', NULL, 'rect', 25.00, 1, NULL, '2024-05-25 08:31:54', '2024-05-30 13:37:28', NULL, 1),
(279, 3, 10, 29, '3-10-29', 'E29', NULL, 'rect', 25.00, 1, NULL, '2024-05-25 08:31:55', '2024-05-30 13:37:28', NULL, 1),
(280, 3, 10, 30, '3-10-30', 'E30', NULL, 'rect', 25.00, 1, NULL, '2024-05-25 08:31:55', '2024-05-30 13:37:28', NULL, 1),
(281, 3, 10, 31, '3-10-31', 'E31', NULL, 'rect', 25.00, 1, NULL, '2024-05-25 08:31:55', '2024-05-30 13:37:28', NULL, 1),
(282, 3, 10, 32, '3-10-32', 'E32', NULL, 'rect', 25.00, 1, NULL, '2024-05-25 08:31:55', '2024-05-30 13:37:28', NULL, 1),
(283, 3, 10, 33, '3-10-33', 'E33', NULL, 'rect', 25.00, 1, NULL, '2024-05-25 08:31:55', '2024-05-30 13:37:28', NULL, 1),
(284, 3, 10, 43, '3-10-43', 'E43', NULL, 'rect', 25.00, 1, NULL, '2024-05-25 08:31:55', '2024-05-30 13:37:28', NULL, 1),
(285, 3, 10, 34, '3-10-34', 'E34', NULL, 'rect', 25.00, 1, NULL, '2024-05-25 08:31:55', '2024-05-30 13:37:28', NULL, 1),
(286, 3, 10, 35, '3-10-35', 'E35', NULL, 'rect', 25.00, 1, NULL, '2024-05-25 08:31:55', '2024-05-30 13:37:28', NULL, 1),
(287, 3, 10, 36, '3-10-36', 'E36', NULL, 'rect', 25.00, 1, NULL, '2024-05-25 08:31:55', '2024-05-30 13:37:28', NULL, 1),
(288, 3, 10, 37, '3-10-37', 'E37', NULL, 'rect', 25.00, 1, NULL, '2024-05-25 08:31:55', '2024-05-30 13:37:28', NULL, 1),
(289, 3, 10, 38, '3-10-38', 'E38', NULL, 'rect', 25.00, 1, NULL, '2024-05-25 08:31:55', '2024-05-30 13:37:28', NULL, 1),
(290, 3, 10, 39, '3-10-39', 'E39', NULL, 'rect', 25.00, 1, NULL, '2024-05-25 08:31:55', '2024-05-30 13:37:28', NULL, 1),
(291, 3, 10, 40, '3-10-40', 'E40', NULL, 'rect', 25.00, 1, NULL, '2024-05-25 08:31:56', '2024-05-30 13:37:28', NULL, 1),
(292, 3, 10, 41, '3-10-41', 'E41', NULL, 'rect', 25.00, 1, NULL, '2024-05-25 08:31:56', '2024-05-30 13:37:28', NULL, 1),
(293, 3, 10, 42, '3-10-42', 'E42', NULL, 'rect', 25.00, 1, NULL, '2024-05-25 08:31:56', '2024-05-30 13:37:28', NULL, 1),
(294, 3, 10, 44, '3-10-44', 'E44', NULL, 'rect', 25.00, 1, NULL, '2024-05-25 08:31:56', '2024-05-30 13:37:28', NULL, 1),
(295, 3, 11, 1, '3-11-1', 'F1', NULL, 'rect', 25.00, 1, NULL, '2024-05-25 08:56:18', '2024-05-30 13:37:28', NULL, 1),
(296, 3, 11, 2, '3-11-2', 'F2', NULL, 'rect', 25.00, 1, NULL, '2024-05-25 08:56:18', '2024-05-30 13:37:28', NULL, 1),
(297, 3, 11, 3, '3-11-3', 'F3', NULL, 'rect', 25.00, 1, NULL, '2024-05-25 08:56:18', '2024-05-30 13:37:28', NULL, 1),
(298, 3, 11, 4, '3-11-4', 'F4', NULL, 'rect', 25.00, 1, NULL, '2024-05-25 08:56:19', '2024-05-30 13:37:28', NULL, 1),
(299, 3, 11, 5, '3-11-5', 'F5', NULL, 'rect', 25.00, 1, NULL, '2024-05-25 08:56:19', '2024-05-30 13:37:28', NULL, 1),
(300, 3, 11, 6, '3-11-6', 'F6', NULL, 'rect', 25.00, 1, NULL, '2024-05-25 08:56:19', '2024-05-30 13:37:28', NULL, 1),
(301, 3, 11, 7, '3-11-7', 'F7', NULL, 'rect', 25.00, 1, NULL, '2024-05-25 08:56:19', '2024-05-30 13:37:28', NULL, 1),
(302, 3, 11, 8, '3-11-8', 'F8', NULL, 'rect', 25.00, 1, NULL, '2024-05-25 08:56:19', '2024-05-30 13:37:28', NULL, 1),
(303, 3, 11, 9, '3-11-9', 'F9', NULL, 'rect', 25.00, 1, NULL, '2024-05-25 08:56:19', '2024-05-30 13:37:28', NULL, 1),
(304, 3, 11, 10, '3-11-10', 'F10', NULL, 'rect', 25.00, 1, NULL, '2024-05-25 08:56:19', '2024-05-30 13:37:28', NULL, 1),
(305, 3, 11, 11, '3-11-11', 'F11', NULL, 'rect', 25.00, 1, NULL, '2024-05-25 08:56:19', '2024-05-30 13:37:28', NULL, 1),
(306, 3, 11, 12, '3-11-12', 'F12', NULL, 'rect', 25.00, 1, NULL, '2024-05-25 08:56:19', '2024-05-30 13:37:28', NULL, 1),
(307, 3, 11, 13, '3-11-13', 'F13', NULL, 'rect', 25.00, 1, NULL, '2024-05-25 08:56:19', '2024-05-30 13:37:28', NULL, 1),
(308, 3, 11, 14, '3-11-14', 'F14', NULL, 'rect', 25.00, 1, NULL, '2024-05-25 08:56:19', '2024-05-30 13:37:28', NULL, 1),
(309, 3, 11, 15, '3-11-15', 'F15', NULL, 'rect', 25.00, 1, NULL, '2024-05-25 08:56:19', '2024-05-30 13:37:28', NULL, 1),
(310, 3, 11, 16, '3-11-16', 'F16', NULL, 'rect', 25.00, 1, NULL, '2024-05-25 08:56:20', '2024-05-30 13:37:28', NULL, 1),
(311, 3, 11, 17, '3-11-17', 'F17', NULL, 'rect', 25.00, 1, NULL, '2024-05-25 08:56:20', '2024-05-30 13:37:28', NULL, 1),
(312, 3, 11, 18, '3-11-18', 'F18', NULL, 'rect', 25.00, 1, NULL, '2024-05-25 08:56:20', '2024-05-30 13:37:28', NULL, 1),
(313, 3, 11, 19, '3-11-19', 'F19', NULL, 'rect', 25.00, 1, NULL, '2024-05-25 08:56:20', '2024-05-30 13:37:28', NULL, 1),
(314, 3, 11, 20, '3-11-20', 'F20', NULL, 'rect', 25.00, 1, NULL, '2024-05-25 08:56:20', '2024-05-30 13:37:28', NULL, 1),
(315, 3, 11, 21, '3-11-21', 'F21', NULL, 'rect', 25.00, 1, NULL, '2024-05-25 08:56:20', '2024-05-30 13:37:28', NULL, 1),
(316, 3, 11, 22, '3-11-22', 'F22', NULL, 'rect', 25.00, 1, NULL, '2024-05-25 08:56:20', '2024-05-30 13:37:28', NULL, 1),
(317, 3, 11, 23, '3-11-23', 'F23', NULL, 'rect', 25.00, 1, NULL, '2024-05-25 08:56:20', '2024-05-30 13:37:28', NULL, 1),
(318, 3, 11, 24, '3-11-24', 'F24', NULL, 'rect', 25.00, 1, NULL, '2024-05-25 08:56:20', '2024-05-30 13:37:28', NULL, 1),
(319, 3, 11, 25, '3-11-25', 'F25', NULL, 'rect', 25.00, 1, NULL, '2024-05-25 08:56:21', '2024-05-30 13:37:28', NULL, 1),
(320, 3, 11, 26, '3-11-26', 'F26', NULL, 'rect', 25.00, 1, NULL, '2024-05-25 08:56:21', '2024-05-30 13:37:28', NULL, 1),
(321, 3, 11, 27, '3-11-27', 'F27', NULL, 'rect', 25.00, 1, NULL, '2024-05-25 08:56:21', '2024-05-30 13:37:28', NULL, 1),
(322, 3, 11, 28, '3-11-28', 'F28', NULL, 'rect', 25.00, 1, NULL, '2024-05-25 08:56:21', '2024-05-30 13:37:28', NULL, 1),
(323, 3, 11, 29, '3-11-29', 'F29', NULL, 'rect', 25.00, 1, NULL, '2024-05-25 08:56:21', '2024-05-30 13:37:28', NULL, 1),
(324, 3, 11, 30, '3-11-30', 'F30', NULL, 'rect', 25.00, 1, NULL, '2024-05-25 08:56:21', '2024-05-30 13:37:28', NULL, 1),
(325, 3, 11, 31, '3-11-31', 'F31', NULL, 'rect', 25.00, 1, NULL, '2024-05-25 08:56:21', '2024-05-30 13:37:28', NULL, 1),
(326, 3, 11, 32, '3-11-32', 'F32', NULL, 'rect', 25.00, 1, NULL, '2024-05-25 08:56:21', '2024-05-30 13:37:28', NULL, 1),
(327, 3, 11, 33, '3-11-33', 'F33', NULL, 'rect', 25.00, 1, NULL, '2024-05-25 08:56:21', '2024-05-30 13:37:28', NULL, 1),
(328, 3, 11, 34, '3-11-34', 'F34', NULL, 'rect', 25.00, 1, NULL, '2024-05-25 08:56:21', '2024-05-30 13:37:28', NULL, 1),
(329, 3, 11, 35, '3-11-35', 'F35', NULL, 'rect', 25.00, 1, NULL, '2024-05-25 08:56:21', '2024-05-30 13:37:28', NULL, 1),
(330, 3, 11, 36, '3-11-36', 'F36', NULL, 'rect', 25.00, 1, NULL, '2024-05-25 08:56:21', '2024-05-30 13:37:28', NULL, 1),
(331, 3, 11, 37, '3-11-37', 'F37', NULL, 'rect', 25.00, 1, NULL, '2024-05-25 08:56:21', '2024-05-30 13:37:28', NULL, 1),
(332, 3, 11, 38, '3-11-38', 'F38', NULL, 'rect', 25.00, 1, NULL, '2024-05-25 08:56:22', '2024-05-30 13:37:28', NULL, 1),
(333, 3, 11, 39, '3-11-39', 'F39', NULL, 'rect', 25.00, 1, NULL, '2024-05-25 08:56:22', '2024-05-30 13:37:28', NULL, 1),
(334, 3, 11, 40, '3-11-40', 'F40', NULL, 'rect', 25.00, 1, NULL, '2024-05-25 08:56:22', '2024-05-30 13:37:28', NULL, 1),
(335, 3, 11, 41, '3-11-41', 'F41', NULL, 'rect', 25.00, 1, NULL, '2024-05-25 08:56:22', '2024-05-30 13:37:28', NULL, 1),
(336, 3, 11, 42, '3-11-42', 'F42', NULL, 'rect', 25.00, 1, NULL, '2024-05-25 08:56:22', '2024-05-30 13:37:28', NULL, 1),
(337, 3, 11, 43, '3-11-43', 'F43', NULL, 'rect', 25.00, 1, NULL, '2024-05-25 08:56:22', '2024-05-30 13:37:28', NULL, 1),
(338, 3, 11, 44, '3-11-44', 'F44', NULL, 'rect', 25.00, 1, NULL, '2024-05-25 08:56:22', '2024-05-30 13:37:28', NULL, 1),
(339, 3, 12, 1, '3-12-1', 'G1', NULL, 'rect', 25.00, 1, NULL, '2024-05-25 09:02:01', '2024-05-30 13:37:28', NULL, 1),
(340, 3, 12, 2, '3-12-2', 'G2', NULL, 'rect', 25.00, 1, NULL, '2024-05-25 09:02:01', '2024-05-30 13:37:28', NULL, 1),
(341, 3, 12, 3, '3-12-3', 'G3', NULL, 'rect', 25.00, 1, NULL, '2024-05-25 09:02:01', '2024-05-30 13:37:28', NULL, 1),
(342, 3, 12, 4, '3-12-4', 'G4', NULL, 'rect', 25.00, 1, NULL, '2024-05-25 09:02:01', '2024-05-30 13:37:28', NULL, 1),
(343, 3, 12, 5, '3-12-5', 'G5', NULL, 'rect', 25.00, 1, NULL, '2024-05-25 09:02:01', '2024-05-30 13:37:28', NULL, 1),
(344, 3, 12, 6, '3-12-6', 'G6', NULL, 'rect', 25.00, 1, NULL, '2024-05-25 09:02:01', '2024-05-30 13:37:28', NULL, 1),
(345, 3, 12, 7, '3-12-7', 'G7', NULL, 'rect', 25.00, 1, NULL, '2024-05-25 09:02:01', '2024-05-30 13:37:28', NULL, 1),
(346, 3, 12, 8, '3-12-8', 'G8', NULL, 'rect', 25.00, 1, NULL, '2024-05-25 09:02:01', '2024-05-30 13:37:28', NULL, 1),
(347, 3, 12, 9, '3-12-9', 'G9', NULL, 'rect', 25.00, 1, NULL, '2024-05-25 09:02:01', '2024-05-30 13:37:28', NULL, 1),
(348, 3, 12, 10, '3-12-10', 'G10', NULL, 'rect', 25.00, 1, NULL, '2024-05-25 09:02:02', '2024-05-30 13:37:28', NULL, 1),
(349, 3, 12, 11, '3-12-11', 'G11', NULL, 'rect', 25.00, 1, NULL, '2024-05-25 09:02:02', '2024-05-30 13:37:28', NULL, 1),
(350, 3, 12, 12, '3-12-12', 'G12', NULL, 'rect', 25.00, 1, NULL, '2024-05-25 09:02:02', '2024-05-30 13:37:28', NULL, 1),
(351, 3, 12, 13, '3-12-13', 'G13', NULL, 'rect', 25.00, 1, NULL, '2024-05-25 09:02:02', '2024-05-30 13:37:28', NULL, 1),
(352, 3, 12, 14, '3-12-14', 'G14', NULL, 'rect', 25.00, 1, NULL, '2024-05-25 09:02:02', '2024-05-30 13:37:28', NULL, 1),
(353, 3, 12, 15, '3-12-15', 'G15', NULL, 'rect', 25.00, 1, NULL, '2024-05-25 09:02:02', '2024-05-30 13:37:28', NULL, 1),
(354, 3, 12, 16, '3-12-16', 'G16', NULL, 'rect', 25.00, 1, NULL, '2024-05-25 09:02:02', '2024-05-30 13:37:28', NULL, 1),
(355, 3, 12, 17, '3-12-17', 'G17', NULL, 'rect', 25.00, 1, NULL, '2024-05-25 09:02:02', '2024-05-30 13:37:28', NULL, 1),
(356, 3, 12, 18, '3-12-18', 'G18', NULL, 'rect', 25.00, 1, NULL, '2024-05-25 09:02:02', '2024-05-30 13:37:28', NULL, 1),
(357, 3, 12, 19, '3-12-19', 'G19', NULL, 'rect', 25.00, 1, NULL, '2024-05-25 09:02:02', '2024-05-30 13:37:28', NULL, 1),
(358, 3, 12, 20, '3-12-20', 'G20', NULL, 'rect', 25.00, 1, NULL, '2024-05-25 09:02:02', '2024-05-30 13:37:28', NULL, 1),
(359, 3, 12, 21, '3-12-21', 'G21', NULL, 'rect', 25.00, 1, NULL, '2024-05-25 09:02:02', '2024-05-30 13:37:28', NULL, 1),
(360, 3, 12, 22, '3-12-22', 'G22', NULL, 'rect', 25.00, 1, NULL, '2024-05-25 09:02:03', '2024-05-30 13:37:28', NULL, 1),
(361, 3, 12, 23, '3-12-23', 'G23', NULL, 'rect', 25.00, 1, NULL, '2024-05-25 09:02:03', '2024-05-30 13:37:28', NULL, 1),
(362, 3, 12, 24, '3-12-24', 'G24', NULL, 'rect', 25.00, 1, NULL, '2024-05-25 09:02:03', '2024-05-30 13:37:28', NULL, 1),
(363, 3, 12, 25, '3-12-25', 'G25', NULL, 'rect', 25.00, 1, NULL, '2024-05-25 09:02:03', '2024-05-30 13:37:28', NULL, 1),
(364, 3, 12, 26, '3-12-26', 'G26', NULL, 'rect', 25.00, 1, NULL, '2024-05-25 09:02:03', '2024-05-30 13:37:28', NULL, 1),
(365, 3, 12, 27, '3-12-27', 'G27', NULL, 'rect', 25.00, 1, NULL, '2024-05-25 09:02:03', '2024-05-30 13:37:28', NULL, 1),
(366, 3, 12, 28, '3-12-28', 'G28', NULL, 'rect', 25.00, 1, NULL, '2024-05-25 09:02:03', '2024-05-30 13:37:28', NULL, 1),
(367, 3, 12, 29, '3-12-29', 'G29', NULL, 'rect', 25.00, 1, NULL, '2024-05-25 09:02:03', '2024-05-30 13:37:28', NULL, 1),
(368, 3, 12, 30, '3-12-30', 'G30', NULL, 'rect', 25.00, 1, NULL, '2024-05-25 09:02:03', '2024-05-30 13:37:28', NULL, 1),
(369, 3, 12, 31, '3-12-31', 'G31', NULL, 'rect', 25.00, 1, NULL, '2024-05-25 09:02:03', '2024-05-30 13:37:28', NULL, 1),
(370, 3, 12, 32, '3-12-32', 'G32', NULL, 'rect', 25.00, 1, NULL, '2024-05-25 09:02:03', '2024-05-30 13:37:28', NULL, 1),
(371, 3, 12, 33, '3-12-33', 'G33', NULL, 'rect', 25.00, 1, NULL, '2024-05-25 09:02:03', '2024-05-30 13:37:28', NULL, 1),
(372, 3, 12, 34, '3-12-34', 'G34', NULL, 'rect', 25.00, 1, NULL, '2024-05-25 09:02:03', '2024-05-30 13:37:28', NULL, 1),
(373, 3, 12, 35, '3-12-35', 'G35', NULL, 'rect', 25.00, 1, NULL, '2024-05-25 09:02:04', '2024-05-30 13:37:28', NULL, 1),
(374, 3, 12, 36, '3-12-36', 'G36', NULL, 'rect', 25.00, 1, NULL, '2024-05-25 09:02:04', '2024-05-30 13:37:28', NULL, 1),
(375, 3, 12, 37, '3-12-37', 'G37', NULL, 'rect', 25.00, 1, NULL, '2024-05-25 09:02:04', '2024-05-30 13:37:28', NULL, 1),
(376, 3, 12, 38, '3-12-38', 'G38', NULL, 'rect', 25.00, 1, NULL, '2024-05-25 09:02:04', '2024-05-30 13:37:28', NULL, 1),
(377, 3, 12, 39, '3-12-39', 'G39', NULL, 'rect', 25.00, 1, NULL, '2024-05-25 09:02:04', '2024-05-30 13:37:28', NULL, 1),
(378, 3, 12, 40, '3-12-40', 'G40', NULL, 'rect', 25.00, 1, NULL, '2024-05-25 09:02:04', '2024-05-30 13:37:28', NULL, 1),
(379, 3, 12, 41, '3-12-41', 'G41', NULL, 'rect', 25.00, 1, NULL, '2024-05-25 09:02:04', '2024-05-30 13:37:28', NULL, 1),
(380, 3, 12, 42, '3-12-42', 'G42', NULL, 'rect', 25.00, 1, NULL, '2024-05-25 09:02:04', '2024-05-30 13:37:28', NULL, 1),
(381, 3, 12, 43, '3-12-43', 'G43', NULL, 'rect', 25.00, 1, NULL, '2024-05-25 09:02:04', '2024-05-30 13:37:28', NULL, 1),
(382, 3, 12, 44, '3-12-44', 'G44', NULL, 'rect', 25.00, 1, NULL, '2024-05-25 09:02:04', '2024-05-30 13:37:28', NULL, 1),
(383, 3, 26, 1, '3-26-1', 'U1', NULL, 'rect', 25.00, 1, NULL, '2024-05-25 09:06:51', '2024-05-30 13:37:28', NULL, 1),
(384, 3, 26, 2, '3-26-2', 'U2', NULL, 'rect', 25.00, 1, NULL, '2024-05-25 09:06:51', '2024-05-30 13:37:28', NULL, 1),
(385, 3, 26, 3, '3-26-3', 'U3', NULL, 'rect', 25.00, 1, NULL, '2024-05-25 09:06:51', '2024-05-30 13:37:28', NULL, 1),
(386, 3, 26, 4, '3-26-4', 'U4', NULL, 'rect', 25.00, 1, NULL, '2024-05-25 09:06:51', '2024-05-30 13:37:28', NULL, 1),
(387, 3, 26, 5, '3-26-5', 'U5', NULL, 'rect', 25.00, 1, NULL, '2024-05-25 09:06:51', '2024-05-30 13:37:28', NULL, 1),
(388, 3, 26, 6, '3-26-6', 'U6', NULL, 'rect', 25.00, 1, NULL, '2024-05-25 09:06:51', '2024-05-30 13:37:28', NULL, 1),
(389, 3, 26, 7, '3-26-7', 'U7', NULL, 'rect', 25.00, 1, NULL, '2024-05-25 09:06:51', '2024-05-30 13:37:28', NULL, 1),
(390, 3, 26, 8, '3-26-8', 'U8', NULL, 'rect', 25.00, 1, NULL, '2024-05-25 09:06:51', '2024-05-30 13:37:28', NULL, 1),
(391, 3, 26, 9, '3-26-9', 'U9', NULL, 'rect', 25.00, 1, NULL, '2024-05-25 09:06:51', '2024-05-30 13:37:28', NULL, 1),
(392, 3, 26, 10, '3-26-10', 'U10', NULL, 'rect', 25.00, 1, NULL, '2024-05-25 09:06:51', '2024-05-30 13:37:28', NULL, 1),
(393, 3, 26, 11, '3-26-11', 'U11', NULL, 'rect', 25.00, 1, NULL, '2024-05-25 09:06:51', '2024-05-30 13:37:28', NULL, 1),
(394, 3, 26, 12, '3-26-12', 'U12', NULL, 'rect', 25.00, 1, NULL, '2024-05-25 09:06:51', '2024-05-30 13:37:28', NULL, 1),
(395, 3, 26, 13, '3-26-13', 'U13', NULL, 'rect', 25.00, 1, NULL, '2024-05-25 09:06:52', '2024-05-30 13:37:28', NULL, 1),
(396, 3, 26, 14, '3-26-14', 'U14', NULL, 'rect', 25.00, 1, NULL, '2024-05-25 09:06:52', '2024-05-30 13:37:28', NULL, 1),
(397, 3, 26, 15, '3-26-15', 'U15', NULL, 'rect', 25.00, 1, NULL, '2024-05-25 09:06:52', '2024-05-30 13:37:28', NULL, 1),
(398, 3, 26, 16, '3-26-16', 'U16', NULL, 'rect', 25.00, 1, NULL, '2024-05-25 09:06:52', '2024-05-30 13:37:28', NULL, 1),
(399, 3, 26, 17, '3-26-17', 'U17', NULL, 'rect', 25.00, 1, NULL, '2024-05-25 09:06:52', '2024-05-30 13:37:28', NULL, 1),
(400, 3, 26, 18, '3-26-18', 'U18', NULL, 'rect', 25.00, 1, NULL, '2024-05-25 09:06:52', '2024-05-30 13:37:28', NULL, 1),
(401, 3, 26, 19, '3-26-19', 'U19', NULL, 'rect', 25.00, 1, NULL, '2024-05-25 09:06:52', '2024-05-30 13:37:28', NULL, 1),
(402, 3, 26, 20, '3-26-20', 'U20', NULL, 'rect', 25.00, 1, NULL, '2024-05-25 09:06:52', '2024-05-30 13:37:28', NULL, 1),
(403, 3, 26, 21, '3-26-21', 'U21', NULL, 'rect', 25.00, 1, NULL, '2024-05-25 09:06:52', '2024-05-30 13:37:28', NULL, 1),
(404, 3, 26, 22, '3-26-22', 'U22', NULL, 'rect', 25.00, 1, NULL, '2024-05-25 09:06:52', '2024-05-30 13:37:28', NULL, 1),
(405, 3, 26, 23, '3-26-23', 'U23', NULL, 'rect', 25.00, 1, NULL, '2024-05-25 09:06:52', '2024-05-30 13:37:28', NULL, 1),
(406, 3, 26, 24, '3-26-24', 'U24', NULL, 'rect', 25.00, 1, NULL, '2024-05-25 09:06:52', '2024-05-30 13:37:28', NULL, 1),
(407, 3, 26, 25, '3-26-25', 'U25', NULL, 'rect', 25.00, 1, NULL, '2024-05-25 09:06:52', '2024-05-30 13:37:28', NULL, 1),
(408, 3, 26, 26, '3-26-26', 'U26', NULL, 'rect', 25.00, 1, NULL, '2024-05-25 09:06:52', '2024-05-30 13:37:28', NULL, 1),
(409, 3, 26, 27, '3-26-27', 'U27', NULL, 'rect', 25.00, 1, NULL, '2024-05-25 09:06:52', '2024-05-30 13:37:28', NULL, 1),
(410, 3, 26, 28, '3-26-28', 'U28', NULL, 'rect', 25.00, 1, NULL, '2024-05-25 09:06:53', '2024-05-30 13:37:28', NULL, 1),
(411, 3, 26, 29, '3-26-29', 'U29', NULL, 'rect', 25.00, 1, NULL, '2024-05-25 09:06:53', '2024-05-30 13:37:28', NULL, 1),
(412, 3, 26, 30, '3-26-30', 'U30', NULL, 'rect', 25.00, 1, NULL, '2024-05-25 09:06:53', '2024-05-30 13:37:28', NULL, 1),
(413, 3, 26, 31, '3-26-31', 'U31', NULL, 'rect', 25.00, 1, NULL, '2024-05-25 09:06:53', '2024-05-30 13:37:28', NULL, 1),
(414, 3, 26, 32, '3-26-32', 'U32', NULL, 'rect', 25.00, 1, NULL, '2024-05-25 09:06:53', '2024-05-30 13:37:28', NULL, 1),
(415, 3, 26, 33, '3-26-33', 'U33', NULL, 'rect', 25.00, 1, NULL, '2024-05-25 09:06:53', '2024-05-30 13:37:28', NULL, 1),
(416, 3, 26, 34, '3-26-34', 'U34', NULL, 'rect', 25.00, 1, NULL, '2024-05-25 09:06:53', '2024-05-30 13:37:28', NULL, 1),
(417, 3, 26, 35, '3-26-35', 'U35', NULL, 'rect', 25.00, 1, NULL, '2024-05-25 09:06:53', '2024-05-30 13:37:28', NULL, 1),
(418, 3, 26, 36, '3-26-36', 'U36', NULL, 'rect', 25.00, 1, NULL, '2024-05-25 09:06:53', '2024-05-30 13:37:28', NULL, 1),
(419, 3, 26, 37, '3-26-37', 'U37', NULL, 'rect', 25.00, 1, NULL, '2024-05-25 09:06:53', '2024-05-30 13:37:28', NULL, 1),
(420, 3, 26, 38, '3-26-38', 'U38', NULL, 'rect', 25.00, 1, NULL, '2024-05-25 09:06:53', '2024-05-30 13:37:28', NULL, 1),
(421, 3, 26, 39, '3-26-39', 'U39', NULL, 'rect', 25.00, 1, NULL, '2024-05-25 09:06:53', '2024-05-30 13:37:28', NULL, 1),
(422, 3, 26, 40, '3-26-40', 'U40', NULL, 'rect', 25.00, 1, NULL, '2024-05-25 09:06:53', '2024-05-30 13:37:28', NULL, 1),
(423, 3, 26, 41, '3-26-41', 'U41', NULL, 'rect', 25.00, 1, NULL, '2024-05-25 09:06:53', '2024-05-30 13:37:28', NULL, 1),
(424, 3, 26, 42, '3-26-42', 'U42', NULL, 'rect', 25.00, 1, NULL, '2024-05-25 09:06:53', '2024-05-30 13:37:28', NULL, 1),
(425, 3, 26, 43, '3-26-43', 'U43', NULL, 'rect', 25.00, 1, NULL, '2024-05-25 09:06:54', '2024-05-30 13:37:28', NULL, 1),
(426, 3, 26, 44, '3-26-44', 'U44', NULL, 'rect', 25.00, 1, NULL, '2024-05-25 09:06:54', '2024-05-30 13:37:28', NULL, 1);
INSERT INTO "master_layout" ("id", "id_floor", "id_row", "no", "code", "seat_code", "coords", "shape", "price", "status", "last_updated_by", "created_at", "updated_at", "deleted_at", "flag") VALUES
(427, 3, 26, 45, '3-26-45', 'U45', NULL, 'rect', 25.00, 1, NULL, '2024-05-25 09:06:54', '2024-05-30 13:37:28', NULL, 1),
(428, 3, 26, 46, '3-26-46', 'U46', NULL, 'rect', 25.00, 1, NULL, '2024-05-25 09:06:54', '2024-05-30 13:37:28', NULL, 1),
(429, 3, 26, 47, '3-26-47', 'U47', NULL, 'rect', 25.00, 1, NULL, '2024-05-25 09:06:54', '2024-05-30 13:37:28', NULL, 1),
(430, 3, 26, 48, '3-26-48', 'U48', NULL, 'rect', 25.00, 1, NULL, '2024-05-25 09:06:54', '2024-05-30 13:37:28', NULL, 1),
(431, 3, 26, 49, '3-26-49', 'U49', NULL, 'rect', 25.00, 1, NULL, '2024-05-25 09:06:54', '2024-05-30 13:37:28', NULL, 1),
(432, 3, 26, 50, '3-26-50', 'U50', NULL, 'rect', 25.00, 1, NULL, '2024-05-25 09:06:54', '2024-05-30 13:37:28', NULL, 1),
(433, 3, 26, 51, '3-26-51', 'U51', NULL, 'rect', 25.00, 1, NULL, '2024-05-25 09:06:54', '2024-05-30 13:37:28', NULL, 1),
(434, 3, 26, 52, '3-26-52', 'U52', NULL, 'rect', 25.00, 1, NULL, '2024-05-25 09:06:54', '2024-05-30 13:37:28', NULL, 1),
(435, 3, 26, 53, '3-26-53', 'U53', NULL, 'rect', 25.00, 1, NULL, '2024-05-25 09:06:54', '2024-05-30 13:37:28', NULL, 1),
(436, 3, 26, 54, '3-26-54', 'U54', NULL, 'rect', 25.00, 1, NULL, '2024-05-25 09:06:54', '2024-05-30 13:37:28', NULL, 1),
(437, 3, 27, 1, '3-27-1', 'V1', NULL, 'rect', 25.00, 1, NULL, '2024-05-25 09:07:31', '2024-05-30 13:37:28', NULL, 1),
(438, 3, 27, 2, '3-27-2', 'V2', NULL, 'rect', 25.00, 1, NULL, '2024-05-25 09:07:32', '2024-05-30 13:37:28', NULL, 1),
(439, 3, 27, 3, '3-27-3', 'V3', NULL, 'rect', 25.00, 1, NULL, '2024-05-25 09:07:32', '2024-05-30 13:37:28', NULL, 1),
(440, 3, 27, 4, '3-27-4', 'V4', NULL, 'rect', 25.00, 1, NULL, '2024-05-25 09:07:32', '2024-05-30 13:37:28', NULL, 1),
(441, 3, 27, 5, '3-27-5', 'V5', NULL, 'rect', 25.00, 1, NULL, '2024-05-25 09:07:32', '2024-05-30 13:37:28', NULL, 1),
(442, 3, 27, 6, '3-27-6', 'V6', NULL, 'rect', 25.00, 1, NULL, '2024-05-25 09:07:32', '2024-05-30 13:37:28', NULL, 1),
(443, 3, 27, 7, '3-27-7', 'V7', NULL, 'rect', 25.00, 1, NULL, '2024-05-25 09:07:32', '2024-05-30 13:37:28', NULL, 1),
(444, 3, 27, 8, '3-27-8', 'V8', NULL, 'rect', 25.00, 1, NULL, '2024-05-25 09:07:32', '2024-05-30 13:37:28', NULL, 1),
(445, 3, 27, 9, '3-27-9', 'V9', NULL, 'rect', 25.00, 1, NULL, '2024-05-25 09:07:32', '2024-05-30 13:37:28', NULL, 1),
(446, 3, 27, 10, '3-27-10', 'V10', NULL, 'rect', 25.00, 1, NULL, '2024-05-25 09:07:32', '2024-05-30 13:37:28', NULL, 1),
(447, 3, 27, 11, '3-27-11', 'V11', NULL, 'rect', 25.00, 1, NULL, '2024-05-25 09:07:32', '2024-05-30 13:37:28', NULL, 1),
(448, 3, 27, 12, '3-27-12', 'V12', NULL, 'rect', 25.00, 1, NULL, '2024-05-25 09:07:32', '2024-05-30 13:37:28', NULL, 1),
(449, 3, 27, 13, '3-27-13', 'V13', NULL, 'rect', 25.00, 1, NULL, '2024-05-25 09:07:32', '2024-05-30 13:37:28', NULL, 1),
(450, 3, 27, 14, '3-27-14', 'V14', NULL, 'rect', 25.00, 1, NULL, '2024-05-25 09:07:32', '2024-05-30 13:37:28', NULL, 1),
(451, 3, 27, 15, '3-27-15', 'V15', NULL, 'rect', 25.00, 1, NULL, '2024-05-25 09:07:32', '2024-05-30 13:37:28', NULL, 1),
(452, 3, 27, 16, '3-27-16', 'V16', NULL, 'rect', 25.00, 1, NULL, '2024-05-25 09:07:32', '2024-05-30 13:37:28', NULL, 1),
(453, 3, 27, 17, '3-27-17', 'V17', NULL, 'rect', 25.00, 1, NULL, '2024-05-25 09:07:32', '2024-05-30 13:37:28', NULL, 1),
(454, 3, 27, 18, '3-27-18', 'V18', NULL, 'rect', 25.00, 1, NULL, '2024-05-25 09:07:33', '2024-05-30 13:37:28', NULL, 1),
(455, 3, 27, 19, '3-27-19', 'V19', NULL, 'rect', 25.00, 1, NULL, '2024-05-25 09:07:33', '2024-05-30 13:37:28', NULL, 1),
(456, 3, 27, 20, '3-27-20', 'V20', NULL, 'rect', 25.00, 1, NULL, '2024-05-25 09:07:33', '2024-05-30 13:37:28', NULL, 1),
(457, 3, 27, 21, '3-27-21', 'V21', NULL, 'rect', 25.00, 1, NULL, '2024-05-25 09:07:33', '2024-05-30 13:37:28', NULL, 1),
(458, 3, 27, 22, '3-27-22', 'V22', NULL, 'rect', 25.00, 1, NULL, '2024-05-25 09:07:33', '2024-05-30 13:37:28', NULL, 1),
(459, 3, 27, 23, '3-27-23', 'V23', NULL, 'rect', 25.00, 1, NULL, '2024-05-25 09:07:33', '2024-05-30 13:37:28', NULL, 1),
(460, 3, 27, 24, '3-27-24', 'V24', NULL, 'rect', 25.00, 1, NULL, '2024-05-25 09:07:33', '2024-05-30 13:37:28', NULL, 1),
(461, 3, 27, 25, '3-27-25', 'V25', NULL, 'rect', 25.00, 1, NULL, '2024-05-25 09:07:33', '2024-05-30 13:37:28', NULL, 1),
(462, 3, 27, 26, '3-27-26', 'V26', NULL, 'rect', 25.00, 1, NULL, '2024-05-25 09:07:33', '2024-05-30 13:37:28', NULL, 1),
(463, 3, 27, 27, '3-27-27', 'V27', NULL, 'rect', 25.00, 1, NULL, '2024-05-25 09:07:33', '2024-05-30 13:37:28', NULL, 1),
(464, 3, 27, 28, '3-27-28', 'V28', NULL, 'rect', 25.00, 1, NULL, '2024-05-25 09:07:33', '2024-05-30 13:37:28', NULL, 1),
(465, 3, 27, 29, '3-27-29', 'V29', NULL, 'rect', 25.00, 1, NULL, '2024-05-25 09:07:33', '2024-05-30 13:37:28', NULL, 1),
(466, 3, 27, 30, '3-27-30', 'V30', NULL, 'rect', 25.00, 1, NULL, '2024-05-25 09:07:33', '2024-05-30 13:37:28', NULL, 1),
(467, 3, 27, 31, '3-27-31', 'V31', NULL, 'rect', 25.00, 1, NULL, '2024-05-25 09:07:33', '2024-05-30 13:37:28', NULL, 1),
(468, 3, 27, 32, '3-27-32', 'V32', NULL, 'rect', 25.00, 1, NULL, '2024-05-25 09:07:33', '2024-05-30 13:37:28', NULL, 1),
(469, 3, 27, 33, '3-27-33', 'V33', NULL, 'rect', 25.00, 1, NULL, '2024-05-25 09:07:33', '2024-05-30 13:37:28', NULL, 1),
(470, 3, 27, 34, '3-27-34', 'V34', NULL, 'rect', 25.00, 1, NULL, '2024-05-25 09:07:34', '2024-05-30 13:37:28', NULL, 1),
(471, 3, 27, 35, '3-27-35', 'V35', NULL, 'rect', 25.00, 1, NULL, '2024-05-25 09:07:34', '2024-05-30 13:37:28', NULL, 1),
(472, 3, 27, 36, '3-27-36', 'V36', NULL, 'rect', 25.00, 1, NULL, '2024-05-25 09:07:34', '2024-05-30 13:37:28', NULL, 1),
(473, 3, 27, 37, '3-27-37', 'V37', NULL, 'rect', 25.00, 1, NULL, '2024-05-25 09:07:34', '2024-05-30 13:37:28', NULL, 1),
(474, 3, 27, 38, '3-27-38', 'V38', NULL, 'rect', 25.00, 1, NULL, '2024-05-25 09:07:34', '2024-05-30 13:37:28', NULL, 1),
(475, 3, 27, 39, '3-27-39', 'V39', NULL, 'rect', 25.00, 1, NULL, '2024-05-25 09:07:34', '2024-05-30 13:37:28', NULL, 1),
(476, 3, 27, 40, '3-27-40', 'V40', NULL, 'rect', 25.00, 1, NULL, '2024-05-25 09:07:34', '2024-05-30 13:37:28', NULL, 1),
(477, 3, 27, 41, '3-27-41', 'V41', NULL, 'rect', 25.00, 1, NULL, '2024-05-25 09:07:34', '2024-05-30 13:37:28', NULL, 1),
(478, 3, 27, 42, '3-27-42', 'V42', NULL, 'rect', 25.00, 1, NULL, '2024-05-25 09:07:34', '2024-05-30 13:37:28', NULL, 1),
(479, 3, 27, 43, '3-27-43', 'V43', NULL, 'rect', 25.00, 1, NULL, '2024-05-25 09:07:34', '2024-05-30 13:37:28', NULL, 1),
(480, 3, 27, 44, '3-27-44', 'V44', NULL, 'rect', 25.00, 1, NULL, '2024-05-25 09:07:34', '2024-05-30 13:37:28', NULL, 1),
(481, 3, 27, 45, '3-27-45', 'V45', NULL, 'rect', 25.00, 1, NULL, '2024-05-25 09:07:34', '2024-05-30 13:37:28', NULL, 1),
(482, 3, 27, 46, '3-27-46', 'V46', NULL, 'rect', 25.00, 1, NULL, '2024-05-25 09:07:34', '2024-05-30 13:37:28', NULL, 1),
(483, 3, 27, 47, '3-27-47', 'V47', NULL, 'rect', 25.00, 1, NULL, '2024-05-25 09:07:34', '2024-05-30 13:37:28', NULL, 1),
(484, 3, 27, 48, '3-27-48', 'V48', NULL, 'rect', 25.00, 1, NULL, '2024-05-25 09:07:34', '2024-05-30 13:37:28', NULL, 1),
(485, 3, 27, 49, '3-27-49', 'V49', NULL, 'rect', 25.00, 1, NULL, '2024-05-25 09:07:34', '2024-05-30 13:37:28', NULL, 1),
(486, 3, 27, 50, '3-27-50', 'V50', NULL, 'rect', 25.00, 1, NULL, '2024-05-25 09:07:35', '2024-05-30 13:37:28', NULL, 1),
(487, 3, 27, 51, '3-27-51', 'V51', NULL, 'rect', 25.00, 1, NULL, '2024-05-25 09:07:35', '2024-05-30 13:37:28', NULL, 1),
(488, 3, 27, 52, '3-27-52', 'V52', NULL, 'rect', 25.00, 1, NULL, '2024-05-25 09:07:35', '2024-05-30 13:37:28', NULL, 1),
(489, 3, 27, 53, '3-27-53', 'V53', NULL, 'rect', 25.00, 1, NULL, '2024-05-25 09:07:35', '2024-05-30 13:37:28', NULL, 1),
(490, 3, 27, 54, '3-27-54', 'V54', NULL, 'rect', 25.00, 1, NULL, '2024-05-25 09:07:35', '2024-05-30 13:37:28', NULL, 1),
(491, 3, 28, 1, '3-28-1', 'W1', NULL, 'rect', 25.00, 1, NULL, '2024-05-25 09:08:22', '2024-05-30 13:37:28', NULL, 1),
(492, 3, 28, 2, '3-28-2', 'W2', NULL, 'rect', 25.00, 1, NULL, '2024-05-25 09:08:22', '2024-05-30 13:37:28', NULL, 1),
(493, 3, 28, 3, '3-28-3', 'W3', NULL, 'rect', 25.00, 1, NULL, '2024-05-25 09:08:22', '2024-05-30 13:37:28', NULL, 1),
(494, 3, 28, 4, '3-28-4', 'W4', NULL, 'rect', 25.00, 1, NULL, '2024-05-25 09:08:22', '2024-05-30 13:37:28', NULL, 1),
(495, 3, 28, 5, '3-28-5', 'W5', NULL, 'rect', 25.00, 1, NULL, '2024-05-25 09:08:22', '2024-05-30 13:37:28', NULL, 1),
(496, 3, 28, 6, '3-28-6', 'W6', NULL, 'rect', 25.00, 1, NULL, '2024-05-25 09:08:22', '2024-05-30 13:37:28', NULL, 1),
(497, 3, 28, 7, '3-28-7', 'W7', NULL, 'rect', 25.00, 1, NULL, '2024-05-25 09:08:22', '2024-05-30 13:37:28', NULL, 1),
(498, 3, 28, 8, '3-28-8', 'W8', NULL, 'rect', 25.00, 1, NULL, '2024-05-25 09:08:22', '2024-05-30 13:37:28', NULL, 1),
(499, 3, 28, 9, '3-28-9', 'W9', NULL, 'rect', 25.00, 1, NULL, '2024-05-25 09:08:22', '2024-05-30 13:37:28', NULL, 1),
(500, 3, 28, 10, '3-28-10', 'W10', NULL, 'rect', 25.00, 1, NULL, '2024-05-25 09:08:23', '2024-05-30 13:37:28', NULL, 1),
(501, 3, 28, 11, '3-28-11', 'W11', NULL, 'rect', 25.00, 1, NULL, '2024-05-25 09:08:23', '2024-05-30 13:37:28', NULL, 1),
(502, 3, 28, 12, '3-28-12', 'W12', NULL, 'rect', 25.00, 1, NULL, '2024-05-25 09:08:23', '2024-05-30 13:37:28', NULL, 1),
(503, 3, 28, 13, '3-28-13', 'W13', NULL, 'rect', 25.00, 1, NULL, '2024-05-25 09:08:23', '2024-05-30 13:37:28', NULL, 1),
(504, 3, 28, 14, '3-28-14', 'W14', NULL, 'rect', 25.00, 1, NULL, '2024-05-25 09:08:23', '2024-05-30 13:37:28', NULL, 1),
(505, 3, 28, 15, '3-28-15', 'W15', NULL, 'rect', 25.00, 1, NULL, '2024-05-25 09:08:23', '2024-05-30 13:37:28', NULL, 1),
(506, 3, 28, 16, '3-28-16', 'W16', NULL, 'rect', 25.00, 1, NULL, '2024-05-25 09:08:23', '2024-05-30 13:37:28', NULL, 1),
(507, 3, 28, 17, '3-28-17', 'W17', NULL, 'rect', 25.00, 1, NULL, '2024-05-25 09:08:23', '2024-05-30 13:37:28', NULL, 1),
(508, 3, 28, 18, '3-28-18', 'W18', NULL, 'rect', 25.00, 1, NULL, '2024-05-25 09:08:23', '2024-05-30 13:37:28', NULL, 1),
(509, 3, 28, 19, '3-28-19', 'W19', NULL, 'rect', 25.00, 1, NULL, '2024-05-25 09:08:23', '2024-05-30 13:37:28', NULL, 1),
(510, 3, 28, 20, '3-28-20', 'W20', NULL, 'rect', 25.00, 1, NULL, '2024-05-25 09:08:23', '2024-05-30 13:37:28', NULL, 1),
(511, 3, 28, 21, '3-28-21', 'W21', NULL, 'rect', 25.00, 1, NULL, '2024-05-25 09:08:23', '2024-05-30 13:37:28', NULL, 1),
(512, 3, 28, 22, '3-28-22', 'W22', NULL, 'rect', 25.00, 1, NULL, '2024-05-25 09:08:23', '2024-05-30 13:37:28', NULL, 1),
(513, 3, 28, 23, '3-28-23', 'W23', NULL, 'rect', 25.00, 1, NULL, '2024-05-25 09:08:23', '2024-05-30 13:37:28', NULL, 1),
(514, 3, 28, 24, '3-28-24', 'W24', NULL, 'rect', 25.00, 1, NULL, '2024-05-25 09:08:23', '2024-05-30 13:37:28', NULL, 1),
(515, 3, 28, 25, '3-28-25', 'W25', NULL, 'rect', 25.00, 1, NULL, '2024-05-25 09:08:24', '2024-05-30 13:37:28', NULL, 1),
(516, 3, 28, 26, '3-28-26', 'W26', NULL, 'rect', 25.00, 1, NULL, '2024-05-25 09:08:24', '2024-05-30 13:37:28', NULL, 1),
(517, 3, 28, 27, '3-28-27', 'W27', NULL, 'rect', 25.00, 1, NULL, '2024-05-25 09:08:24', '2024-05-30 13:37:28', NULL, 1),
(518, 3, 28, 28, '3-28-28', 'W28', NULL, 'rect', 25.00, 1, NULL, '2024-05-25 09:08:24', '2024-05-30 13:37:28', NULL, 1),
(519, 3, 28, 29, '3-28-29', 'W29', NULL, 'rect', 25.00, 1, NULL, '2024-05-25 09:08:24', '2024-05-30 13:37:28', NULL, 1),
(520, 3, 28, 30, '3-28-30', 'W30', NULL, 'rect', 25.00, 1, NULL, '2024-05-25 09:08:24', '2024-05-30 13:37:28', NULL, 1),
(521, 3, 28, 31, '3-28-31', 'W31', NULL, 'rect', 25.00, 1, NULL, '2024-05-25 09:08:24', '2024-05-30 13:37:28', NULL, 1),
(522, 3, 28, 32, '3-28-32', 'W32', NULL, 'rect', 25.00, 1, NULL, '2024-05-25 09:08:24', '2024-05-30 13:37:28', NULL, 1),
(523, 3, 28, 33, '3-28-33', 'W33', NULL, 'rect', 25.00, 1, NULL, '2024-05-25 09:08:24', '2024-05-30 13:37:28', NULL, 1),
(524, 3, 28, 34, '3-28-34', 'W34', NULL, 'rect', 25.00, 1, NULL, '2024-05-25 09:08:24', '2024-05-30 13:37:28', NULL, 1),
(525, 3, 28, 35, '3-28-35', 'W35', NULL, 'rect', 25.00, 1, NULL, '2024-05-25 09:08:24', '2024-05-30 13:37:28', NULL, 1),
(526, 3, 28, 36, '3-28-36', 'W36', NULL, 'rect', 25.00, 1, NULL, '2024-05-25 09:08:24', '2024-05-30 13:37:28', NULL, 1),
(527, 3, 28, 37, '3-28-37', 'W37', NULL, 'rect', 25.00, 1, NULL, '2024-05-25 09:08:24', '2024-05-30 13:37:28', NULL, 1),
(528, 3, 28, 38, '3-28-38', 'W38', NULL, 'rect', 25.00, 1, NULL, '2024-05-25 09:08:24', '2024-05-30 13:37:28', NULL, 1),
(529, 3, 28, 39, '3-28-39', 'W39', NULL, 'rect', 25.00, 1, NULL, '2024-05-25 09:08:24', '2024-05-30 13:37:28', NULL, 1),
(530, 3, 28, 40, '3-28-40', 'W40', NULL, 'rect', 25.00, 1, NULL, '2024-05-25 09:08:25', '2024-05-30 13:37:28', NULL, 1),
(531, 3, 28, 41, '3-28-41', 'W41', NULL, 'rect', 25.00, 1, NULL, '2024-05-25 09:08:25', '2024-05-30 13:37:28', NULL, 1),
(532, 3, 28, 42, '3-28-42', 'W42', NULL, 'rect', 25.00, 1, NULL, '2024-05-25 09:08:25', '2024-05-30 13:37:28', NULL, 1),
(533, 3, 28, 43, '3-28-43', 'W43', NULL, 'rect', 25.00, 1, NULL, '2024-05-25 09:08:25', '2024-05-30 13:37:28', NULL, 1),
(534, 3, 28, 44, '3-28-44', 'W44', NULL, 'rect', 25.00, 1, NULL, '2024-05-25 09:08:25', '2024-05-30 13:37:28', NULL, 1),
(535, 3, 28, 45, '3-28-45', 'W45', NULL, 'rect', 25.00, 1, NULL, '2024-05-25 09:08:25', '2024-05-30 13:37:28', NULL, 1),
(536, 3, 28, 46, '3-28-46', 'W46', NULL, 'rect', 25.00, 1, NULL, '2024-05-25 09:08:25', '2024-05-30 13:37:28', NULL, 1),
(537, 3, 28, 47, '3-28-47', 'W47', NULL, 'rect', 25.00, 1, NULL, '2024-05-25 09:08:25', '2024-05-30 13:37:28', NULL, 1),
(538, 3, 28, 48, '3-28-48', 'W48', NULL, 'rect', 25.00, 1, NULL, '2024-05-25 09:08:25', '2024-05-30 13:37:28', NULL, 1),
(539, 3, 28, 49, '3-28-49', 'W49', NULL, 'rect', 25.00, 1, NULL, '2024-05-25 09:08:25', '2024-05-30 13:37:28', NULL, 1),
(540, 3, 28, 50, '3-28-50', 'W50', NULL, 'rect', 25.00, 1, NULL, '2024-05-25 09:08:25', '2024-05-30 13:37:28', NULL, 1),
(541, 3, 28, 51, '3-28-51', 'W51', NULL, 'rect', 25.00, 1, NULL, '2024-05-25 09:08:25', '2024-05-30 13:37:28', NULL, 1),
(542, 3, 28, 52, '3-28-52', 'W52', NULL, 'rect', 25.00, 1, NULL, '2024-05-25 09:08:25', '2024-05-30 13:37:28', NULL, 1),
(543, 3, 28, 53, '3-28-53', 'W53', NULL, 'rect', 25.00, 1, NULL, '2024-05-25 09:08:25', '2024-05-30 13:37:28', NULL, 1),
(544, 3, 28, 54, '3-28-54', 'W54', NULL, 'rect', 25.00, 1, NULL, '2024-05-25 09:08:25', '2024-05-30 13:37:28', NULL, 1),
(545, 3, 29, 1, '3-29-1', 'X1', NULL, 'rect', 25.00, 1, NULL, '2024-05-25 09:09:02', '2024-05-30 13:37:28', NULL, 1),
(546, 3, 29, 2, '3-29-2', 'X2', NULL, 'rect', 25.00, 1, NULL, '2024-05-25 09:09:02', '2024-05-30 13:37:28', NULL, 1),
(547, 3, 29, 3, '3-29-3', 'X3', NULL, 'rect', 25.00, 1, NULL, '2024-05-25 09:09:02', '2024-05-30 13:37:28', NULL, 1),
(548, 3, 29, 4, '3-29-4', 'X4', NULL, 'rect', 25.00, 1, NULL, '2024-05-25 09:09:02', '2024-05-30 13:37:28', NULL, 1),
(549, 3, 29, 5, '3-29-5', 'X5', NULL, 'rect', 25.00, 1, NULL, '2024-05-25 09:09:02', '2024-05-30 13:37:28', NULL, 1),
(550, 3, 29, 6, '3-29-6', 'X6', NULL, 'rect', 25.00, 1, NULL, '2024-05-25 09:09:02', '2024-05-30 13:37:28', NULL, 1),
(551, 3, 29, 7, '3-29-7', 'X7', NULL, 'rect', 25.00, 1, NULL, '2024-05-25 09:09:02', '2024-05-30 13:37:28', NULL, 1),
(552, 3, 29, 8, '3-29-8', 'X8', NULL, 'rect', 25.00, 1, NULL, '2024-05-25 09:09:02', '2024-05-30 13:37:28', NULL, 1),
(553, 3, 29, 9, '3-29-9', 'X9', NULL, 'rect', 25.00, 1, NULL, '2024-05-25 09:09:02', '2024-05-30 13:37:28', NULL, 1),
(554, 3, 29, 10, '3-29-10', 'X10', NULL, 'rect', 25.00, 1, NULL, '2024-05-25 09:09:02', '2024-05-30 13:37:28', NULL, 1),
(555, 3, 29, 11, '3-29-11', 'X11', NULL, 'rect', 25.00, 1, NULL, '2024-05-25 09:09:02', '2024-05-30 13:37:28', NULL, 1),
(556, 3, 29, 12, '3-29-12', 'X12', NULL, 'rect', 25.00, 1, NULL, '2024-05-25 09:09:03', '2024-05-30 13:37:28', NULL, 1),
(557, 3, 29, 13, '3-29-13', 'X13', NULL, 'rect', 25.00, 1, NULL, '2024-05-25 09:09:03', '2024-05-30 13:37:28', NULL, 1),
(558, 3, 29, 14, '3-29-14', 'X14', NULL, 'rect', 25.00, 1, NULL, '2024-05-25 09:09:03', '2024-05-30 13:37:28', NULL, 1),
(559, 3, 29, 15, '3-29-15', 'X15', NULL, 'rect', 25.00, 1, NULL, '2024-05-25 09:09:03', '2024-05-30 13:37:28', NULL, 1),
(560, 3, 29, 16, '3-29-16', 'X16', NULL, 'rect', 25.00, 1, NULL, '2024-05-25 09:09:03', '2024-05-30 13:37:28', NULL, 1),
(561, 3, 29, 17, '3-29-17', 'X17', NULL, 'rect', 25.00, 1, NULL, '2024-05-25 09:09:03', '2024-05-30 13:37:28', NULL, 1),
(562, 3, 29, 18, '3-29-18', 'X18', NULL, 'rect', 25.00, 1, NULL, '2024-05-25 09:09:03', '2024-05-30 13:37:28', NULL, 1),
(563, 3, 29, 19, '3-29-19', 'X19', NULL, 'rect', 25.00, 1, NULL, '2024-05-25 09:09:03', '2024-05-30 13:37:28', NULL, 1),
(564, 3, 29, 20, '3-29-20', 'X20', NULL, 'rect', 25.00, 1, NULL, '2024-05-25 09:09:03', '2024-05-30 13:37:28', NULL, 1),
(565, 3, 29, 21, '3-29-21', 'X21', NULL, 'rect', 25.00, 1, NULL, '2024-05-25 09:09:03', '2024-05-30 13:37:28', NULL, 1),
(566, 3, 29, 22, '3-29-22', 'X22', NULL, 'rect', 25.00, 1, NULL, '2024-05-25 09:09:03', '2024-05-30 13:37:28', NULL, 1),
(567, 3, 29, 23, '3-29-23', 'X23', NULL, 'rect', 25.00, 1, NULL, '2024-05-25 09:09:03', '2024-05-30 13:37:28', NULL, 1),
(568, 3, 29, 24, '3-29-24', 'X24', NULL, 'rect', 25.00, 1, NULL, '2024-05-25 09:09:03', '2024-05-30 13:37:28', NULL, 1),
(569, 3, 29, 25, '3-29-25', 'X25', NULL, 'rect', 25.00, 1, NULL, '2024-05-25 09:09:03', '2024-05-30 13:37:28', NULL, 1),
(570, 3, 29, 26, '3-29-26', 'X26', NULL, 'rect', 25.00, 1, NULL, '2024-05-25 09:09:04', '2024-05-30 13:37:28', NULL, 1),
(571, 3, 29, 27, '3-29-27', 'X27', NULL, 'rect', 25.00, 1, NULL, '2024-05-25 09:09:04', '2024-05-30 13:37:28', NULL, 1),
(572, 3, 29, 28, '3-29-28', 'X28', NULL, 'rect', 25.00, 1, NULL, '2024-05-25 09:09:04', '2024-05-30 13:37:28', NULL, 1),
(573, 3, 29, 29, '3-29-29', 'X29', NULL, 'rect', 25.00, 1, NULL, '2024-05-25 09:09:04', '2024-05-30 13:37:28', NULL, 1),
(574, 3, 29, 30, '3-29-30', 'X30', NULL, 'rect', 25.00, 1, NULL, '2024-05-25 09:09:04', '2024-05-30 13:37:28', NULL, 1),
(575, 3, 29, 31, '3-29-31', 'X31', NULL, 'rect', 25.00, 1, NULL, '2024-05-25 09:09:04', '2024-05-30 13:37:28', NULL, 1),
(576, 3, 29, 32, '3-29-32', 'X32', NULL, 'rect', 25.00, 1, NULL, '2024-05-25 09:09:04', '2024-05-30 13:37:28', NULL, 1),
(577, 3, 29, 33, '3-29-33', 'X33', NULL, 'rect', 25.00, 1, NULL, '2024-05-25 09:09:04', '2024-05-30 13:37:28', NULL, 1),
(578, 3, 29, 34, '3-29-34', 'X34', NULL, 'rect', 25.00, 1, NULL, '2024-05-25 09:09:04', '2024-05-30 13:37:28', NULL, 1),
(579, 3, 29, 35, '3-29-35', 'X35', NULL, 'rect', 25.00, 1, NULL, '2024-05-25 09:09:04', '2024-05-30 13:37:28', NULL, 1),
(580, 3, 29, 36, '3-29-36', 'X36', NULL, 'rect', 25.00, 1, NULL, '2024-05-25 09:09:04', '2024-05-30 13:37:28', NULL, 1),
(581, 3, 29, 37, '3-29-37', 'X37', NULL, 'rect', 25.00, 1, NULL, '2024-05-25 09:09:04', '2024-05-30 13:37:28', NULL, 1),
(582, 3, 29, 38, '3-29-38', 'X38', NULL, 'rect', 25.00, 1, NULL, '2024-05-25 09:09:04', '2024-05-30 13:37:28', NULL, 1),
(583, 3, 29, 39, '3-29-39', 'X39', NULL, 'rect', 25.00, 1, NULL, '2024-05-25 09:09:04', '2024-05-30 13:37:28', NULL, 1),
(584, 3, 29, 40, '3-29-40', 'X40', NULL, 'rect', 25.00, 1, NULL, '2024-05-25 09:09:04', '2024-05-30 13:37:28', NULL, 1),
(585, 3, 29, 41, '3-29-41', 'X41', NULL, 'rect', 25.00, 1, NULL, '2024-05-25 09:09:04', '2024-05-30 13:37:28', NULL, 1),
(586, 3, 29, 42, '3-29-42', 'X42', NULL, 'rect', 25.00, 1, NULL, '2024-05-25 09:09:05', '2024-05-30 13:37:28', NULL, 1),
(587, 3, 29, 43, '3-29-43', 'X43', NULL, 'rect', 25.00, 1, NULL, '2024-05-25 09:09:05', '2024-05-30 13:37:28', NULL, 1),
(588, 3, 29, 44, '3-29-44', 'X44', NULL, 'rect', 25.00, 1, NULL, '2024-05-25 09:09:05', '2024-05-30 13:37:28', NULL, 1),
(589, 3, 29, 45, '3-29-45', 'X45', NULL, 'rect', 25.00, 1, NULL, '2024-05-25 09:09:05', '2024-05-30 13:37:28', NULL, 1),
(590, 3, 29, 46, '3-29-46', 'X46', NULL, 'rect', 25.00, 1, NULL, '2024-05-25 09:09:05', '2024-05-30 13:37:28', NULL, 1),
(591, 3, 29, 47, '3-29-47', 'X47', NULL, 'rect', 25.00, 1, NULL, '2024-05-25 09:09:05', '2024-05-30 13:37:28', NULL, 1),
(592, 3, 29, 48, '3-29-48', 'X48', NULL, 'rect', 25.00, 1, NULL, '2024-05-25 09:09:05', '2024-05-30 13:37:28', NULL, 1),
(593, 3, 29, 49, '3-29-49', 'X49', NULL, 'rect', 25.00, 1, NULL, '2024-05-25 09:09:05', '2024-05-30 13:37:28', NULL, 1),
(594, 3, 29, 50, '3-29-50', 'X50', NULL, 'rect', 25.00, 1, NULL, '2024-05-25 09:09:05', '2024-05-30 13:37:28', NULL, 1),
(595, 3, 29, 51, '3-29-51', 'X51', NULL, 'rect', 25.00, 1, NULL, '2024-05-25 09:09:05', '2024-05-30 13:37:28', NULL, 1),
(596, 3, 29, 52, '3-29-52', 'X52', NULL, 'rect', 25.00, 1, NULL, '2024-05-25 09:09:05', '2024-05-30 13:37:28', NULL, 1),
(597, 3, 29, 53, '3-29-53', 'X53', NULL, 'rect', 25.00, 1, NULL, '2024-05-25 09:09:05', '2024-05-30 13:37:28', NULL, 1),
(598, 3, 29, 54, '3-29-54', 'X54', NULL, 'rect', 25.00, 1, NULL, '2024-05-25 09:09:05', '2024-05-30 13:37:28', NULL, 1),
(599, 3, 30, 1, '3-30-1', 'Y1', NULL, 'rect', 25.00, 1, NULL, '2024-05-25 09:11:27', '2024-05-30 13:37:28', NULL, 1),
(600, 3, 30, 2, '3-30-2', 'Y2', NULL, 'rect', 25.00, 1, NULL, '2024-05-25 09:11:27', '2024-05-30 13:37:28', NULL, 1),
(601, 3, 30, 3, '3-30-3', 'Y3', NULL, 'rect', 25.00, 1, NULL, '2024-05-25 09:11:27', '2024-05-30 13:37:28', NULL, 1),
(602, 3, 30, 4, '3-30-4', 'Y4', NULL, 'rect', 25.00, 1, NULL, '2024-05-25 09:11:27', '2024-05-30 13:37:28', NULL, 1),
(603, 3, 30, 5, '3-30-5', 'Y5', NULL, 'rect', 25.00, 1, NULL, '2024-05-25 09:11:27', '2024-05-30 13:37:28', NULL, 1),
(604, 3, 30, 6, '3-30-6', 'Y6', NULL, 'rect', 25.00, 1, NULL, '2024-05-25 09:11:27', '2024-05-30 13:37:28', NULL, 1),
(605, 3, 30, 7, '3-30-7', 'Y7', NULL, 'rect', 25.00, 1, NULL, '2024-05-25 09:11:27', '2024-05-30 13:37:28', NULL, 1),
(606, 3, 30, 8, '3-30-8', 'Y8', NULL, 'rect', 25.00, 1, NULL, '2024-05-25 09:11:27', '2024-05-30 13:37:28', NULL, 1),
(607, 3, 30, 9, '3-30-9', 'Y9', NULL, 'rect', 25.00, 1, NULL, '2024-05-25 09:11:28', '2024-05-30 13:37:28', NULL, 1),
(608, 3, 30, 10, '3-30-10', 'Y10', NULL, 'rect', 25.00, 1, NULL, '2024-05-25 09:11:28', '2024-05-30 13:37:28', NULL, 1),
(609, 3, 30, 11, '3-30-11', 'Y11', NULL, 'rect', 25.00, 1, NULL, '2024-05-25 09:11:28', '2024-05-30 13:37:28', NULL, 1),
(610, 3, 30, 12, '3-30-12', 'Y12', NULL, 'rect', 25.00, 1, NULL, '2024-05-25 09:11:28', '2024-05-30 13:37:28', NULL, 1),
(611, 3, 30, 13, '3-30-13', 'Y13', NULL, 'rect', 25.00, 1, NULL, '2024-05-25 09:11:28', '2024-05-30 13:37:28', NULL, 1),
(612, 3, 30, 14, '3-30-14', 'Y14', NULL, 'rect', 25.00, 1, NULL, '2024-05-25 09:11:28', '2024-05-30 13:37:28', NULL, 1),
(613, 3, 30, 15, '3-30-15', 'Y15', NULL, 'rect', 25.00, 1, NULL, '2024-05-25 09:11:28', '2024-05-30 13:37:28', NULL, 1),
(614, 3, 30, 16, '3-30-16', 'Y16', NULL, 'rect', 25.00, 1, NULL, '2024-05-25 09:11:28', '2024-05-30 13:37:28', NULL, 1),
(615, 3, 30, 17, '3-30-17', 'Y17', NULL, 'rect', 25.00, 1, NULL, '2024-05-25 09:11:28', '2024-05-30 13:37:28', NULL, 1),
(616, 3, 30, 18, '3-30-18', 'Y18', NULL, 'rect', 25.00, 1, NULL, '2024-05-25 09:11:28', '2024-05-30 13:37:28', NULL, 1),
(617, 3, 30, 19, '3-30-19', 'Y19', NULL, 'rect', 25.00, 1, NULL, '2024-05-25 09:11:28', '2024-05-30 13:37:28', NULL, 1),
(618, 3, 30, 20, '3-30-20', 'Y20', NULL, 'rect', 25.00, 1, NULL, '2024-05-25 09:11:28', '2024-05-30 13:37:28', NULL, 1),
(619, 3, 30, 21, '3-30-21', 'Y21', NULL, 'rect', 25.00, 1, NULL, '2024-05-25 09:11:28', '2024-05-30 13:37:28', NULL, 1),
(620, 3, 30, 22, '3-30-22', 'Y22', NULL, 'rect', 25.00, 1, NULL, '2024-05-25 09:11:28', '2024-05-30 13:37:28', NULL, 1),
(621, 3, 30, 23, '3-30-23', 'Y23', NULL, 'rect', 25.00, 1, NULL, '2024-05-25 09:11:29', '2024-05-30 13:37:28', NULL, 1),
(622, 3, 30, 24, '3-30-24', 'Y24', NULL, 'rect', 25.00, 1, NULL, '2024-05-25 09:11:29', '2024-05-30 13:37:28', NULL, 1),
(623, 3, 30, 25, '3-30-25', 'Y25', NULL, 'rect', 25.00, 1, NULL, '2024-05-25 09:11:29', '2024-05-30 13:37:28', NULL, 1),
(624, 3, 30, 26, '3-30-26', 'Y26', NULL, 'rect', 25.00, 1, NULL, '2024-05-25 09:11:29', '2024-05-30 13:37:28', NULL, 1),
(625, 3, 30, 27, '3-30-27', 'Y27', NULL, 'rect', 25.00, 1, NULL, '2024-05-25 09:11:29', '2024-05-30 13:37:28', NULL, 1),
(626, 3, 30, 28, '3-30-28', 'Y28', NULL, 'rect', 25.00, 1, NULL, '2024-05-25 09:11:29', '2024-05-30 13:37:28', NULL, 1),
(627, 3, 30, 29, '3-30-29', 'Y29', NULL, 'rect', 25.00, 1, NULL, '2024-05-25 09:11:29', '2024-05-30 13:37:28', NULL, 1),
(628, 3, 30, 30, '3-30-30', 'Y30', NULL, 'rect', 25.00, 1, NULL, '2024-05-25 09:11:29', '2024-05-30 13:37:28', NULL, 1),
(629, 3, 30, 31, '3-30-31', 'Y31', NULL, 'rect', 25.00, 1, NULL, '2024-05-25 09:11:29', '2024-05-30 13:37:28', NULL, 1),
(630, 3, 30, 32, '3-30-32', 'Y32', NULL, 'rect', 25.00, 1, NULL, '2024-05-25 09:11:29', '2024-05-30 13:37:28', NULL, 1),
(631, 3, 30, 33, '3-30-33', 'Y33', NULL, 'rect', 25.00, 1, NULL, '2024-05-25 09:11:29', '2024-05-30 13:37:28', NULL, 1),
(632, 3, 30, 34, '3-30-34', 'Y34', NULL, 'rect', 25.00, 1, NULL, '2024-05-25 09:11:29', '2024-05-30 13:37:28', NULL, 1),
(633, 3, 30, 35, '3-30-35', 'Y35', NULL, 'rect', 25.00, 1, NULL, '2024-05-25 09:11:29', '2024-05-30 13:37:28', NULL, 1),
(634, 3, 30, 36, '3-30-36', 'Y36', NULL, 'rect', 25.00, 1, NULL, '2024-05-25 09:11:29', '2024-05-30 13:37:28', NULL, 1),
(635, 3, 30, 37, '3-30-37', 'Y37', NULL, 'rect', 25.00, 1, NULL, '2024-05-25 09:11:29', '2024-05-30 13:37:28', NULL, 1),
(636, 3, 30, 38, '3-30-38', 'Y38', NULL, 'rect', 25.00, 1, NULL, '2024-05-25 09:11:30', '2024-05-30 13:37:28', NULL, 1),
(637, 3, 30, 39, '3-30-39', 'Y39', NULL, 'rect', 25.00, 1, NULL, '2024-05-25 09:11:30', '2024-05-30 13:37:28', NULL, 1),
(638, 3, 30, 40, '3-30-40', 'Y40', NULL, 'rect', 25.00, 1, NULL, '2024-05-25 09:11:30', '2024-05-30 13:37:28', NULL, 1),
(639, 3, 30, 41, '3-30-41', 'Y41', NULL, 'rect', 25.00, 1, NULL, '2024-05-25 09:11:30', '2024-05-30 13:37:28', NULL, 1),
(640, 3, 30, 42, '3-30-42', 'Y42', NULL, 'rect', 25.00, 1, NULL, '2024-05-25 09:11:30', '2024-05-30 13:37:28', NULL, 1),
(641, 3, 30, 43, '3-30-43', 'Y43', NULL, 'rect', 25.00, 1, NULL, '2024-05-25 09:11:30', '2024-05-30 13:37:28', NULL, 1),
(642, 3, 30, 44, '3-30-44', 'Y44', NULL, 'rect', 25.00, 1, NULL, '2024-05-25 09:11:30', '2024-05-30 13:37:28', NULL, 1),
(643, 3, 30, 45, '3-30-45', 'Y45', NULL, 'rect', 25.00, 1, NULL, '2024-05-25 09:11:30', '2024-05-30 13:37:28', NULL, 1),
(644, 3, 30, 46, '3-30-46', 'Y46', NULL, 'rect', 25.00, 1, NULL, '2024-05-25 09:11:30', '2024-05-30 13:37:28', NULL, 1),
(645, 3, 30, 47, '3-30-47', 'Y47', NULL, 'rect', 25.00, 1, NULL, '2024-05-25 09:11:30', '2024-05-30 13:37:28', NULL, 1),
(646, 3, 30, 48, '3-30-48', 'Y48', NULL, 'rect', 25.00, 1, NULL, '2024-05-25 09:11:30', '2024-05-30 13:37:28', NULL, 1),
(647, 3, 30, 49, '3-30-49', 'Y49', NULL, 'rect', 25.00, 1, NULL, '2024-05-25 09:11:30', '2024-05-30 13:37:28', NULL, 1),
(648, 3, 30, 50, '3-30-50', 'Y50', NULL, 'rect', 25.00, 1, NULL, '2024-05-25 09:11:30', '2024-05-30 13:37:28', NULL, 1),
(649, 3, 30, 51, '3-30-51', 'Y51', NULL, 'rect', 25.00, 1, NULL, '2024-05-25 09:11:30', '2024-05-30 13:37:28', NULL, 1),
(650, 3, 30, 52, '3-30-52', 'Y52', NULL, 'rect', 25.00, 1, NULL, '2024-05-25 09:11:31', '2024-05-30 13:37:28', NULL, 1),
(651, 3, 30, 53, '3-30-53', 'Y53', NULL, 'rect', 25.00, 1, NULL, '2024-05-25 09:11:31', '2024-05-30 13:37:28', NULL, 1),
(652, 3, 30, 54, '3-30-54', 'Y54', NULL, 'rect', 25.00, 1, NULL, '2024-05-25 09:11:31', '2024-05-30 13:37:28', NULL, 1),
(653, 3, 31, 1, '3-31-1', 'Z1', NULL, 'rect', 25.00, 1, NULL, '2024-05-25 09:11:54', '2024-05-30 13:37:28', NULL, 1),
(654, 3, 31, 2, '3-31-2', 'Z2', NULL, 'rect', 25.00, 1, NULL, '2024-05-25 09:11:54', '2024-05-30 13:37:28', NULL, 1),
(655, 3, 31, 3, '3-31-3', 'Z3', NULL, 'rect', 25.00, 1, NULL, '2024-05-25 09:11:54', '2024-05-30 13:37:28', NULL, 1),
(656, 3, 31, 4, '3-31-4', 'Z4', NULL, 'rect', 25.00, 1, NULL, '2024-05-25 09:11:54', '2024-05-30 13:37:28', NULL, 1),
(657, 3, 31, 5, '3-31-5', 'Z5', NULL, 'rect', 25.00, 1, NULL, '2024-05-25 09:11:54', '2024-05-30 13:37:28', NULL, 1),
(658, 3, 31, 6, '3-31-6', 'Z6', NULL, 'rect', 25.00, 1, NULL, '2024-05-25 09:11:54', '2024-05-30 13:37:28', NULL, 1),
(659, 3, 31, 7, '3-31-7', 'Z7', NULL, 'rect', 25.00, 1, NULL, '2024-05-25 09:11:55', '2024-05-30 13:37:28', NULL, 1),
(660, 3, 31, 8, '3-31-8', 'Z8', NULL, 'rect', 25.00, 3, NULL, '2024-05-25 09:11:55', '2024-06-22 04:41:43', NULL, 1),
(661, 3, 31, 9, '3-31-9', 'Z9', NULL, 'rect', 25.00, 1, NULL, '2024-05-25 09:11:55', '2024-05-30 13:37:28', NULL, 1),
(662, 3, 31, 10, '3-31-10', 'Z10', NULL, 'rect', 25.00, 1, NULL, '2024-05-25 09:11:55', '2024-05-30 13:37:28', NULL, 1),
(663, 3, 31, 11, '3-31-11', 'Z11', NULL, 'rect', 25.00, 1, NULL, '2024-05-25 09:11:55', '2024-05-30 13:37:28', NULL, 1),
(664, 3, 31, 12, '3-31-12', 'Z12', NULL, 'rect', 25.00, 1, NULL, '2024-05-25 09:11:55', '2024-05-30 13:37:28', NULL, 1),
(665, 3, 31, 13, '3-31-13', 'Z13', NULL, 'rect', 25.00, 1, NULL, '2024-05-25 09:11:55', '2024-05-30 13:37:28', NULL, 1),
(666, 3, 31, 14, '3-31-14', 'Z14', NULL, 'rect', 25.00, 1, NULL, '2024-05-25 09:11:55', '2024-05-30 13:37:28', NULL, 1),
(667, 3, 31, 15, '3-31-15', 'Z15', NULL, 'rect', 25.00, 1, NULL, '2024-05-25 09:11:55', '2024-05-30 13:37:28', NULL, 1),
(668, 3, 31, 16, '3-31-16', 'Z16', NULL, 'rect', 25.00, 1, NULL, '2024-05-25 09:11:55', '2024-05-30 13:37:28', NULL, 1),
(669, 3, 31, 17, '3-31-17', 'Z17', NULL, 'rect', 25.00, 1, NULL, '2024-05-25 09:11:55', '2024-05-30 13:37:28', NULL, 1),
(670, 3, 31, 18, '3-31-18', 'Z18', NULL, 'rect', 25.00, 1, NULL, '2024-05-25 09:11:55', '2024-05-30 13:37:28', NULL, 1),
(671, 3, 31, 19, '3-31-19', 'Z19', NULL, 'rect', 25.00, 1, NULL, '2024-05-25 09:11:55', '2024-05-30 13:37:28', NULL, 1),
(672, 3, 31, 20, '3-31-20', 'Z20', NULL, 'rect', 25.00, 1, NULL, '2024-05-25 09:11:55', '2024-05-30 13:37:28', NULL, 1),
(673, 3, 31, 21, '3-31-21', 'Z21', NULL, 'rect', 25.00, 1, NULL, '2024-05-25 09:11:55', '2024-05-30 13:37:28', NULL, 1),
(674, 3, 31, 22, '3-31-22', 'Z22', NULL, 'rect', 25.00, 1, NULL, '2024-05-25 09:11:55', '2024-05-30 13:37:28', NULL, 1),
(675, 3, 31, 23, '3-31-23', 'Z23', NULL, 'rect', 25.00, 1, NULL, '2024-05-25 09:11:55', '2024-05-30 13:37:28', NULL, 1),
(676, 3, 31, 24, '3-31-24', 'Z24', NULL, 'rect', 25.00, 1, NULL, '2024-05-25 09:11:56', '2024-05-30 13:37:28', NULL, 1),
(677, 3, 31, 25, '3-31-25', 'Z25', NULL, 'rect', 25.00, 1, NULL, '2024-05-25 09:11:56', '2024-05-30 13:37:28', NULL, 1),
(678, 3, 31, 26, '3-31-26', 'Z26', NULL, 'rect', 25.00, 1, NULL, '2024-05-25 09:11:56', '2024-05-30 13:37:28', NULL, 1),
(679, 3, 31, 27, '3-31-27', 'Z27', NULL, 'rect', 25.00, 1, NULL, '2024-05-25 09:11:56', '2024-05-30 13:37:28', NULL, 1),
(680, 3, 31, 28, '3-31-28', 'Z28', NULL, 'rect', 25.00, 1, NULL, '2024-05-25 09:11:56', '2024-05-30 13:37:28', NULL, 1),
(681, 3, 31, 29, '3-31-29', 'Z29', NULL, 'rect', 25.00, 1, NULL, '2024-05-25 09:11:56', '2024-05-30 13:37:28', NULL, 1),
(682, 3, 31, 30, '3-31-30', 'Z30', NULL, 'rect', 25.00, 1, NULL, '2024-05-25 09:11:56', '2024-05-30 13:37:28', NULL, 1),
(683, 3, 31, 31, '3-31-31', 'Z31', NULL, 'rect', 25.00, 1, NULL, '2024-05-25 09:11:56', '2024-05-30 13:37:28', NULL, 1),
(684, 3, 31, 32, '3-31-32', 'Z32', NULL, 'rect', 25.00, 1, NULL, '2024-05-25 09:11:56', '2024-05-30 13:37:28', NULL, 1),
(685, 3, 31, 33, '3-31-33', 'Z33', NULL, 'rect', 25.00, 1, NULL, '2024-05-25 09:11:56', '2024-05-30 13:37:28', NULL, 1),
(686, 3, 31, 34, '3-31-34', 'Z34', NULL, 'rect', 25.00, 1, NULL, '2024-05-25 09:11:56', '2024-05-30 13:37:28', NULL, 1),
(687, 3, 31, 35, '3-31-35', 'Z35', NULL, 'rect', 25.00, 1, NULL, '2024-05-25 09:11:56', '2024-05-30 13:37:28', NULL, 1),
(688, 3, 31, 36, '3-31-36', 'Z36', NULL, 'rect', 25.00, 1, NULL, '2024-05-25 09:11:56', '2024-05-30 13:37:28', NULL, 1),
(689, 3, 31, 37, '3-31-37', 'Z37', NULL, 'rect', 25.00, 1, NULL, '2024-05-25 09:11:56', '2024-05-30 13:37:28', NULL, 1),
(690, 3, 31, 38, '3-31-38', 'Z38', NULL, 'rect', 25.00, 1, NULL, '2024-05-25 09:11:56', '2024-05-30 13:37:28', NULL, 1),
(691, 3, 31, 39, '3-31-39', 'Z39', NULL, 'rect', 25.00, 1, NULL, '2024-05-25 09:11:56', '2024-05-30 13:37:28', NULL, 1),
(692, 3, 31, 40, '3-31-40', 'Z40', NULL, 'rect', 25.00, 1, NULL, '2024-05-25 09:11:57', '2024-05-30 13:37:28', NULL, 1),
(693, 3, 31, 41, '3-31-41', 'Z41', NULL, 'rect', 25.00, 1, NULL, '2024-05-25 09:11:57', '2024-05-30 13:37:28', NULL, 1),
(694, 3, 31, 42, '3-31-42', 'Z42', NULL, 'rect', 25.00, 1, NULL, '2024-05-25 09:11:57', '2024-05-30 13:37:28', NULL, 1),
(695, 3, 31, 43, '3-31-43', 'Z43', NULL, 'rect', 25.00, 1, NULL, '2024-05-25 09:11:57', '2024-05-30 13:37:28', NULL, 1),
(696, 3, 31, 44, '3-31-44', 'Z44', NULL, 'rect', 25.00, 1, NULL, '2024-05-25 09:11:57', '2024-05-30 13:37:28', NULL, 1),
(697, 3, 31, 45, '3-31-45', 'Z45', NULL, 'rect', 25.00, 1, NULL, '2024-05-25 09:11:57', '2024-05-30 13:37:28', NULL, 1),
(698, 3, 31, 46, '3-31-46', 'Z46', NULL, 'rect', 25.00, 1, NULL, '2024-05-25 09:11:57', '2024-05-30 13:37:28', NULL, 1),
(699, 3, 31, 47, '3-31-47', 'Z47', NULL, 'rect', 25.00, 1, NULL, '2024-05-25 09:11:57', '2024-05-30 13:37:28', NULL, 1),
(700, 3, 31, 48, '3-31-48', 'Z48', NULL, 'rect', 25.00, 1, NULL, '2024-05-25 09:11:57', '2024-05-30 13:37:28', NULL, 1),
(701, 3, 31, 49, '3-31-49', 'Z49', NULL, 'rect', 25.00, 1, NULL, '2024-05-25 09:11:57', '2024-05-30 13:37:28', NULL, 1),
(702, 3, 31, 50, '3-31-50', 'Z50', NULL, 'rect', 25.00, 1, NULL, '2024-05-25 09:11:57', '2024-05-30 13:37:28', NULL, 1),
(703, 3, 31, 51, '3-31-51', 'Z51', NULL, 'rect', 25.00, 1, NULL, '2024-05-25 09:11:57', '2024-05-30 13:37:28', NULL, 1),
(704, 3, 31, 52, '3-31-52', 'Z52', NULL, 'rect', 25.00, 1, NULL, '2024-05-25 09:11:57', '2024-05-30 13:37:28', NULL, 1),
(705, 3, 31, 53, '3-31-53', 'Z53', NULL, 'rect', 25.00, 1, NULL, '2024-05-25 09:11:57', '2024-05-30 13:37:28', NULL, 1),
(706, 3, 31, 54, '3-31-54', 'Z54', NULL, 'rect', 25.00, 1, NULL, '2024-05-25 09:11:57', '2024-05-30 13:37:28', NULL, 1),
(707, 3, 31, 55, '3-31-55', 'Z55', NULL, 'rect', 25.00, 1, NULL, '2024-05-25 09:11:57', '2024-05-30 13:37:28', NULL, 1),
(708, 3, 31, 56, '3-31-56', 'Z56', NULL, 'rect', 25.00, 1, NULL, '2024-05-25 09:11:58', '2024-05-30 13:37:28', NULL, 1),
(709, 3, 31, 57, '3-31-57', 'Z57', NULL, 'rect', 25.00, 1, NULL, '2024-05-25 09:11:58', '2024-05-30 13:37:28', NULL, 1),
(710, 3, 31, 58, '3-31-58', 'Z58', NULL, 'rect', 25.00, 1, NULL, '2024-05-25 09:11:58', '2024-05-30 13:37:28', NULL, 1),
(711, 3, 31, 59, '3-31-59', 'Z59', NULL, 'rect', 25.00, 1, NULL, '2024-05-25 09:11:58', '2024-05-30 13:37:28', NULL, 1),
(712, 3, 31, 60, '3-31-60', 'Z60', NULL, 'rect', 25.00, 1, NULL, '2024-05-25 09:11:58', '2024-05-30 13:37:28', NULL, 1),
(713, 3, 31, 61, '3-31-61', 'Z61', NULL, 'rect', 25.00, 1, NULL, '2024-05-25 09:11:58', '2024-05-30 13:37:28', NULL, 1),
(714, 3, 31, 62, '3-31-62', 'Z62', NULL, 'rect', 25.00, 1, NULL, '2024-05-25 09:11:58', '2024-05-30 13:37:28', NULL, 1),
(715, 3, 31, 63, '3-31-63', 'Z63', NULL, 'rect', 25.00, 1, NULL, '2024-05-25 09:11:58', '2024-05-30 13:37:28', NULL, 1),
(716, 3, 31, 64, '3-31-64', 'Z64', NULL, 'rect', 25.00, 1, NULL, '2024-05-25 09:11:58', '2024-05-30 13:37:28', NULL, 1),
(717, 3, 13, 1, '3-13-1', 'H1', NULL, 'rect', 25.00, 1, NULL, '2024-05-25 13:33:12', '2024-05-30 13:37:28', NULL, 1),
(718, 3, 13, 2, '3-13-2', 'H2', NULL, 'rect', 25.00, 1, NULL, '2024-05-25 13:33:12', '2024-05-30 13:37:28', NULL, 1),
(719, 3, 13, 3, '3-13-3', 'H3', NULL, 'rect', 25.00, 1, NULL, '2024-05-25 13:33:12', '2024-05-30 13:37:28', NULL, 1),
(720, 3, 13, 4, '3-13-4', 'H4', NULL, 'rect', 25.00, 1, NULL, '2024-05-25 13:33:12', '2024-05-30 13:37:28', NULL, 1),
(721, 3, 13, 5, '3-13-5', 'H5', NULL, 'rect', 25.00, 1, NULL, '2024-05-25 14:45:38', '2024-05-30 13:37:28', NULL, 1),
(722, 3, 13, 6, '3-13-6', 'H6', NULL, 'rect', 25.00, 1, NULL, '2024-05-25 14:45:39', '2024-05-30 13:37:28', NULL, 1),
(723, 3, 13, 7, '3-13-7', 'H7', NULL, 'rect', 25.00, 1, NULL, '2024-05-25 14:45:39', '2024-05-30 13:37:28', NULL, 1),
(724, 3, 13, 8, '3-13-8', 'H8', NULL, 'rect', 25.00, 1, NULL, '2024-05-25 14:45:39', '2024-05-30 13:37:28', NULL, 1),
(725, 3, 13, 9, '3-13-9', 'H9', NULL, 'rect', 25.00, 1, NULL, '2024-05-25 14:45:39', '2024-05-30 13:37:28', NULL, 1),
(726, 3, 13, 10, '3-13-10', 'H10', NULL, 'rect', 25.00, 1, NULL, '2024-05-25 14:45:39', '2024-05-30 13:37:28', NULL, 1),
(727, 3, 13, 11, '3-13-11', 'H11', NULL, 'rect', 25.00, 1, NULL, '2024-05-25 14:45:39', '2024-05-30 13:37:28', NULL, 1),
(728, 3, 13, 12, '3-13-12', 'H12', NULL, 'rect', 25.00, 1, NULL, '2024-05-25 14:45:39', '2024-05-30 13:37:28', NULL, 1),
(729, 3, 13, 13, '3-13-13', 'H13', NULL, 'rect', 25.00, 1, NULL, '2024-05-25 14:45:39', '2024-05-30 13:37:28', NULL, 1),
(730, 3, 13, 14, '3-13-14', 'H14', NULL, 'rect', 25.00, 1, NULL, '2024-05-25 14:45:39', '2024-05-30 13:37:28', NULL, 1),
(731, 3, 13, 15, '3-13-15', 'H15', NULL, 'rect', 25.00, 1, NULL, '2024-05-25 14:59:06', '2024-05-30 13:37:28', NULL, 1),
(732, 3, 13, 16, '3-13-16', 'H16', NULL, 'rect', 25.00, 1, NULL, '2024-05-25 14:59:06', '2024-05-30 13:37:28', NULL, 1),
(733, 3, 13, 17, '3-13-17', 'H17', NULL, 'rect', 25.00, 1, NULL, '2024-05-25 14:59:07', '2024-05-30 13:37:28', NULL, 1),
(734, 3, 13, 18, '3-13-18', 'H18', NULL, 'rect', 25.00, 1, NULL, '2024-05-25 14:59:07', '2024-05-30 13:37:28', NULL, 1),
(735, 3, 13, 19, '3-13-19', 'H19', NULL, 'rect', 25.00, 1, NULL, '2024-05-25 14:59:07', '2024-05-30 13:37:28', NULL, 1),
(736, 3, 13, 20, '3-13-20', 'H20', NULL, 'rect', 25.00, 1, NULL, '2024-05-25 14:59:07', '2024-05-30 13:37:28', NULL, 1),
(737, 3, 13, 21, '3-13-21', 'H21', NULL, 'rect', 25.00, 1, NULL, '2024-05-25 14:59:07', '2024-05-30 13:37:28', NULL, 1),
(738, 3, 13, 22, '3-13-22', 'H22', NULL, 'rect', 25.00, 1, NULL, '2024-05-25 14:59:07', '2024-05-30 13:37:28', NULL, 1),
(739, 3, 13, 23, '3-13-23', 'H23', NULL, 'rect', 25.00, 1, NULL, '2024-05-25 14:59:07', '2024-05-30 13:37:28', NULL, 1),
(740, 3, 13, 24, '3-13-24', 'H24', NULL, 'rect', 25.00, 1, NULL, '2024-05-25 14:59:07', '2024-05-30 13:37:28', NULL, 1),
(741, 3, 13, 25, '3-13-25', 'H25', NULL, 'rect', 25.00, 1, NULL, '2024-05-25 14:59:07', '2024-05-30 13:37:28', NULL, 1),
(742, 3, 13, 26, '3-13-26', 'H26', NULL, 'rect', 25.00, 1, NULL, '2024-05-25 14:59:07', '2024-05-30 13:37:28', NULL, 1),
(743, 3, 13, 27, '3-13-27', 'H27', NULL, 'rect', 25.00, 1, NULL, '2024-05-25 14:59:07', '2024-05-30 13:37:28', NULL, 1),
(744, 3, 13, 28, '3-13-28', 'H28', NULL, 'rect', 25.00, 1, NULL, '2024-05-25 14:59:07', '2024-05-30 13:37:28', NULL, 1),
(745, 3, 13, 29, '3-13-29', 'H29', NULL, 'rect', 25.00, 1, NULL, '2024-05-25 14:59:07', '2024-05-30 13:37:28', NULL, 1),
(746, 3, 13, 30, '3-13-30', 'H30', NULL, 'rect', 25.00, 1, NULL, '2024-05-25 14:59:08', '2024-05-30 13:37:28', NULL, 1),
(747, 3, 13, 31, '3-13-31', 'H31', NULL, 'rect', 25.00, 1, NULL, '2024-05-25 14:59:08', '2024-05-30 13:37:28', NULL, 1),
(748, 3, 13, 32, '3-13-32', 'H32', NULL, 'rect', 25.00, 1, NULL, '2024-05-25 14:59:08', '2024-05-30 13:37:28', NULL, 1),
(749, 3, 13, 33, '3-13-33', 'H33', NULL, 'rect', 25.00, 1, NULL, '2024-05-25 14:59:08', '2024-05-30 13:37:28', NULL, 1),
(750, 3, 13, 34, '3-13-34', 'H34', NULL, 'rect', 25.00, 1, NULL, '2024-05-25 14:59:08', '2024-05-30 13:37:28', NULL, 1),
(751, 3, 13, 35, '3-13-35', 'H35', NULL, 'rect', 25.00, 1, NULL, '2024-05-25 14:59:08', '2024-05-30 13:37:28', NULL, 1),
(752, 3, 13, 36, '3-13-36', 'H36', NULL, 'rect', 25.00, 1, NULL, '2024-05-25 14:59:08', '2024-05-30 13:37:28', NULL, 1),
(753, 3, 13, 37, '3-13-37', 'H37', NULL, 'rect', 25.00, 1, NULL, '2024-05-25 14:59:08', '2024-05-30 13:37:28', NULL, 1),
(754, 3, 13, 38, '3-13-38', 'H38', NULL, 'rect', 25.00, 1, NULL, '2024-05-25 14:59:08', '2024-05-30 13:37:28', NULL, 1),
(755, 3, 13, 39, '3-13-39', 'H39', NULL, 'rect', 25.00, 1, NULL, '2024-05-25 14:59:08', '2024-05-30 13:37:28', NULL, 1),
(756, 3, 13, 40, '3-13-40', 'H40', NULL, 'rect', 25.00, 1, NULL, '2024-05-25 14:59:08', '2024-05-30 13:37:28', NULL, 1),
(757, 3, 13, 41, '3-13-41', 'H41', NULL, 'rect', 25.00, 1, NULL, '2024-05-25 14:59:08', '2024-05-30 13:37:28', NULL, 1),
(758, 3, 13, 42, '3-13-42', 'H42', NULL, 'rect', 25.00, 1, NULL, '2024-05-25 14:59:09', '2024-05-30 13:37:28', NULL, 1),
(759, 3, 13, 43, '3-13-43', 'H43', NULL, 'rect', 25.00, 1, NULL, '2024-05-25 14:59:09', '2024-05-30 13:37:28', NULL, 1),
(760, 3, 13, 44, '3-13-44', 'H44', NULL, 'rect', 25.00, 1, NULL, '2024-05-25 14:59:09', '2024-05-30 13:37:28', NULL, 1),
(761, 3, 13, 45, '3-13-45', 'H45', NULL, 'rect', 25.00, 1, NULL, '2024-05-25 14:59:09', '2024-05-30 13:37:28', NULL, 1),
(762, 3, 13, 46, '3-13-46', 'H46', NULL, 'rect', 25.00, 1, NULL, '2024-05-25 14:59:09', '2024-05-30 13:37:28', NULL, 1),
(763, 3, 13, 47, '3-13-47', 'H47', NULL, 'rect', 25.00, 1, NULL, '2024-05-25 14:59:09', '2024-05-30 13:37:28', NULL, 1),
(764, 3, 13, 48, '3-13-48', 'H48', NULL, 'rect', 25.00, 1, NULL, '2024-05-25 14:59:09', '2024-05-30 13:37:28', NULL, 1),
(765, 3, 14, 1, '3-14-1', 'I1', NULL, 'rect', 25.00, 1, NULL, '2024-05-26 05:52:38', '2024-05-30 13:37:28', NULL, 1),
(766, 3, 14, 2, '3-14-2', 'I2', NULL, 'rect', 25.00, 1, NULL, '2024-05-26 05:52:38', '2024-05-30 13:37:28', NULL, 1),
(767, 3, 14, 3, '3-14-3', 'I3', NULL, 'rect', 25.00, 1, NULL, '2024-05-26 05:52:38', '2024-05-30 13:37:28', NULL, 1),
(768, 3, 14, 4, '3-14-4', 'I4', NULL, 'rect', 25.00, 1, NULL, '2024-05-26 05:52:38', '2024-05-30 13:37:28', NULL, 1),
(769, 3, 15, 1, '3-15-1', 'J1', NULL, 'rect', 25.00, 1, NULL, '2024-05-26 05:52:38', '2024-05-30 13:37:28', NULL, 1),
(770, 3, 15, 2, '3-15-2', 'J2', NULL, 'rect', 25.00, 1, NULL, '2024-05-26 05:52:38', '2024-05-30 13:37:28', NULL, 1),
(771, 3, 15, 3, '3-15-3', 'J3', NULL, 'rect', 25.00, 1, NULL, '2024-05-26 05:52:38', '2024-05-30 13:37:28', NULL, 1),
(772, 3, 15, 4, '3-15-4', 'J4', NULL, 'rect', 25.00, 1, NULL, '2024-05-26 05:52:38', '2024-05-30 13:37:28', NULL, 1),
(773, 3, 16, 1, '3-16-1', 'K1', NULL, 'rect', 25.00, 1, NULL, '2024-05-26 05:52:38', '2024-05-30 13:37:28', NULL, 1),
(774, 3, 16, 2, '3-16-2', 'K2', NULL, 'rect', 25.00, 1, NULL, '2024-05-26 05:52:38', '2024-05-30 13:37:28', NULL, 1),
(775, 3, 16, 3, '3-16-3', 'K3', NULL, 'rect', 25.00, 1, NULL, '2024-05-26 05:52:39', '2024-05-30 13:37:28', NULL, 1),
(776, 3, 16, 4, '3-16-4', 'K4', NULL, 'rect', 25.00, 1, NULL, '2024-05-26 05:52:39', '2024-05-30 13:37:28', NULL, 1),
(789, 3, 21, 1, '3-21-1', 'P1', NULL, 'rect', 25.00, 1, NULL, '2024-05-26 05:56:19', '2024-05-30 13:37:28', NULL, 1),
(790, 3, 21, 2, '3-21-2', 'P2', NULL, 'rect', 25.00, 1, NULL, '2024-05-26 05:56:19', '2024-05-30 13:37:28', NULL, 1),
(791, 3, 21, 3, '3-21-3', 'P3', NULL, 'rect', 25.00, 1, NULL, '2024-05-26 05:56:19', '2024-05-30 13:37:28', NULL, 1),
(792, 3, 21, 4, '3-21-4', 'P4', NULL, 'rect', 25.00, 1, NULL, '2024-05-26 05:56:19', '2024-05-30 13:37:28', NULL, 1),
(793, 3, 21, 5, '3-21-5', 'P5', NULL, 'rect', 25.00, 1, NULL, '2024-05-26 05:56:19', '2024-05-30 13:37:28', NULL, 1),
(794, 3, 14, 5, '3-14-5', 'I5', NULL, 'rect', 25.00, 1, NULL, '2024-05-26 06:18:58', '2024-05-30 13:37:28', NULL, 1),
(795, 3, 14, 6, '3-14-6', 'I6', NULL, 'rect', 25.00, 1, NULL, '2024-05-26 06:18:58', '2024-05-30 13:37:28', NULL, 1),
(796, 3, 14, 7, '3-14-7', 'I7', NULL, 'rect', 25.00, 1, NULL, '2024-05-26 06:18:58', '2024-05-30 13:37:28', NULL, 1),
(797, 3, 14, 8, '3-14-8', 'I8', NULL, 'rect', 25.00, 1, NULL, '2024-05-26 06:18:58', '2024-05-30 13:37:28', NULL, 1),
(798, 3, 14, 9, '3-14-9', 'I9', NULL, 'rect', 25.00, 1, NULL, '2024-05-26 06:18:59', '2024-05-30 13:37:28', NULL, 1),
(799, 3, 14, 10, '3-14-10', 'I10', NULL, 'rect', 25.00, 1, NULL, '2024-05-26 06:18:59', '2024-05-30 13:37:28', NULL, 1),
(800, 3, 14, 11, '3-14-11', 'I11', NULL, 'rect', 25.00, 1, NULL, '2024-05-26 06:18:59', '2024-05-30 13:37:28', NULL, 1),
(801, 3, 14, 12, '3-14-12', 'I12', NULL, 'rect', 25.00, 1, NULL, '2024-05-26 06:18:59', '2024-05-30 13:37:28', NULL, 1),
(802, 3, 14, 13, '3-14-13', 'I13', NULL, 'rect', 25.00, 1, NULL, '2024-05-26 06:18:59', '2024-05-30 13:37:28', NULL, 1),
(803, 3, 14, 14, '3-14-14', 'I14', NULL, 'rect', 25.00, 1, NULL, '2024-05-26 06:18:59', '2024-05-30 13:37:28', NULL, 1),
(804, 3, 14, 15, '3-14-15', 'I15', NULL, 'rect', 25.00, 1, NULL, '2024-05-26 06:18:59', '2024-05-30 13:37:28', NULL, 1),
(806, 3, 14, 16, '3-14-16', 'I16', NULL, 'rect', 25.00, 1, NULL, '2024-05-26 06:18:59', '2024-05-30 13:37:28', NULL, 1),
(807, 3, 14, 17, '3-14-17', 'I17', NULL, 'rect', 25.00, 1, NULL, '2024-05-26 06:18:59', '2024-05-30 13:37:28', NULL, 1),
(808, 3, 14, 18, '3-14-18', 'I18', NULL, 'rect', 25.00, 1, NULL, '2024-05-26 06:18:59', '2024-05-30 13:37:28', NULL, 1),
(809, 3, 14, 19, '3-14-19', 'I19', NULL, 'rect', 25.00, 1, NULL, '2024-05-26 06:18:59', '2024-05-30 13:37:28', NULL, 1),
(810, 3, 14, 20, '3-14-20', 'I20', NULL, 'rect', 25.00, 1, NULL, '2024-05-26 06:18:59', '2024-05-30 13:37:28', NULL, 1),
(811, 3, 14, 21, '3-14-21', 'I21', NULL, 'rect', 25.00, 1, NULL, '2024-05-26 06:19:00', '2024-05-30 13:37:28', NULL, 1),
(812, 3, 14, 22, '3-14-22', 'I22', NULL, 'rect', 25.00, 1, NULL, '2024-05-26 06:19:00', '2024-05-30 13:37:28', NULL, 1),
(813, 3, 14, 23, '3-14-23', 'I23', NULL, 'rect', 25.00, 1, NULL, '2024-05-26 06:19:00', '2024-05-30 13:37:28', NULL, 1),
(814, 3, 14, 24, '3-14-24', 'I24', NULL, 'rect', 25.00, 1, NULL, '2024-05-26 06:19:00', '2024-05-30 13:37:28', NULL, 1),
(815, 3, 14, 25, '3-14-25', 'I25', NULL, 'rect', 25.00, 1, NULL, '2024-05-26 06:19:00', '2024-05-30 13:37:28', NULL, 1),
(816, 3, 14, 26, '3-14-26', 'I26', NULL, 'rect', 25.00, 1, NULL, '2024-05-26 06:19:00', '2024-05-30 13:37:28', NULL, 1),
(817, 3, 14, 27, '3-14-27', 'I27', NULL, 'rect', 25.00, 1, NULL, '2024-05-26 06:19:00', '2024-05-30 13:37:28', NULL, 1),
(818, 3, 14, 28, '3-14-28', 'I28', NULL, 'rect', 25.00, 3, NULL, '2024-05-26 06:19:00', '2024-08-21 09:10:12', NULL, 1),
(819, 3, 14, 29, '3-14-29', 'I29', NULL, 'rect', 25.00, 1, NULL, '2024-05-26 06:19:00', '2024-05-30 13:37:28', NULL, 1),
(820, 3, 14, 30, '3-14-30', 'I30', NULL, 'rect', 25.00, 1, NULL, '2024-05-26 06:19:00', '2024-05-30 13:37:28', NULL, 1),
(821, 3, 14, 31, '3-14-31', 'I31', NULL, 'rect', 25.00, 1, NULL, '2024-05-26 06:19:00', '2024-05-30 13:37:28', NULL, 1),
(822, 3, 14, 32, '3-14-32', 'I32', NULL, 'rect', 25.00, 1, NULL, '2024-05-26 06:19:00', '2024-05-30 13:37:28', NULL, 1),
(823, 3, 14, 33, '3-14-33', 'I33', NULL, 'rect', 25.00, 1, NULL, '2024-05-26 06:19:00', '2024-05-30 13:37:28', NULL, 1),
(824, 3, 14, 34, '3-14-34', 'I34', NULL, 'rect', 25.00, 1, NULL, '2024-05-26 06:19:00', '2024-05-30 13:37:28', NULL, 1),
(825, 3, 14, 35, '3-14-35', 'I35', NULL, 'rect', 25.00, 1, NULL, '2024-05-26 06:19:01', '2024-05-30 13:37:28', NULL, 1),
(826, 3, 14, 36, '3-14-36', 'I36', NULL, 'rect', 25.00, 1, NULL, '2024-05-26 06:19:01', '2024-05-30 13:37:28', NULL, 1),
(827, 3, 14, 37, '3-14-37', 'I37', NULL, 'rect', 25.00, 1, NULL, '2024-05-26 06:19:01', '2024-05-30 13:37:28', NULL, 1),
(828, 3, 14, 38, '3-14-38', 'I38', NULL, 'rect', 25.00, 1, NULL, '2024-05-26 06:19:01', '2024-05-30 13:37:28', NULL, 1),
(829, 3, 14, 39, '3-14-39', 'I39', NULL, 'rect', 25.00, 1, NULL, '2024-05-26 06:19:01', '2024-05-30 13:37:28', NULL, 1),
(830, 3, 14, 40, '3-14-40', 'I40', NULL, 'rect', 25.00, 1, NULL, '2024-05-26 06:19:01', '2024-05-30 13:37:28', NULL, 1),
(831, 3, 14, 41, '3-14-41', 'I41', NULL, 'rect', 25.00, 1, NULL, '2024-05-26 06:19:01', '2024-05-30 13:37:28', NULL, 1),
(832, 3, 14, 42, '3-14-42', 'I42', NULL, 'rect', 25.00, 1, NULL, '2024-05-26 06:19:01', '2024-05-30 13:37:28', NULL, 1),
(833, 3, 14, 43, '3-14-43', 'I43', NULL, 'rect', 25.00, 1, NULL, '2024-05-26 06:19:01', '2024-05-30 13:37:28', NULL, 1),
(834, 3, 14, 44, '3-14-44', 'I44', NULL, 'rect', 25.00, 1, NULL, '2024-05-26 06:19:01', '2024-05-30 13:37:28', NULL, 1),
(835, 3, 14, 45, '3-14-45', 'I45', NULL, 'rect', 25.00, 1, NULL, '2024-05-26 06:19:01', '2024-05-30 13:37:28', NULL, 1),
(836, 3, 14, 46, '3-14-46', 'I46', NULL, 'rect', 25.00, 1, NULL, '2024-05-26 06:19:01', '2024-05-30 13:37:28', NULL, 1),
(837, 3, 14, 47, '3-14-47', 'I47', NULL, 'rect', 25.00, 1, NULL, '2024-05-26 06:19:02', '2024-05-30 13:37:28', NULL, 1),
(838, 3, 14, 48, '3-14-48', 'I48', NULL, 'rect', 25.00, 1, NULL, '2024-05-26 06:19:02', '2024-05-30 13:37:28', NULL, 1),
(839, 3, 14, 61, '3-14-61', 'I61', NULL, 'rect', 25.00, 1, NULL, '2024-05-26 06:46:13', '2024-05-30 13:37:28', NULL, 1),
(840, 3, 22, 1, '3-22-1', 'Q1', NULL, 'rect', 25.00, 1, NULL, '2024-05-26 06:46:15', '2024-05-30 13:37:28', NULL, 1),
(841, 3, 22, 2, '3-22-2', 'Q2', NULL, 'rect', 25.00, 1, NULL, '2024-05-26 06:46:15', '2024-05-30 13:37:28', NULL, 1),
(842, 3, 22, 3, '3-22-3', 'Q3', NULL, 'rect', 25.00, 1, NULL, '2024-05-26 06:46:15', '2024-05-30 13:37:28', NULL, 1),
(843, 3, 22, 4, '3-22-4', 'Q4', NULL, 'rect', 25.00, 1, NULL, '2024-05-26 06:46:16', '2024-05-30 13:37:28', NULL, 1),
(844, 3, 22, 5, '3-22-5', 'Q5', NULL, 'rect', 25.00, 1, NULL, '2024-05-26 06:46:16', '2024-05-30 13:37:28', NULL, 1),
(845, 3, 23, 1, '3-23-1', 'R1', NULL, 'rect', 25.00, 1, NULL, '2024-05-26 06:46:16', '2024-05-30 13:37:28', NULL, 1),
(846, 3, 23, 2, '3-23-2', 'R2', NULL, 'rect', 25.00, 1, NULL, '2024-05-26 06:46:16', '2024-05-30 13:37:28', NULL, 1),
(847, 3, 23, 3, '3-23-3', 'R3', NULL, 'rect', 25.00, 1, NULL, '2024-05-26 06:46:16', '2024-05-30 13:37:28', NULL, 1),
(848, 3, 23, 4, '3-23-4', 'R4', NULL, 'rect', 25.00, 1, NULL, '2024-05-26 06:46:16', '2024-05-30 13:37:28', NULL, 1),
(849, 3, 23, 5, '3-23-5', 'R5', NULL, 'rect', 25.00, 1, NULL, '2024-05-26 06:46:16', '2024-05-30 13:37:28', NULL, 1),
(850, 3, 24, 1, '3-24-1', 'S1', NULL, 'rect', 25.00, 1, NULL, '2024-05-26 06:46:16', '2024-05-30 13:37:28', NULL, 1),
(851, 3, 24, 2, '3-24-2', 'S2', NULL, 'rect', 25.00, 1, NULL, '2024-05-26 06:46:16', '2024-05-30 13:37:28', NULL, 1),
(852, 3, 24, 3, '3-24-3', 'S3', NULL, 'rect', 25.00, 1, NULL, '2024-05-26 06:46:16', '2024-05-30 13:37:28', NULL, 1),
(853, 3, 24, 4, '3-24-4', 'S4', NULL, 'rect', 25.00, 1, NULL, '2024-05-26 06:46:16', '2024-05-30 13:37:28', NULL, 1),
(854, 3, 24, 5, '3-24-5', 'S5', NULL, 'rect', 25.00, 1, NULL, '2024-05-26 06:46:16', '2024-05-30 13:37:28', NULL, 1),
(855, 3, 25, 1, '3-25-1', 'T1', NULL, 'rect', 25.00, 1, NULL, '2024-05-26 06:46:17', '2024-05-30 13:37:28', NULL, 1),
(856, 3, 25, 2, '3-25-2', 'T2', NULL, 'rect', 25.00, 1, NULL, '2024-05-26 06:46:17', '2024-05-30 13:37:28', NULL, 1),
(857, 3, 25, 3, '3-25-3', 'T3', NULL, 'rect', 25.00, 1, NULL, '2024-05-26 06:46:17', '2024-05-30 13:37:28', NULL, 1),
(858, 3, 25, 4, '3-25-4', 'T4', NULL, 'rect', 25.00, 1, NULL, '2024-05-26 06:46:17', '2024-05-30 13:37:28', NULL, 1),
(859, 3, 25, 5, '3-25-5', 'T5', NULL, 'rect', 25.00, 1, NULL, '2024-05-26 06:46:17', '2024-05-30 13:37:28', NULL, 1);
INSERT INTO "master_layout" ("id", "id_floor", "id_row", "no", "code", "seat_code", "coords", "shape", "price", "status", "last_updated_by", "created_at", "updated_at", "deleted_at", "flag") VALUES
(860, 3, 15, 45, '3-15-45', 'J45', NULL, 'rect', 25.00, 1, NULL, '2024-05-26 06:50:38', '2024-05-30 13:37:28', NULL, 1),
(861, 3, 15, 46, '3-15-46', 'J46', NULL, 'rect', 25.00, 1, NULL, '2024-05-26 06:50:38', '2024-05-30 13:37:28', NULL, 1),
(862, 3, 15, 47, '3-15-47', 'J47', NULL, 'rect', 25.00, 1, NULL, '2024-05-26 06:50:38', '2024-05-30 13:37:28', NULL, 1),
(863, 3, 15, 48, '3-15-48', 'J48', NULL, 'rect', 25.00, 1, NULL, '2024-05-26 06:50:38', '2024-05-30 13:37:28', NULL, 1),
(864, 3, 16, 45, '3-16-45', 'K45', NULL, 'rect', 25.00, 1, NULL, '2024-05-26 06:50:38', '2024-05-30 13:37:28', NULL, 1),
(865, 3, 16, 46, '3-16-46', 'K46', NULL, 'rect', 25.00, 1, NULL, '2024-05-26 06:50:38', '2024-05-30 13:37:28', NULL, 1),
(866, 3, 16, 47, '3-16-47', 'K47', NULL, 'rect', 25.00, 1, NULL, '2024-05-26 06:50:38', '2024-05-30 13:37:28', NULL, 1),
(867, 3, 16, 48, '3-16-48', 'K48', NULL, 'rect', 25.00, 1, NULL, '2024-05-26 06:50:38', '2024-05-30 13:37:28', NULL, 1),
(880, 3, 25, 50, '3-25-50', 'T50', NULL, 'rect', 25.00, 1, NULL, '2024-05-26 07:03:08', '2024-05-30 13:37:28', NULL, 1),
(881, 3, 25, 51, '3-25-51', 'T51', NULL, 'rect', 25.00, 1, NULL, '2024-05-26 07:03:08', '2024-05-30 13:37:28', NULL, 1),
(882, 3, 25, 52, '3-25-52', 'T52', NULL, 'rect', 25.00, 1, NULL, '2024-05-26 07:03:08', '2024-05-30 13:37:28', NULL, 1),
(883, 3, 25, 53, '3-25-53', 'T53', NULL, 'rect', 25.00, 1, NULL, '2024-05-26 07:03:08', '2024-05-30 13:37:28', NULL, 1),
(884, 3, 25, 54, '3-25-54', 'T54', NULL, 'rect', 25.00, 1, NULL, '2024-05-26 07:03:08', '2024-05-30 13:37:28', NULL, 1),
(885, 3, 24, 51, '3-24-51', 'S51', NULL, 'rect', 25.00, 1, NULL, '2024-05-26 07:03:08', '2024-05-30 13:37:28', NULL, 1),
(886, 3, 24, 52, '3-24-52', 'S52', NULL, 'rect', 25.00, 1, NULL, '2024-05-26 07:03:08', '2024-05-30 13:37:28', NULL, 1),
(887, 3, 24, 50, '3-24-50', 'S50', NULL, 'rect', 25.00, 1, NULL, '2024-05-26 07:03:08', '2024-05-30 13:37:28', NULL, 1),
(888, 3, 24, 53, '3-24-53', 'S53', NULL, 'rect', 25.00, 1, NULL, '2024-05-26 07:03:09', '2024-05-30 13:37:28', NULL, 1),
(889, 3, 24, 54, '3-24-54', 'S54', NULL, 'rect', 25.00, 1, NULL, '2024-05-26 07:03:09', '2024-05-30 13:37:28', NULL, 1),
(890, 3, 23, 50, '3-23-50', 'R50', NULL, 'rect', 25.00, 1, NULL, '2024-05-26 07:03:09', '2024-05-30 13:37:28', NULL, 1),
(891, 3, 23, 51, '3-23-51', 'R51', NULL, 'rect', 25.00, 1, NULL, '2024-05-26 07:03:09', '2024-05-30 13:37:28', NULL, 1),
(892, 3, 23, 25, '3-23-25', 'R25', NULL, 'rect', 25.00, 1, NULL, '2024-05-26 07:03:09', '2024-05-30 13:37:28', NULL, 1),
(893, 3, 23, 52, '3-23-52', 'R52', NULL, 'rect', 25.00, 1, NULL, '2024-05-26 07:03:09', '2024-05-30 13:37:28', NULL, 1),
(894, 3, 23, 53, '3-23-53', 'R53', NULL, 'rect', 25.00, 1, NULL, '2024-05-26 07:03:09', '2024-05-30 13:37:28', NULL, 1),
(895, 3, 23, 54, '3-23-54', 'R54', NULL, 'rect', 25.00, 1, NULL, '2024-05-26 07:03:09', '2024-05-30 13:37:28', NULL, 1),
(896, 3, 22, 50, '3-22-50', 'Q50', NULL, 'rect', 25.00, 1, NULL, '2024-05-26 07:03:09', '2024-05-30 13:37:28', NULL, 1),
(897, 3, 22, 52, '3-22-52', 'Q52', NULL, 'rect', 25.00, 1, NULL, '2024-05-26 07:03:09', '2024-05-30 13:37:28', NULL, 1),
(898, 3, 22, 53, '3-22-53', 'Q53', NULL, 'rect', 25.00, 1, NULL, '2024-05-26 07:03:09', '2024-05-30 13:37:28', NULL, 1),
(899, 3, 22, 51, '3-22-51', 'Q51', NULL, 'rect', 25.00, 1, NULL, '2024-05-26 07:03:09', '2024-05-30 13:37:28', NULL, 1),
(900, 3, 22, 54, '3-22-54', 'Q54', NULL, 'rect', 25.00, 1, NULL, '2024-05-26 07:03:10', '2024-05-30 13:37:28', NULL, 1),
(901, 3, 21, 50, '3-21-50', 'P50', NULL, 'rect', 25.00, 1, NULL, '2024-05-26 07:03:10', '2024-05-30 13:37:28', NULL, 1),
(902, 3, 21, 51, '3-21-51', 'P51', NULL, 'rect', 25.00, 1, NULL, '2024-05-26 07:03:10', '2024-05-30 13:37:28', NULL, 1),
(903, 3, 21, 52, '3-21-52', 'P52', NULL, 'rect', 25.00, 1, NULL, '2024-05-26 07:03:10', '2024-05-30 13:37:28', NULL, 1),
(904, 3, 21, 53, '3-21-53', 'P53', NULL, 'rect', 25.00, 1, NULL, '2024-05-26 07:03:10', '2024-05-30 13:37:28', NULL, 1),
(905, 3, 21, 54, '3-21-54', 'P54', NULL, 'rect', 25.00, 1, NULL, '2024-05-26 07:03:10', '2024-05-30 13:37:28', NULL, 1),
(906, 3, 15, 6, '3-15-6', 'J6', NULL, 'rect', 25.00, 1, NULL, '2024-05-26 09:11:18', '2024-05-30 13:37:28', NULL, 1),
(907, 3, 15, 7, '3-15-7', 'J7', NULL, 'rect', 25.00, 1, NULL, '2024-05-26 09:11:18', '2024-05-30 13:37:28', NULL, 1),
(908, 3, 15, 8, '3-15-8', 'J8', NULL, 'rect', 25.00, 1, NULL, '2024-05-26 09:11:18', '2024-05-30 13:37:28', NULL, 1),
(909, 3, 15, 5, '3-15-5', 'J5', NULL, 'rect', 25.00, 1, NULL, '2024-05-26 09:11:18', '2024-05-30 13:37:28', NULL, 1),
(910, 3, 15, 9, '3-15-9', 'J9', NULL, 'rect', 25.00, 1, NULL, '2024-05-26 09:11:18', '2024-05-30 13:37:28', NULL, 1),
(911, 3, 15, 10, '3-15-10', 'J10', NULL, 'rect', 25.00, 1, NULL, '2024-05-26 09:11:18', '2024-05-30 13:37:28', NULL, 1),
(912, 3, 15, 11, '3-15-11', 'J11', NULL, 'rect', 25.00, 1, NULL, '2024-05-26 09:11:18', '2024-05-30 13:37:28', NULL, 1),
(913, 3, 15, 12, '3-15-12', 'J12', NULL, 'rect', 25.00, 1, NULL, '2024-05-26 09:11:18', '2024-05-30 13:37:28', NULL, 1),
(914, 3, 15, 13, '3-15-13', 'J13', NULL, 'rect', 25.00, 1, NULL, '2024-05-26 09:11:19', '2024-05-30 13:37:28', NULL, 1),
(915, 3, 15, 14, '3-15-14', 'J14', NULL, 'rect', 25.00, 1, NULL, '2024-05-26 09:11:19', '2024-05-30 13:37:28', NULL, 1),
(916, 3, 15, 15, '3-15-15', 'J15', NULL, 'rect', 25.00, 1, NULL, '2024-05-26 09:11:19', '2024-05-30 13:37:28', NULL, 1),
(917, 3, 15, 16, '3-15-16', 'J16', NULL, 'rect', 25.00, 1, NULL, '2024-05-26 09:11:19', '2024-05-30 13:37:28', NULL, 1),
(918, 3, 15, 17, '3-15-17', 'J17', NULL, 'rect', 25.00, 1, NULL, '2024-05-26 09:11:19', '2024-05-30 13:37:28', NULL, 1),
(919, 3, 15, 18, '3-15-18', 'J18', NULL, 'rect', 25.00, 1, NULL, '2024-05-26 09:11:19', '2024-05-30 13:37:28', NULL, 1),
(920, 3, 15, 19, '3-15-19', 'J19', NULL, 'rect', 25.00, 1, NULL, '2024-05-26 09:11:19', '2024-05-30 13:37:28', NULL, 1),
(921, 3, 15, 20, '3-15-20', 'J20', NULL, 'rect', 25.00, 1, NULL, '2024-05-26 09:11:19', '2024-05-30 13:37:28', NULL, 1),
(922, 3, 15, 21, '3-15-21', 'J21', NULL, 'rect', 25.00, 1, NULL, '2024-05-26 09:11:19', '2024-05-30 13:37:28', NULL, 1),
(923, 3, 15, 22, '3-15-22', 'J22', NULL, 'rect', 25.00, 1, NULL, '2024-05-26 09:11:19', '2024-05-30 13:37:28', NULL, 1),
(924, 3, 15, 23, '3-15-23', 'J23', NULL, 'rect', 25.00, 1, NULL, '2024-05-26 09:11:19', '2024-05-30 13:37:28', NULL, 1),
(925, 3, 15, 24, '3-15-24', 'J24', NULL, 'rect', 25.00, 1, NULL, '2024-05-26 09:11:19', '2024-05-30 13:37:28', NULL, 1),
(926, 3, 15, 25, '3-15-25', 'J25', NULL, 'rect', 25.00, 1, NULL, '2024-05-26 09:11:19', '2024-05-30 13:37:28', NULL, 1),
(927, 3, 15, 26, '3-15-26', 'J26', NULL, 'rect', 25.00, 1, NULL, '2024-05-26 09:11:19', '2024-05-30 13:37:28', NULL, 1),
(928, 3, 15, 27, '3-15-27', 'J27', NULL, 'rect', 25.00, 1, NULL, '2024-05-26 09:11:20', '2024-05-30 13:37:28', NULL, 1),
(929, 3, 15, 28, '3-15-28', 'J28', NULL, 'rect', 25.00, 1, NULL, '2024-05-26 09:11:20', '2024-05-30 13:37:28', NULL, 1),
(930, 3, 15, 29, '3-15-29', 'J29', NULL, 'rect', 25.00, 1, NULL, '2024-05-26 09:11:20', '2024-05-30 13:37:28', NULL, 1),
(931, 3, 15, 30, '3-15-30', 'J30', NULL, 'rect', 25.00, 1, NULL, '2024-05-26 09:11:20', '2024-05-30 13:37:28', NULL, 1),
(932, 3, 15, 31, '3-15-31', 'J31', NULL, 'rect', 25.00, 1, NULL, '2024-05-26 09:11:20', '2024-05-30 13:37:28', NULL, 1),
(933, 3, 15, 32, '3-15-32', 'J32', NULL, 'rect', 25.00, 1, NULL, '2024-05-26 09:11:20', '2024-05-30 13:37:28', NULL, 1),
(934, 3, 15, 33, '3-15-33', 'J33', NULL, 'rect', 25.00, 1, NULL, '2024-05-26 09:11:20', '2024-05-30 13:37:28', NULL, 1),
(935, 3, 15, 34, '3-15-34', 'J34', NULL, 'rect', 25.00, 1, NULL, '2024-05-26 09:11:20', '2024-05-30 13:37:28', NULL, 1),
(936, 3, 15, 35, '3-15-35', 'J35', NULL, 'rect', 25.00, 1, NULL, '2024-05-26 09:11:20', '2024-05-30 13:37:28', NULL, 1),
(937, 3, 15, 36, '3-15-36', 'J36', NULL, 'rect', 25.00, 1, NULL, '2024-05-26 09:11:20', '2024-05-30 13:37:28', NULL, 1),
(938, 3, 15, 37, '3-15-37', 'J37', NULL, 'rect', 25.00, 1, NULL, '2024-05-26 09:11:20', '2024-05-30 13:37:28', NULL, 1),
(939, 3, 15, 38, '3-15-38', 'J38', NULL, 'rect', 25.00, 1, NULL, '2024-05-26 09:11:20', '2024-05-30 13:37:28', NULL, 1),
(940, 3, 15, 39, '3-15-39', 'J39', NULL, 'rect', 25.00, 1, NULL, '2024-05-26 09:11:20', '2024-05-30 13:37:28', NULL, 1),
(941, 3, 15, 40, '3-15-40', 'J40', NULL, 'rect', 25.00, 1, NULL, '2024-05-26 09:11:21', '2024-05-30 13:37:28', NULL, 1),
(942, 3, 15, 41, '3-15-41', 'J41', NULL, 'rect', 25.00, 1, NULL, '2024-05-26 09:11:21', '2024-05-30 13:37:28', NULL, 1),
(943, 3, 15, 42, '3-15-42', 'J42', NULL, 'rect', 25.00, 1, NULL, '2024-05-26 09:11:21', '2024-05-30 13:37:28', NULL, 1),
(944, 3, 15, 43, '3-15-43', 'J43', NULL, 'rect', 25.00, 1, NULL, '2024-05-26 09:11:21', '2024-05-30 13:37:28', NULL, 1),
(945, 3, 15, 44, '3-15-44', 'J44', NULL, 'rect', 25.00, 1, NULL, '2024-05-26 09:11:21', '2024-05-30 13:37:28', NULL, 1),
(947, 3, 25, 6, '3-25-6', 'T6', NULL, 'rect', 25.00, 1, NULL, '2024-05-27 10:23:37', '2024-05-30 13:37:28', NULL, 1),
(970, 3, 24, 6, '3-24-6', 'S6', NULL, 'rect', 25.00, 1, NULL, '2024-05-27 10:34:26', '2024-05-30 13:37:28', NULL, 1),
(971, 3, 24, 7, '3-24-7', 'S7', NULL, 'rect', 25.00, 1, NULL, '2024-05-27 11:02:28', '2024-05-30 13:37:28', NULL, 1),
(973, 3, 24, 8, '3-24-8', 'S8', NULL, 'rect', 25.00, 1, NULL, '2024-05-27 11:23:26', '2024-05-30 13:37:28', NULL, 1),
(974, 3, 16, 5, '3-16-5', 'K5', NULL, 'rect', 25.00, 1, NULL, '2024-05-27 16:39:53', '2024-05-30 13:37:28', NULL, 1),
(976, 3, 25, 7, '3-25-7', 'T7', NULL, 'rect', 25.00, 1, NULL, '2024-05-28 14:05:25', '2024-05-30 13:37:28', NULL, 1),
(977, 3, 25, 8, '3-25-8', 'T8', NULL, 'rect', 25.00, 1, NULL, '2024-05-28 14:07:12', '2024-05-30 13:37:28', NULL, 1),
(978, 3, 25, 9, '3-25-9', 'T9', NULL, 'rect', 25.00, 1, NULL, '2024-05-28 14:56:51', '2024-05-30 13:37:28', NULL, 1),
(980, 3, 16, 6, '3-16-6', 'K6', NULL, 'rect', 25.00, 1, NULL, '2024-05-29 13:21:32', '2024-05-30 13:37:28', NULL, 1),
(981, 3, 16, 7, '3-16-7', 'K7', NULL, 'rect', 25.00, 1, NULL, '2024-05-29 13:21:32', '2024-05-30 13:37:28', NULL, 1),
(982, 3, 16, 8, '3-16-8', 'K8', NULL, 'rect', 25.00, 1, NULL, '2024-05-29 13:21:32', '2024-05-30 13:37:28', NULL, 1),
(983, 3, 16, 9, '3-16-9', 'K9', NULL, 'rect', 25.00, 1, NULL, '2024-05-29 13:21:32', '2024-05-30 13:37:28', NULL, 1),
(984, 3, 16, 10, '3-16-10', 'K10', NULL, 'rect', 25.00, 1, NULL, '2024-05-29 13:21:32', '2024-05-30 13:37:28', NULL, 1),
(985, 3, 16, 11, '3-16-11', 'K11', NULL, 'rect', 25.00, 1, NULL, '2024-05-29 13:21:32', '2024-05-30 13:37:28', NULL, 1),
(986, 3, 16, 12, '3-16-12', 'K12', NULL, 'rect', 25.00, 1, NULL, '2024-05-29 13:21:32', '2024-05-30 13:37:28', NULL, 1),
(987, 3, 16, 13, '3-16-13', 'K13', NULL, 'rect', 25.00, 1, NULL, '2024-05-29 13:21:32', '2024-05-30 13:37:28', NULL, 1),
(988, 3, 16, 14, '3-16-14', 'K14', NULL, 'rect', 25.00, 1, NULL, '2024-05-29 13:21:32', '2024-05-30 13:37:28', NULL, 1),
(990, 3, 16, 15, '3-16-15', 'K15', NULL, 'rect', 25.00, 1, NULL, '2024-05-29 16:12:31', '2024-05-30 13:37:28', NULL, 1),
(991, 3, 16, 16, '3-16-16', 'K16', NULL, 'rect', 25.00, 1, NULL, '2024-05-29 16:12:31', '2024-05-30 13:37:28', NULL, 1),
(992, 3, 16, 17, '3-16-17', 'K17', NULL, 'rect', 25.00, 1, NULL, '2024-05-29 16:12:31', '2024-05-30 13:37:28', NULL, 1),
(993, 3, 16, 18, '3-16-18', 'K18', NULL, 'rect', 25.00, 1, NULL, '2024-05-29 16:12:32', '2024-05-30 13:37:28', NULL, 1),
(994, 3, 16, 19, '3-16-19', 'K19', NULL, 'rect', 25.00, 1, NULL, '2024-05-29 16:12:32', '2024-05-30 13:37:28', NULL, 1),
(995, 3, 16, 20, '3-16-20', 'K20', NULL, 'rect', 25.00, 1, NULL, '2024-05-29 16:12:32', '2024-05-30 13:37:28', NULL, 1),
(996, 3, 16, 21, '3-16-21', 'K21', NULL, 'rect', 25.00, 1, NULL, '2024-05-29 16:12:32', '2024-05-30 13:37:28', NULL, 1),
(997, 3, 16, 22, '3-16-22', 'K22', NULL, 'rect', 25.00, 1, NULL, '2024-05-29 16:12:32', '2024-05-30 13:37:28', NULL, 1),
(998, 3, 16, 23, '3-16-23', 'K23', NULL, 'rect', 25.00, 1, NULL, '2024-05-29 16:12:32', '2024-05-30 13:37:28', NULL, 1),
(999, 3, 16, 24, '3-16-24', 'K24', NULL, 'rect', 25.00, 1, NULL, '2024-05-29 16:12:32', '2024-05-30 13:37:28', NULL, 1),
(1001, 3, 16, 25, '3-16-25', 'K25', NULL, 'rect', 25.00, 1, NULL, '2024-05-29 16:19:24', '2024-05-30 13:37:28', NULL, 1),
(1002, 3, 16, 26, '3-16-26', 'K26', NULL, 'rect', 25.00, 1, NULL, '2024-05-29 16:19:24', '2024-05-30 13:37:28', NULL, 1),
(1003, 3, 16, 27, '3-16-27', 'K27', NULL, 'rect', 25.00, 1, NULL, '2024-05-29 16:19:24', '2024-05-30 13:37:28', NULL, 1),
(1004, 3, 16, 28, '3-16-28', 'K28', NULL, 'rect', 25.00, 1, NULL, '2024-05-29 16:19:24', '2024-05-30 13:37:28', NULL, 1),
(1005, 3, 16, 29, '3-16-29', 'K29', NULL, 'rect', 25.00, 1, NULL, '2024-05-29 16:19:24', '2024-05-30 13:37:28', NULL, 1),
(1006, 3, 16, 30, '3-16-30', 'K30', NULL, 'rect', 25.00, 1, NULL, '2024-05-29 16:19:24', '2024-05-30 13:37:28', NULL, 1),
(1007, 3, 16, 31, '3-16-31', 'K31', NULL, 'rect', 25.00, 1, NULL, '2024-05-29 16:19:24', '2024-05-30 13:37:28', NULL, 1),
(1008, 3, 16, 32, '3-16-32', 'K32', NULL, 'rect', 25.00, 1, NULL, '2024-05-29 16:19:24', '2024-05-30 13:37:28', NULL, 1),
(1009, 3, 16, 33, '3-16-33', 'K33', NULL, 'rect', 25.00, 1, NULL, '2024-05-29 16:19:25', '2024-05-30 13:37:28', NULL, 1),
(1010, 3, 16, 34, '3-16-34', 'K34', NULL, 'rect', 25.00, 1, NULL, '2024-05-29 16:19:25', '2024-05-30 13:37:28', NULL, 1),
(1011, 3, 16, 35, '3-16-35', 'K35', NULL, 'rect', 25.00, 1, NULL, '2024-05-29 16:19:25', '2024-05-30 13:37:28', NULL, 1),
(1012, 3, 16, 36, '3-16-36', 'K36', NULL, 'rect', 25.00, 1, NULL, '2024-05-29 16:19:25', '2024-05-30 13:37:28', NULL, 1),
(1013, 3, 16, 37, '3-16-37', 'K37', NULL, 'rect', 25.00, 1, NULL, '2024-05-29 16:19:25', '2024-05-30 13:37:28', NULL, 1),
(1014, 3, 16, 38, '3-16-38', 'K38', NULL, 'rect', 25.00, 1, NULL, '2024-05-29 16:19:25', '2024-05-30 13:37:28', NULL, 1),
(1015, 3, 16, 39, '3-16-39', 'K39', NULL, 'rect', 25.00, 1, NULL, '2024-05-29 16:19:25', '2024-05-30 13:37:28', NULL, 1),
(1016, 3, 16, 40, '3-16-40', 'K40', NULL, 'rect', 25.00, 1, NULL, '2024-05-29 16:19:25', '2024-05-30 13:37:28', NULL, 1),
(1017, 3, 16, 41, '3-16-41', 'K41', NULL, 'rect', 25.00, 1, NULL, '2024-05-29 16:19:25', '2024-05-30 13:37:28', NULL, 1),
(1018, 3, 16, 42, '3-16-42', 'K42', NULL, 'rect', 25.00, 1, NULL, '2024-05-29 16:19:25', '2024-05-30 13:37:28', NULL, 1),
(1019, 3, 16, 43, '3-16-43', 'K43', NULL, 'rect', 25.00, 1, NULL, '2024-05-29 16:19:25', '2024-05-30 13:37:28', NULL, 1),
(1020, 3, 16, 44, '3-16-44', 'K44', NULL, 'rect', 25.00, 1, NULL, '2024-05-29 16:19:25', '2024-05-30 13:37:28', NULL, 1),
(1078, 3, 21, 6, '3-21-6', 'P6', NULL, 'rect', 25.00, 1, NULL, '2024-05-30 13:41:57', '2024-05-30 13:41:57', NULL, 1),
(1080, 3, 21, 7, '3-21-7', 'P7', NULL, 'rect', 25.00, 1, NULL, '2024-05-30 13:44:17', '2024-05-30 13:44:17', NULL, 1),
(1081, 3, 21, 8, '3-21-8', 'P8', NULL, 'rect', 25.00, 1, NULL, '2024-05-30 13:46:43', '2024-05-30 13:46:43', NULL, 1),
(1082, 3, 21, 9, '3-21-9', 'P9', NULL, 'rect', 25.00, 1, NULL, '2024-05-30 13:46:43', '2024-05-30 13:46:43', NULL, 1),
(1083, 3, 21, 10, '3-21-10', 'P10', NULL, 'rect', 25.00, 1, NULL, '2024-05-30 13:46:43', '2024-05-30 13:46:43', NULL, 1),
(1084, 3, 21, 11, '3-21-11', 'P11', NULL, 'rect', 25.00, 1, NULL, '2024-05-30 13:46:43', '2024-05-30 13:46:43', NULL, 1),
(1085, 3, 21, 12, '3-21-12', 'P12', NULL, 'rect', 25.00, 1, NULL, '2024-05-30 13:46:43', '2024-05-30 13:46:43', NULL, 1),
(1086, 3, 21, 13, '3-21-13', 'P13', NULL, 'rect', 25.00, 1, NULL, '2024-05-30 13:46:43', '2024-05-30 13:46:43', NULL, 1),
(1087, 3, 21, 14, '3-21-14', 'P14', NULL, 'rect', 25.00, 1, NULL, '2024-05-30 13:46:43', '2024-05-30 13:46:43', NULL, 1),
(1088, 3, 21, 15, '3-21-15', 'P15', NULL, 'rect', 25.00, 1, NULL, '2024-05-30 13:46:44', '2024-05-30 13:46:44', NULL, 1),
(1089, 3, 21, 16, '3-21-16', 'P16', NULL, 'rect', 25.00, 1, NULL, '2024-05-30 13:46:44', '2024-05-30 13:46:44', NULL, 1),
(1090, 3, 17, 1, '3-17-1', 'L1', NULL, 'rect', 25.00, 1, NULL, '2024-05-30 14:58:50', '2024-05-30 14:58:50', NULL, 1),
(1091, 3, 17, 2, '3-17-2', 'L2', NULL, 'rect', 25.00, 1, NULL, '2024-05-30 14:58:50', '2024-05-30 14:58:50', NULL, 1),
(1092, 3, 17, 3, '3-17-3', 'L3', NULL, 'rect', 25.00, 1, NULL, '2024-05-30 14:58:50', '2024-05-30 14:58:50', NULL, 1),
(1093, 3, 17, 4, '3-17-4', 'L4', NULL, 'rect', 25.00, 1, NULL, '2024-05-30 14:58:50', '2024-05-30 14:58:50', NULL, 1),
(1094, 3, 17, 5, '3-17-5', 'L5', NULL, 'rect', 25.00, 1, NULL, '2024-05-30 14:58:50', '2024-05-30 14:58:50', NULL, 1),
(1095, 3, 17, 6, '3-17-6', 'L6', NULL, 'rect', 25.00, 1, NULL, '2024-05-30 14:58:50', '2024-05-30 14:58:50', NULL, 1),
(1096, 3, 17, 7, '3-17-7', 'L7', NULL, 'rect', 25.00, 1, NULL, '2024-05-30 14:58:50', '2024-05-30 14:58:50', NULL, 1),
(1097, 3, 17, 8, '3-17-8', 'L8', NULL, 'rect', 25.00, 1, NULL, '2024-05-30 14:58:50', '2024-05-30 14:58:50', NULL, 1),
(1098, 3, 17, 9, '3-17-9', 'L9', NULL, 'rect', 25.00, 1, NULL, '2024-05-30 14:58:51', '2024-05-30 14:58:51', NULL, 1),
(1099, 3, 17, 10, '3-17-10', 'L10', NULL, 'rect', 25.00, 1, NULL, '2024-05-30 14:58:51', '2024-05-30 14:58:51', NULL, 1),
(1100, 3, 17, 11, '3-17-11', 'L11', NULL, 'rect', 25.00, 1, NULL, '2024-05-30 14:58:51', '2024-05-30 14:58:51', NULL, 1),
(1101, 3, 17, 12, '3-17-12', 'L12', NULL, 'rect', 25.00, 1, NULL, '2024-05-30 14:58:51', '2024-05-30 14:58:51', NULL, 1),
(1102, 3, 17, 13, '3-17-13', 'L13', NULL, 'rect', 25.00, 1, NULL, '2024-05-30 14:58:51', '2024-05-30 14:58:51', NULL, 1),
(1103, 3, 17, 14, '3-17-14', 'L14', NULL, 'rect', 25.00, 1, NULL, '2024-05-30 14:58:51', '2024-05-30 14:58:51', NULL, 1),
(1104, 3, 17, 15, '3-17-15', 'L15', NULL, 'rect', 25.00, 1, NULL, '2024-05-30 14:58:51', '2024-05-30 14:58:51', NULL, 1),
(1105, 3, 17, 16, '3-17-16', 'L16', NULL, 'rect', 25.00, 1, NULL, '2024-05-30 14:58:51', '2024-05-30 14:58:51', NULL, 1),
(1106, 3, 17, 17, '3-17-17', 'L17', NULL, 'rect', 25.00, 1, NULL, '2024-05-30 14:58:51', '2024-05-30 14:58:51', NULL, 1),
(1107, 3, 17, 18, '3-17-18', 'L18', NULL, 'rect', 25.00, 1, NULL, '2024-05-30 14:58:51', '2024-05-30 14:58:51', NULL, 1),
(1108, 3, 17, 19, '3-17-19', 'L19', NULL, 'rect', 25.00, 1, NULL, '2024-05-30 14:58:51', '2024-05-30 14:58:51', NULL, 1),
(1109, 3, 17, 20, '3-17-20', 'L20', NULL, 'rect', 25.00, 1, NULL, '2024-05-30 14:58:51', '2024-05-30 14:58:51', NULL, 1),
(1110, 3, 17, 21, '3-17-21', 'L21', NULL, 'rect', 25.00, 1, NULL, '2024-05-30 14:58:51', '2024-05-30 14:58:51', NULL, 1),
(1111, 3, 17, 22, '3-17-22', 'L22', NULL, 'rect', 25.00, 1, NULL, '2024-05-30 14:58:52', '2024-05-30 14:58:52', NULL, 1),
(1112, 3, 17, 23, '3-17-23', 'L23', NULL, 'rect', 25.00, 1, NULL, '2024-05-30 14:58:52', '2024-05-30 14:58:52', NULL, 1),
(1113, 3, 17, 24, '3-17-24', 'L24', NULL, 'rect', 25.00, 1, NULL, '2024-05-30 14:58:52', '2024-05-30 14:58:52', NULL, 1),
(1114, 3, 17, 25, '3-17-25', 'L25', NULL, 'rect', 25.00, 3, NULL, '2024-05-30 14:58:52', '2024-08-21 09:48:13', NULL, 1),
(1115, 3, 17, 26, '3-17-26', 'L26', NULL, 'rect', 25.00, 1, NULL, '2024-05-30 14:58:52', '2024-05-30 14:58:52', NULL, 1),
(1116, 3, 17, 27, '3-17-27', 'L27', NULL, 'rect', 25.00, 1, NULL, '2024-05-30 14:58:52', '2024-05-30 14:58:52', NULL, 1),
(1117, 3, 17, 28, '3-17-28', 'L28', NULL, 'rect', 25.00, 1, NULL, '2024-05-30 14:58:52', '2024-05-30 14:58:52', NULL, 1),
(1118, 3, 17, 29, '3-17-29', 'L29', NULL, 'rect', 25.00, 1, NULL, '2024-05-30 14:58:52', '2024-05-30 14:58:52', NULL, 1),
(1119, 3, 17, 30, '3-17-30', 'L30', NULL, 'rect', 25.00, 1, NULL, '2024-05-30 14:58:52', '2024-05-30 14:58:52', NULL, 1),
(1120, 3, 17, 31, '3-17-31', 'L31', NULL, 'rect', 25.00, 1, NULL, '2024-05-30 14:58:52', '2024-05-30 14:58:52', NULL, 1),
(1121, 3, 17, 32, '3-17-32', 'L32', NULL, 'rect', 25.00, 1, NULL, '2024-05-30 14:58:52', '2024-05-30 14:58:52', NULL, 1),
(1122, 3, 17, 33, '3-17-33', 'L33', NULL, 'rect', 25.00, 1, NULL, '2024-05-30 14:58:52', '2024-05-30 14:58:52', NULL, 1),
(1123, 3, 17, 34, '3-17-34', 'L34', NULL, 'rect', 25.00, 1, NULL, '2024-05-30 14:58:52', '2024-05-30 14:58:52', NULL, 1),
(1124, 3, 17, 35, '3-17-35', 'L35', NULL, 'rect', 25.00, 1, NULL, '2024-05-30 14:58:52', '2024-05-30 14:58:52', NULL, 1),
(1125, 3, 17, 36, '3-17-36', 'L36', NULL, 'rect', 25.00, 1, NULL, '2024-05-30 14:58:53', '2024-05-30 14:58:53', NULL, 1),
(1126, 3, 17, 37, '3-17-37', 'L37', NULL, 'rect', 25.00, 1, NULL, '2024-05-30 14:58:53', '2024-05-30 14:58:53', NULL, 1),
(1127, 3, 17, 38, '3-17-38', 'L38', NULL, 'rect', 25.00, 1, NULL, '2024-05-30 14:58:53', '2024-05-30 14:58:53', NULL, 1),
(1128, 3, 17, 39, '3-17-39', 'L39', NULL, 'rect', 25.00, 1, NULL, '2024-05-30 14:58:53', '2024-05-30 14:58:53', NULL, 1),
(1129, 3, 17, 40, '3-17-40', 'L40', NULL, 'rect', 25.00, 1, NULL, '2024-05-30 14:58:53', '2024-05-30 14:58:53', NULL, 1),
(1130, 3, 17, 41, '3-17-41', 'L41', NULL, 'rect', 25.00, 1, NULL, '2024-05-30 14:58:53', '2024-05-30 14:58:53', NULL, 1),
(1131, 3, 17, 42, '3-17-42', 'L42', NULL, 'rect', 25.00, 1, NULL, '2024-05-30 14:58:53', '2024-05-30 14:58:53', NULL, 1),
(1132, 3, 17, 43, '3-17-43', 'L43', NULL, 'rect', 25.00, 1, NULL, '2024-05-30 14:58:53', '2024-05-30 14:58:53', NULL, 1),
(1133, 3, 17, 44, '3-17-44', 'L44', NULL, 'rect', 25.00, 1, NULL, '2024-05-30 14:58:53', '2024-05-30 14:58:53', NULL, 1),
(1134, 3, 17, 45, '3-17-45', 'L45', NULL, 'rect', 25.00, 1, NULL, '2024-05-30 14:58:53', '2024-05-30 14:58:53', NULL, 1),
(1135, 3, 17, 46, '3-17-46', 'L46', NULL, 'rect', 25.00, 1, NULL, '2024-05-30 14:58:53', '2024-05-30 14:58:53', NULL, 1),
(1136, 3, 17, 47, '3-17-47', 'L47', NULL, 'rect', 25.00, 1, NULL, '2024-05-30 14:58:53', '2024-05-30 14:58:53', NULL, 1),
(1137, 3, 17, 48, '3-17-48', 'L48', NULL, 'rect', 25.00, 1, NULL, '2024-05-30 14:58:53', '2024-05-30 14:58:53', NULL, 1),
(1138, 3, 18, 1, '3-18-1', 'M1', NULL, 'rect', 25.00, 1, NULL, '2024-05-30 14:59:41', '2024-05-30 14:59:41', NULL, 1),
(1139, 3, 18, 2, '3-18-2', 'M2', NULL, 'rect', 25.00, 1, NULL, '2024-05-30 14:59:41', '2024-05-30 14:59:41', NULL, 1),
(1140, 3, 18, 3, '3-18-3', 'M3', NULL, 'rect', 25.00, 1, NULL, '2024-05-30 14:59:41', '2024-05-30 14:59:41', NULL, 1),
(1141, 3, 18, 4, '3-18-4', 'M4', NULL, 'rect', 25.00, 1, NULL, '2024-05-30 14:59:41', '2024-05-30 14:59:41', NULL, 1),
(1142, 3, 18, 5, '3-18-5', 'M5', NULL, 'rect', 25.00, 1, NULL, '2024-05-30 14:59:41', '2024-05-30 14:59:41', NULL, 1),
(1143, 3, 18, 6, '3-18-6', 'M6', NULL, 'rect', 25.00, 1, NULL, '2024-05-30 14:59:41', '2024-05-30 14:59:41', NULL, 1),
(1144, 3, 18, 7, '3-18-7', 'M7', NULL, 'rect', 25.00, 1, NULL, '2024-05-30 14:59:41', '2024-05-30 14:59:41', NULL, 1),
(1145, 3, 18, 8, '3-18-8', 'M8', NULL, 'rect', 25.00, 1, NULL, '2024-05-30 14:59:41', '2024-05-30 14:59:41', NULL, 1),
(1146, 3, 18, 9, '3-18-9', 'M9', NULL, 'rect', 25.00, 1, NULL, '2024-05-30 14:59:42', '2024-05-30 14:59:42', NULL, 1),
(1147, 3, 18, 10, '3-18-10', 'M10', NULL, 'rect', 25.00, 1, NULL, '2024-05-30 14:59:42', '2024-05-30 14:59:42', NULL, 1),
(1148, 3, 18, 11, '3-18-11', 'M11', NULL, 'rect', 25.00, 1, NULL, '2024-05-30 14:59:42', '2024-05-30 14:59:42', NULL, 1),
(1149, 3, 18, 12, '3-18-12', 'M12', NULL, 'rect', 25.00, 1, NULL, '2024-05-30 14:59:42', '2024-05-30 14:59:42', NULL, 1),
(1150, 3, 18, 13, '3-18-13', 'M13', NULL, 'rect', 25.00, 1, NULL, '2024-05-30 14:59:42', '2024-05-30 14:59:42', NULL, 1),
(1151, 3, 18, 14, '3-18-14', 'M14', NULL, 'rect', 25.00, 1, NULL, '2024-05-30 14:59:42', '2024-05-30 14:59:42', NULL, 1),
(1152, 3, 18, 15, '3-18-15', 'M15', NULL, 'rect', 25.00, 1, NULL, '2024-05-30 14:59:42', '2024-05-30 14:59:42', NULL, 1),
(1153, 3, 18, 16, '3-18-16', 'M16', NULL, 'rect', 25.00, 1, NULL, '2024-05-30 14:59:42', '2024-05-30 14:59:42', NULL, 1),
(1154, 3, 18, 17, '3-18-17', 'M17', NULL, 'rect', 25.00, 1, NULL, '2024-05-30 14:59:42', '2024-05-30 14:59:42', NULL, 1),
(1155, 3, 18, 18, '3-18-18', 'M18', NULL, 'rect', 25.00, 1, NULL, '2024-05-30 14:59:42', '2024-05-30 14:59:42', NULL, 1),
(1156, 3, 18, 19, '3-18-19', 'M19', NULL, 'rect', 25.00, 1, NULL, '2024-05-30 14:59:42', '2024-05-30 14:59:42', NULL, 1),
(1157, 3, 18, 20, '3-18-20', 'M20', NULL, 'rect', 25.00, 1, NULL, '2024-05-30 14:59:42', '2024-05-30 14:59:42', NULL, 1),
(1158, 3, 18, 21, '3-18-21', 'M21', NULL, 'rect', 25.00, 1, NULL, '2024-05-30 14:59:42', '2024-05-30 14:59:42', NULL, 1),
(1159, 3, 18, 22, '3-18-22', 'M22', NULL, 'rect', 25.00, 1, NULL, '2024-05-30 14:59:43', '2024-05-30 14:59:43', NULL, 1),
(1160, 3, 18, 23, '3-18-23', 'M23', NULL, 'rect', 25.00, 1, NULL, '2024-05-30 14:59:43', '2024-05-30 14:59:43', NULL, 1),
(1161, 3, 18, 24, '3-18-24', 'M24', NULL, 'rect', 25.00, 1, NULL, '2024-05-30 14:59:43', '2024-05-30 14:59:43', NULL, 1),
(1162, 3, 18, 25, '3-18-25', 'M25', NULL, 'rect', 25.00, 1, NULL, '2024-05-30 14:59:43', '2024-05-30 14:59:43', NULL, 1),
(1163, 3, 18, 26, '3-18-26', 'M26', NULL, 'rect', 25.00, 1, NULL, '2024-05-30 14:59:43', '2024-05-30 14:59:43', NULL, 1),
(1164, 3, 18, 27, '3-18-27', 'M27', NULL, 'rect', 25.00, 1, NULL, '2024-05-30 14:59:43', '2024-05-30 14:59:43', NULL, 1),
(1165, 3, 18, 28, '3-18-28', 'M28', NULL, 'rect', 25.00, 1, NULL, '2024-05-30 14:59:43', '2024-05-30 14:59:43', NULL, 1),
(1166, 3, 18, 29, '3-18-29', 'M29', NULL, 'rect', 25.00, 1, NULL, '2024-05-30 14:59:43', '2024-05-30 14:59:43', NULL, 1),
(1167, 3, 18, 30, '3-18-30', 'M30', NULL, 'rect', 25.00, 1, NULL, '2024-05-30 14:59:43', '2024-05-30 14:59:43', NULL, 1),
(1168, 3, 18, 31, '3-18-31', 'M31', NULL, 'rect', 25.00, 1, NULL, '2024-05-30 14:59:43', '2024-05-30 14:59:43', NULL, 1),
(1169, 3, 18, 32, '3-18-32', 'M32', NULL, 'rect', 25.00, 1, NULL, '2024-05-30 14:59:43', '2024-05-30 14:59:43', NULL, 1),
(1170, 3, 18, 33, '3-18-33', 'M33', NULL, 'rect', 25.00, 1, NULL, '2024-05-30 14:59:43', '2024-05-30 14:59:43', NULL, 1),
(1171, 3, 18, 34, '3-18-34', 'M34', NULL, 'rect', 25.00, 1, NULL, '2024-05-30 14:59:44', '2024-05-30 14:59:44', NULL, 1),
(1172, 3, 18, 35, '3-18-35', 'M35', NULL, 'rect', 25.00, 1, NULL, '2024-05-30 14:59:44', '2024-05-30 14:59:44', NULL, 1),
(1173, 3, 18, 36, '3-18-36', 'M36', NULL, 'rect', 25.00, 1, NULL, '2024-05-30 14:59:44', '2024-05-30 14:59:44', NULL, 1),
(1174, 3, 18, 37, '3-18-37', 'M37', NULL, 'rect', 25.00, 1, NULL, '2024-05-30 14:59:44', '2024-05-30 14:59:44', NULL, 1),
(1175, 3, 18, 38, '3-18-38', 'M38', NULL, 'rect', 25.00, 1, NULL, '2024-05-30 14:59:44', '2024-05-30 14:59:44', NULL, 1),
(1176, 3, 18, 39, '3-18-39', 'M39', NULL, 'rect', 25.00, 1, NULL, '2024-05-30 14:59:44', '2024-05-30 14:59:44', NULL, 1),
(1177, 3, 18, 40, '3-18-40', 'M40', NULL, 'rect', 25.00, 1, NULL, '2024-05-30 14:59:44', '2024-05-30 14:59:44', NULL, 1),
(1178, 3, 18, 41, '3-18-41', 'M41', NULL, 'rect', 25.00, 1, NULL, '2024-05-30 14:59:44', '2024-05-30 14:59:44', NULL, 1),
(1179, 3, 18, 42, '3-18-42', 'M42', NULL, 'rect', 25.00, 1, NULL, '2024-05-30 14:59:44', '2024-05-30 14:59:44', NULL, 1),
(1180, 3, 18, 43, '3-18-43', 'M43', NULL, 'rect', 25.00, 1, NULL, '2024-05-30 14:59:44', '2024-05-30 14:59:44', NULL, 1),
(1181, 3, 18, 44, '3-18-44', 'M44', NULL, 'rect', 25.00, 1, NULL, '2024-05-30 14:59:44', '2024-05-30 14:59:44', NULL, 1),
(1182, 3, 18, 45, '3-18-45', 'M45', NULL, 'rect', 25.00, 1, NULL, '2024-05-30 14:59:44', '2024-05-30 14:59:44', NULL, 1),
(1183, 3, 18, 46, '3-18-46', 'M46', NULL, 'rect', 25.00, 1, NULL, '2024-05-30 14:59:44', '2024-05-30 14:59:44', NULL, 1),
(1184, 3, 18, 47, '3-18-47', 'M47', NULL, 'rect', 25.00, 1, NULL, '2024-05-30 14:59:45', '2024-05-30 14:59:45', NULL, 1),
(1185, 3, 18, 48, '3-18-48', 'M48', NULL, 'rect', 25.00, 1, NULL, '2024-05-30 14:59:45', '2024-05-30 14:59:45', NULL, 1),
(1186, 3, 19, 1, '3-19-1', 'N1', NULL, 'rect', 25.00, 1, NULL, '2024-05-30 15:00:05', '2024-05-30 15:00:05', NULL, 1),
(1187, 3, 19, 2, '3-19-2', 'N2', NULL, 'rect', 25.00, 1, NULL, '2024-05-30 15:00:05', '2024-05-30 15:00:05', NULL, 1),
(1188, 3, 19, 3, '3-19-3', 'N3', NULL, 'rect', 25.00, 1, NULL, '2024-05-30 15:00:05', '2024-05-30 15:00:05', NULL, 1),
(1189, 3, 19, 4, '3-19-4', 'N4', NULL, 'rect', 25.00, 1, NULL, '2024-05-30 15:00:05', '2024-05-30 15:00:05', NULL, 1),
(1190, 3, 19, 5, '3-19-5', 'N5', NULL, 'rect', 25.00, 1, NULL, '2024-05-30 15:00:05', '2024-05-30 15:00:05', NULL, 1),
(1191, 3, 19, 6, '3-19-6', 'N6', NULL, 'rect', 25.00, 1, NULL, '2024-05-30 15:00:05', '2024-05-30 15:00:05', NULL, 1),
(1192, 3, 19, 7, '3-19-7', 'N7', NULL, 'rect', 25.00, 1, NULL, '2024-05-30 15:00:05', '2024-05-30 15:00:05', NULL, 1),
(1193, 3, 19, 8, '3-19-8', 'N8', NULL, 'rect', 25.00, 1, NULL, '2024-05-30 15:00:06', '2024-05-30 15:00:06', NULL, 1),
(1194, 3, 19, 9, '3-19-9', 'N9', NULL, 'rect', 25.00, 1, NULL, '2024-05-30 15:00:06', '2024-05-30 15:00:06', NULL, 1),
(1195, 3, 19, 10, '3-19-10', 'N10', NULL, 'rect', 25.00, 1, NULL, '2024-05-30 15:00:06', '2024-05-30 15:00:06', NULL, 1),
(1196, 3, 19, 11, '3-19-11', 'N11', NULL, 'rect', 25.00, 1, NULL, '2024-05-30 15:00:06', '2024-05-30 15:00:06', NULL, 1),
(1197, 3, 19, 12, '3-19-12', 'N12', NULL, 'rect', 25.00, 1, NULL, '2024-05-30 15:00:06', '2024-05-30 15:00:06', NULL, 1),
(1198, 3, 19, 13, '3-19-13', 'N13', NULL, 'rect', 25.00, 1, NULL, '2024-05-30 15:00:06', '2024-05-30 15:00:06', NULL, 1),
(1199, 3, 19, 14, '3-19-14', 'N14', NULL, 'rect', 25.00, 1, NULL, '2024-05-30 15:00:06', '2024-05-30 15:00:06', NULL, 1),
(1200, 3, 19, 15, '3-19-15', 'N15', NULL, 'rect', 25.00, 1, NULL, '2024-05-30 15:00:06', '2024-05-30 15:00:06', NULL, 1),
(1201, 3, 19, 16, '3-19-16', 'N16', NULL, 'rect', 25.00, 1, NULL, '2024-05-30 15:00:06', '2024-05-30 15:00:06', NULL, 1),
(1202, 3, 19, 17, '3-19-17', 'N17', NULL, 'rect', 25.00, 1, NULL, '2024-05-30 15:00:06', '2024-05-30 15:00:06', NULL, 1),
(1203, 3, 19, 18, '3-19-18', 'N18', NULL, 'rect', 25.00, 1, NULL, '2024-05-30 15:00:06', '2024-05-30 15:00:06', NULL, 1),
(1204, 3, 19, 19, '3-19-19', 'N19', NULL, 'rect', 25.00, 1, NULL, '2024-05-30 15:00:06', '2024-05-30 15:00:06', NULL, 1),
(1205, 3, 19, 20, '3-19-20', 'N20', NULL, 'rect', 25.00, 1, NULL, '2024-05-30 15:00:06', '2024-05-30 15:00:06', NULL, 1),
(1206, 3, 19, 21, '3-19-21', 'N21', NULL, 'rect', 25.00, 1, NULL, '2024-05-30 15:00:07', '2024-05-30 15:00:07', NULL, 1),
(1207, 3, 19, 22, '3-19-22', 'N22', NULL, 'rect', 25.00, 1, NULL, '2024-05-30 15:00:07', '2024-05-30 15:00:07', NULL, 1),
(1208, 3, 19, 23, '3-19-23', 'N23', NULL, 'rect', 25.00, 1, NULL, '2024-05-30 15:00:07', '2024-05-30 15:00:07', NULL, 1),
(1209, 3, 19, 24, '3-19-24', 'N24', NULL, 'rect', 25.00, 1, NULL, '2024-05-30 15:00:07', '2024-05-30 15:00:07', NULL, 1),
(1210, 3, 19, 25, '3-19-25', 'N25', NULL, 'rect', 25.00, 1, NULL, '2024-05-30 15:00:07', '2024-05-30 15:00:07', NULL, 1),
(1211, 3, 19, 26, '3-19-26', 'N26', NULL, 'rect', 25.00, 1, NULL, '2024-05-30 15:00:07', '2024-05-30 15:00:07', NULL, 1),
(1212, 3, 19, 27, '3-19-27', 'N27', NULL, 'rect', 25.00, 1, NULL, '2024-05-30 15:00:07', '2024-05-30 15:00:07', NULL, 1),
(1213, 3, 19, 28, '3-19-28', 'N28', NULL, 'rect', 25.00, 1, NULL, '2024-05-30 15:00:07', '2024-05-30 15:00:07', NULL, 1),
(1214, 3, 19, 29, '3-19-29', 'N29', NULL, 'rect', 25.00, 1, NULL, '2024-05-30 15:00:07', '2024-05-30 15:00:07', NULL, 1),
(1215, 3, 19, 30, '3-19-30', 'N30', NULL, 'rect', 25.00, 1, NULL, '2024-05-30 15:00:07', '2024-05-30 15:00:07', NULL, 1),
(1216, 3, 19, 31, '3-19-31', 'N31', NULL, 'rect', 25.00, 1, NULL, '2024-05-30 15:00:07', '2024-05-30 15:00:07', NULL, 1),
(1217, 3, 19, 32, '3-19-32', 'N32', NULL, 'rect', 25.00, 1, NULL, '2024-05-30 15:00:07', '2024-05-30 15:00:07', NULL, 1),
(1218, 3, 19, 33, '3-19-33', 'N33', NULL, 'rect', 25.00, 1, NULL, '2024-05-30 15:00:07', '2024-05-30 15:00:07', NULL, 1),
(1219, 3, 19, 34, '3-19-34', 'N34', NULL, 'rect', 25.00, 3, NULL, '2024-05-30 15:00:07', '2024-08-21 09:48:13', NULL, 1),
(1220, 3, 19, 35, '3-19-35', 'N35', NULL, 'rect', 25.00, 1, NULL, '2024-05-30 15:00:08', '2024-05-30 15:00:08', NULL, 1),
(1221, 3, 19, 36, '3-19-36', 'N36', NULL, 'rect', 25.00, 1, NULL, '2024-05-30 15:00:08', '2024-05-30 15:00:08', NULL, 1),
(1222, 3, 19, 37, '3-19-37', 'N37', NULL, 'rect', 25.00, 1, NULL, '2024-05-30 15:00:08', '2024-05-30 15:00:08', NULL, 1),
(1223, 3, 19, 38, '3-19-38', 'N38', NULL, 'rect', 25.00, 1, NULL, '2024-05-30 15:00:08', '2024-05-30 15:00:08', NULL, 1),
(1224, 3, 19, 39, '3-19-39', 'N39', NULL, 'rect', 25.00, 1, NULL, '2024-05-30 15:00:08', '2024-05-30 15:00:08', NULL, 1),
(1225, 3, 19, 40, '3-19-40', 'N40', NULL, 'rect', 25.00, 1, NULL, '2024-05-30 15:00:08', '2024-05-30 15:00:08', NULL, 1),
(1226, 3, 19, 41, '3-19-41', 'N41', NULL, 'rect', 25.00, 1, NULL, '2024-05-30 15:00:08', '2024-05-30 15:00:08', NULL, 1),
(1227, 3, 19, 42, '3-19-42', 'N42', NULL, 'rect', 25.00, 1, NULL, '2024-05-30 15:00:08', '2024-05-30 15:00:08', NULL, 1),
(1228, 3, 19, 43, '3-19-43', 'N43', NULL, 'rect', 25.00, 1, NULL, '2024-05-30 15:00:08', '2024-05-30 15:00:08', NULL, 1),
(1229, 3, 19, 44, '3-19-44', 'N44', NULL, 'rect', 25.00, 1, NULL, '2024-05-30 15:00:08', '2024-05-30 15:00:08', NULL, 1),
(1230, 3, 19, 45, '3-19-45', 'N45', NULL, 'rect', 25.00, 1, NULL, '2024-05-30 15:00:08', '2024-05-30 15:00:08', NULL, 1),
(1231, 3, 19, 46, '3-19-46', 'N46', NULL, 'rect', 25.00, 1, NULL, '2024-05-30 15:00:08', '2024-05-30 15:00:08', NULL, 1),
(1232, 3, 19, 47, '3-19-47', 'N47', NULL, 'rect', 25.00, 1, NULL, '2024-05-30 15:00:08', '2024-05-30 15:00:08', NULL, 1),
(1233, 3, 19, 48, '3-19-48', 'N48', NULL, 'rect', 25.00, 1, NULL, '2024-05-30 15:00:09', '2024-05-30 15:00:09', NULL, 1),
(1234, 3, 21, NULL, '3-21-', 'P', NULL, NULL, 25.00, 1, NULL, '2024-05-30 15:23:06', '2024-05-30 15:23:06', NULL, 1),
(1235, 3, 22, 6, '3-22-6', 'Q6', NULL, 'rect', 25.00, 1, NULL, '2024-05-31 11:09:43', '2024-05-31 11:09:43', NULL, 1),
(1236, 3, 22, 7, '3-22-7', 'Q7', NULL, 'rect', 25.00, 1, NULL, '2024-05-31 11:09:44', '2024-05-31 11:09:44', NULL, 1),
(1237, 3, 22, 8, '3-22-8', 'Q8', NULL, 'rect', 25.00, 1, NULL, '2024-05-31 11:09:44', '2024-05-31 11:09:44', NULL, 1),
(1238, 3, 22, 9, '3-22-9', 'Q9', NULL, 'rect', 25.00, 1, NULL, '2024-05-31 11:11:20', '2024-05-31 11:11:20', NULL, 1),
(1239, 3, 22, 10, '3-22-10', 'Q10', NULL, 'rect', 25.00, 1, NULL, '2024-05-31 11:11:20', '2024-05-31 11:11:20', NULL, 1),
(1240, 3, 22, 11, '3-22-11', 'Q11', NULL, 'rect', 25.00, 1, NULL, '2024-05-31 11:11:20', '2024-05-31 11:11:20', NULL, 1),
(1241, 3, 22, 12, '3-22-12', 'Q12', NULL, 'rect', 25.00, 1, NULL, '2024-05-31 11:11:20', '2024-05-31 11:11:20', NULL, 1),
(1242, 3, 22, 13, '3-22-13', 'Q13', NULL, 'rect', 25.00, 1, NULL, '2024-05-31 11:11:21', '2024-05-31 11:11:21', NULL, 1),
(1243, 3, 22, 14, '3-22-14', 'Q14', NULL, 'rect', 25.00, 1, NULL, '2024-05-31 11:11:21', '2024-05-31 11:11:21', NULL, 1),
(1244, 3, 22, 15, '3-22-15', 'Q15', NULL, 'rect', 25.00, 1, NULL, '2024-05-31 11:11:21', '2024-05-31 11:11:21', NULL, 1),
(1245, 3, 22, 16, '3-22-16', 'Q16', NULL, 'rect', 25.00, 1, NULL, '2024-05-31 11:11:21', '2024-05-31 11:11:21', NULL, 1),
(1246, 3, 22, 17, '3-22-17', 'Q17', NULL, 'rect', 25.00, 1, NULL, '2024-05-31 11:11:21', '2024-05-31 11:11:21', NULL, 1),
(1247, 3, 22, 18, '3-22-18', 'Q18', NULL, 'rect', 25.00, 1, NULL, '2024-05-31 11:11:21', '2024-05-31 11:11:21', NULL, 1),
(1248, 3, 22, 19, '3-22-19', 'Q19', NULL, 'rect', 25.00, 1, NULL, '2024-05-31 11:11:21', '2024-05-31 11:11:21', NULL, 1),
(1249, 3, 22, 20, '3-22-20', 'Q20', NULL, 'rect', 25.00, 1, NULL, '2024-05-31 11:11:21', '2024-05-31 11:11:21', NULL, 1),
(1250, 3, 22, 21, '3-22-21', 'Q21', NULL, 'rect', 25.00, 1, NULL, '2024-05-31 11:11:21', '2024-05-31 11:11:21', NULL, 1),
(1251, 3, 22, 22, '3-22-22', 'Q22', NULL, 'rect', 25.00, 1, NULL, '2024-05-31 11:11:21', '2024-05-31 11:11:21', NULL, 1),
(1252, 3, 22, 23, '3-22-23', 'Q23', NULL, 'rect', 25.00, 1, NULL, '2024-05-31 11:11:21', '2024-05-31 11:11:21', NULL, 1),
(1253, 3, 22, 24, '3-22-24', 'Q24', NULL, 'rect', 25.00, 1, NULL, '2024-05-31 11:11:21', '2024-05-31 11:11:21', NULL, 1),
(1254, 3, 22, 25, '3-22-25', 'Q25', NULL, 'rect', 25.00, 1, NULL, '2024-05-31 11:11:22', '2024-05-31 11:11:22', NULL, 1),
(1255, 3, 22, 26, '3-22-26', 'Q26', NULL, 'rect', 25.00, 1, NULL, '2024-05-31 11:11:22', '2024-05-31 11:11:22', NULL, 1),
(1256, 3, 22, 27, '3-22-27', 'Q27', NULL, 'rect', 25.00, 1, NULL, '2024-05-31 11:11:22', '2024-05-31 11:11:22', NULL, 1),
(1257, 3, 22, 28, '3-22-28', 'Q28', NULL, 'rect', 25.00, 1, NULL, '2024-05-31 11:15:10', '2024-05-31 11:15:10', NULL, 1),
(1258, 3, 22, 29, '3-22-29', 'Q29', NULL, 'rect', 25.00, 1, NULL, '2024-05-31 11:15:10', '2024-05-31 11:15:10', NULL, 1),
(1259, 3, 22, 30, '3-22-30', 'Q30', NULL, 'rect', 25.00, 1, NULL, '2024-05-31 11:15:10', '2024-05-31 11:15:10', NULL, 1),
(1260, 3, 22, 31, '3-22-31', 'Q31', NULL, 'rect', 25.00, 1, NULL, '2024-05-31 11:15:10', '2024-05-31 11:15:10', NULL, 1),
(1261, 3, 22, 32, '3-22-32', 'Q32', NULL, 'rect', 25.00, 1, NULL, '2024-05-31 11:15:10', '2024-05-31 11:15:10', NULL, 1),
(1262, 3, 22, 33, '3-22-33', 'Q33', NULL, 'rect', 25.00, 1, NULL, '2024-05-31 11:15:10', '2024-05-31 11:15:10', NULL, 1),
(1263, 3, 22, 34, '3-22-34', 'Q34', NULL, 'rect', 25.00, 1, NULL, '2024-05-31 11:15:10', '2024-05-31 11:15:10', NULL, 1),
(1264, 3, 22, 35, '3-22-35', 'Q35', NULL, 'rect', 25.00, 1, NULL, '2024-05-31 11:15:10', '2024-05-31 11:15:10', NULL, 1),
(1265, 3, 22, 36, '3-22-36', 'Q36', NULL, 'rect', 25.00, 1, NULL, '2024-05-31 11:15:10', '2024-05-31 11:15:10', NULL, 1),
(1266, 3, 22, 37, '3-22-37', 'Q37', NULL, 'rect', 25.00, 1, NULL, '2024-05-31 11:15:10', '2024-05-31 11:15:10', NULL, 1),
(1267, 3, 22, 38, '3-22-38', 'Q38', NULL, 'rect', 25.00, 1, NULL, '2024-05-31 11:15:10', '2024-05-31 11:15:10', NULL, 1),
(1268, 3, 22, 39, '3-22-39', 'Q39', NULL, 'rect', 25.00, 1, NULL, '2024-05-31 11:15:10', '2024-05-31 11:15:10', NULL, 1),
(1269, 3, 22, 40, '3-22-40', 'Q40', NULL, 'rect', 25.00, 1, NULL, '2024-05-31 11:15:11', '2024-05-31 11:15:11', NULL, 1),
(1270, 3, 22, 41, '3-22-41', 'Q41', NULL, 'rect', 25.00, 1, NULL, '2024-05-31 11:15:11', '2024-05-31 11:15:11', NULL, 1),
(1271, 3, 22, 42, '3-22-42', 'Q42', NULL, 'rect', 25.00, 1, NULL, '2024-05-31 11:15:11', '2024-05-31 11:15:11', NULL, 1),
(1272, 3, 22, 43, '3-22-43', 'Q43', NULL, 'rect', 25.00, 1, NULL, '2024-05-31 11:15:11', '2024-05-31 11:15:11', NULL, 1),
(1273, 3, 22, 44, '3-22-44', 'Q44', NULL, 'rect', 25.00, 1, NULL, '2024-05-31 11:15:11', '2024-05-31 11:15:11', NULL, 1),
(1274, 3, 22, 45, '3-22-45', 'Q45', NULL, 'rect', 25.00, 1, NULL, '2024-05-31 11:15:11', '2024-05-31 11:15:11', NULL, 1),
(1275, 3, 22, 46, '3-22-46', 'Q46', NULL, 'rect', 25.00, 1, NULL, '2024-05-31 11:15:11', '2024-05-31 11:15:11', NULL, 1),
(1276, 3, 22, 47, '3-22-47', 'Q47', NULL, 'rect', 25.00, 1, NULL, '2024-05-31 11:15:11', '2024-05-31 11:15:11', NULL, 1),
(1277, 3, 22, 48, '3-22-48', 'Q48', NULL, 'rect', 25.00, 1, NULL, '2024-05-31 11:15:11', '2024-05-31 11:15:11', NULL, 1),
(1278, 3, 22, 49, '3-22-49', 'Q49', NULL, 'rect', 25.00, 1, NULL, '2024-05-31 11:15:11', '2024-05-31 11:15:11', NULL, 1),
(1279, 3, 23, 49, '3-23-49', 'R49', NULL, 'rect', 25.00, 1, NULL, '2024-05-31 11:17:53', '2024-05-31 11:17:53', NULL, 1),
(1280, 3, 23, 6, '3-23-6', 'R6', NULL, 'rect', 25.00, 1, NULL, '2024-05-31 11:17:53', '2024-05-31 11:17:53', NULL, 1),
(1281, 3, 23, 7, '3-23-7', 'R7', NULL, 'rect', 25.00, 1, NULL, '2024-05-31 11:17:53', '2024-05-31 11:17:53', NULL, 1),
(1282, 3, 23, 8, '3-23-8', 'R8', NULL, 'rect', 25.00, 1, NULL, '2024-05-31 11:17:53', '2024-05-31 11:17:53', NULL, 1),
(1283, 3, 23, 9, '3-23-9', 'R9', NULL, 'rect', 25.00, 1, NULL, '2024-05-31 11:17:53', '2024-05-31 11:17:53', NULL, 1),
(1284, 3, 23, 10, '3-23-10', 'R10', NULL, 'rect', 25.00, 1, NULL, '2024-05-31 11:17:53', '2024-05-31 11:17:53', NULL, 1),
(1285, 3, 23, 11, '3-23-11', 'R11', NULL, 'rect', 25.00, 1, NULL, '2024-05-31 11:17:53', '2024-05-31 11:17:53', NULL, 1),
(1286, 3, 23, 12, '3-23-12', 'R12', NULL, 'rect', 25.00, 1, NULL, '2024-05-31 11:17:54', '2024-05-31 11:17:54', NULL, 1),
(1287, 3, 23, 13, '3-23-13', 'R13', NULL, 'rect', 25.00, 1, NULL, '2024-05-31 11:17:54', '2024-05-31 11:17:54', NULL, 1),
(1288, 3, 23, 14, '3-23-14', 'R14', NULL, 'rect', 25.00, 1, NULL, '2024-05-31 11:17:54', '2024-05-31 11:17:54', NULL, 1),
(1289, 3, 23, 15, '3-23-15', 'R15', NULL, 'rect', 25.00, 1, NULL, '2024-05-31 11:17:54', '2024-05-31 11:17:54', NULL, 1),
(1290, 3, 23, 16, '3-23-16', 'R16', NULL, 'rect', 25.00, 1, NULL, '2024-05-31 11:17:54', '2024-05-31 11:17:54', NULL, 1),
(1291, 3, 23, 17, '3-23-17', 'R17', NULL, 'rect', 25.00, 1, NULL, '2024-05-31 11:17:54', '2024-05-31 11:17:54', NULL, 1),
(1292, 3, 23, 18, '3-23-18', 'R18', NULL, 'rect', 25.00, 1, NULL, '2024-05-31 11:17:54', '2024-05-31 11:17:54', NULL, 1),
(1293, 3, 23, 19, '3-23-19', 'R19', NULL, 'rect', 25.00, 1, NULL, '2024-05-31 11:17:54', '2024-05-31 11:17:54', NULL, 1),
(1294, 3, 23, 20, '3-23-20', 'R20', NULL, 'rect', 25.00, 1, NULL, '2024-05-31 11:17:54', '2024-05-31 11:17:54', NULL, 1),
(1295, 3, 23, 21, '3-23-21', 'R21', NULL, 'rect', 25.00, 1, NULL, '2024-05-31 11:17:54', '2024-05-31 11:17:54', NULL, 1),
(1296, 3, 23, 22, '3-23-22', 'R22', NULL, 'rect', 25.00, 1, NULL, '2024-05-31 11:17:54', '2024-05-31 11:17:54', NULL, 1),
(1297, 3, 23, 23, '3-23-23', 'R23', NULL, 'rect', 25.00, 1, NULL, '2024-05-31 11:17:54', '2024-05-31 11:17:54', NULL, 1),
(1298, 3, 23, 24, '3-23-24', 'R24', NULL, 'rect', 25.00, 1, NULL, '2024-05-31 11:17:54', '2024-05-31 11:17:54', NULL, 1),
(1299, 3, 23, 26, '3-23-26', 'R26', NULL, 'rect', 25.00, 1, NULL, '2024-05-31 11:17:55', '2024-05-31 11:17:55', NULL, 1),
(1300, 3, 23, 27, '3-23-27', 'R27', NULL, 'rect', 25.00, 1, NULL, '2024-05-31 11:17:55', '2024-05-31 11:17:55', NULL, 1),
(1302, 3, 23, 28, '3-23-28', 'R28', NULL, 'rect', 25.00, 1, NULL, '2024-05-31 11:19:44', '2024-05-31 11:19:44', NULL, 1),
(1303, 3, 23, 29, '3-23-29', 'R29', NULL, 'rect', 25.00, 1, NULL, '2024-05-31 11:19:44', '2024-05-31 11:19:44', NULL, 1),
(1304, 3, 23, 30, '3-23-30', 'R30', NULL, 'rect', 25.00, 1, NULL, '2024-05-31 11:19:45', '2024-05-31 11:19:45', NULL, 1),
(1305, 3, 23, 31, '3-23-31', 'R31', NULL, 'rect', 25.00, 1, NULL, '2024-05-31 11:19:45', '2024-05-31 11:19:45', NULL, 1),
(1306, 3, 23, 32, '3-23-32', 'R32', NULL, 'rect', 25.00, 1, NULL, '2024-05-31 11:19:45', '2024-05-31 11:19:45', NULL, 1),
(1307, 3, 23, 33, '3-23-33', 'R33', NULL, 'rect', 25.00, 1, NULL, '2024-05-31 11:19:45', '2024-05-31 11:19:45', NULL, 1),
(1308, 3, 23, 34, '3-23-34', 'R34', NULL, 'rect', 25.00, 1, NULL, '2024-05-31 11:19:45', '2024-05-31 11:19:45', NULL, 1),
(1309, 3, 23, 35, '3-23-35', 'R35', NULL, 'rect', 25.00, 1, NULL, '2024-05-31 11:19:45', '2024-05-31 11:19:45', NULL, 1),
(1310, 3, 23, 36, '3-23-36', 'R36', NULL, 'rect', 25.00, 1, NULL, '2024-05-31 11:19:45', '2024-05-31 11:19:45', NULL, 1),
(1311, 3, 23, 37, '3-23-37', 'R37', NULL, 'rect', 25.00, 1, NULL, '2024-05-31 11:19:45', '2024-05-31 11:19:45', NULL, 1),
(1312, 3, 23, 38, '3-23-38', 'R38', NULL, 'rect', 25.00, 1, NULL, '2024-05-31 11:19:45', '2024-05-31 11:19:45', NULL, 1),
(1313, 3, 23, 39, '3-23-39', 'R39', NULL, 'rect', 25.00, 1, NULL, '2024-05-31 11:19:45', '2024-05-31 11:19:45', NULL, 1),
(1314, 3, 23, 40, '3-23-40', 'R40', NULL, 'rect', 25.00, 1, NULL, '2024-05-31 11:19:45', '2024-05-31 11:19:45', NULL, 1),
(1315, 3, 23, 41, '3-23-41', 'R41', NULL, 'rect', 25.00, 1, NULL, '2024-05-31 11:19:45', '2024-05-31 11:19:45', NULL, 1),
(1316, 3, 23, 42, '3-23-42', 'R42', NULL, 'rect', 25.00, 1, NULL, '2024-05-31 11:19:45', '2024-05-31 11:19:45', NULL, 1),
(1317, 3, 23, 43, '3-23-43', 'R43', NULL, 'rect', 25.00, 1, NULL, '2024-05-31 11:19:46', '2024-05-31 11:19:46', NULL, 1),
(1318, 3, 23, 44, '3-23-44', 'R44', NULL, 'rect', 25.00, 1, NULL, '2024-05-31 11:19:46', '2024-05-31 11:19:46', NULL, 1),
(1319, 3, 23, 45, '3-23-45', 'R45', NULL, 'rect', 25.00, 1, NULL, '2024-05-31 11:19:46', '2024-05-31 11:19:46', NULL, 1),
(1320, 3, 23, 46, '3-23-46', 'R46', NULL, 'rect', 25.00, 1, NULL, '2024-05-31 11:19:46', '2024-05-31 11:19:46', NULL, 1),
(1321, 3, 23, 47, '3-23-47', 'R47', NULL, 'rect', 25.00, 1, NULL, '2024-05-31 11:19:46', '2024-05-31 11:19:46', NULL, 1),
(1322, 3, 23, 48, '3-23-48', 'R48', NULL, 'rect', 25.00, 1, NULL, '2024-05-31 11:19:46', '2024-05-31 11:19:46', NULL, 1),
(1323, 3, 23, NULL, '3-23-', 'R', NULL, 'rect', 25.00, 1, NULL, '2024-05-31 11:23:41', '2024-05-31 11:23:41', NULL, 1),
(1324, 3, 24, 9, '3-24-9', 'S9', NULL, 'rect', 25.00, 1, NULL, '2024-05-31 11:23:42', '2024-05-31 11:23:42', NULL, 1),
(1325, 3, 24, 10, '3-24-10', 'S10', NULL, 'rect', 25.00, 1, NULL, '2024-05-31 11:23:42', '2024-05-31 11:23:42', NULL, 1),
(1326, 3, 24, 11, '3-24-11', 'S11', NULL, 'rect', 25.00, 1, NULL, '2024-05-31 11:23:42', '2024-05-31 11:23:42', NULL, 1),
(1327, 3, 24, 12, '3-24-12', 'S12', NULL, 'rect', 25.00, 1, NULL, '2024-05-31 11:23:42', '2024-05-31 11:23:42', NULL, 1),
(1328, 3, 24, 13, '3-24-13', 'S13', NULL, 'rect', 25.00, 1, NULL, '2024-05-31 11:23:42', '2024-05-31 11:23:42', NULL, 1),
(1329, 3, 24, 14, '3-24-14', 'S14', NULL, 'rect', 25.00, 1, NULL, '2024-05-31 11:23:42', '2024-05-31 11:23:42', NULL, 1),
(1330, 3, 24, 15, '3-24-15', 'S15', NULL, 'rect', 25.00, 1, NULL, '2024-05-31 11:23:42', '2024-05-31 11:23:42', NULL, 1),
(1331, 3, 24, 16, '3-24-16', 'S16', NULL, 'rect', 25.00, 1, NULL, '2024-05-31 11:23:42', '2024-05-31 11:23:42', NULL, 1),
(1332, 3, 24, 17, '3-24-17', 'S17', NULL, 'rect', 25.00, 1, NULL, '2024-05-31 11:23:42', '2024-05-31 11:23:42', NULL, 1),
(1333, 3, 24, 18, '3-24-18', 'S18', NULL, 'rect', 25.00, 1, NULL, '2024-05-31 11:23:42', '2024-05-31 11:23:42', NULL, 1),
(1334, 3, 24, 19, '3-24-19', 'S19', NULL, 'rect', 25.00, 1, NULL, '2024-05-31 11:23:42', '2024-05-31 11:23:42', NULL, 1),
(1335, 3, 24, 20, '3-24-20', 'S20', NULL, 'rect', 25.00, 1, NULL, '2024-05-31 11:23:42', '2024-05-31 11:23:42', NULL, 1),
(1336, 3, 24, 21, '3-24-21', 'S21', NULL, 'rect', 25.00, 1, NULL, '2024-05-31 11:23:43', '2024-05-31 11:23:43', NULL, 1),
(1337, 3, 24, 22, '3-24-22', 'S22', NULL, 'rect', 25.00, 1, NULL, '2024-05-31 11:23:43', '2024-05-31 11:23:43', NULL, 1),
(1338, 3, 24, 23, '3-24-23', 'S23', NULL, 'rect', 25.00, 1, NULL, '2024-05-31 11:23:43', '2024-05-31 11:23:43', NULL, 1),
(1339, 3, 24, 24, '3-24-24', 'S24', NULL, 'rect', 25.00, 1, NULL, '2024-05-31 11:23:43', '2024-05-31 11:23:43', NULL, 1),
(1340, 3, 24, 25, '3-24-25', 'S25', NULL, 'rect', 25.00, 1, NULL, '2024-05-31 11:23:43', '2024-05-31 11:23:43', NULL, 1),
(1341, 3, 24, 26, '3-24-26', 'S26', NULL, 'rect', 25.00, 1, NULL, '2024-05-31 11:23:43', '2024-05-31 11:23:43', NULL, 1),
(1342, 3, 24, 27, '3-24-27', 'S27', NULL, 'rect', 25.00, 1, NULL, '2024-05-31 11:23:43', '2024-05-31 11:23:43', NULL, 1),
(1343, 3, 24, 28, '3-24-28', 'S28', NULL, 'rect', 25.00, 1, NULL, '2024-05-31 11:23:43', '2024-05-31 11:23:43', NULL, 1),
(1344, 3, 24, 29, '3-24-29', 'S29', NULL, 'rect', 25.00, 1, NULL, '2024-05-31 11:23:43', '2024-05-31 11:23:43', NULL, 1),
(1345, 3, 24, 30, '3-24-30', 'S30', NULL, 'rect', 25.00, 1, NULL, '2024-05-31 11:23:43', '2024-05-31 11:23:43', NULL, 1),
(1346, 3, 24, 31, '3-24-31', 'S31', NULL, 'rect', 25.00, 1, NULL, '2024-05-31 11:23:43', '2024-05-31 11:23:43', NULL, 1),
(1347, 3, 24, 32, '3-24-32', 'S32', NULL, 'rect', 25.00, 1, NULL, '2024-05-31 11:23:43', '2024-05-31 11:23:43', NULL, 1),
(1348, 3, 24, 33, '3-24-33', 'S33', NULL, 'rect', 25.00, 1, NULL, '2024-05-31 11:23:44', '2024-05-31 11:23:44', NULL, 1),
(1349, 3, 24, 34, '3-24-34', 'S34', NULL, 'rect', 25.00, 1, NULL, '2024-05-31 11:23:44', '2024-05-31 11:23:44', NULL, 1),
(1350, 3, 24, 35, '3-24-35', 'S35', NULL, 'rect', 25.00, 1, NULL, '2024-05-31 11:23:44', '2024-05-31 11:23:44', NULL, 1),
(1351, 3, 24, 36, '3-24-36', 'S36', NULL, 'rect', 25.00, 1, NULL, '2024-05-31 11:23:44', '2024-05-31 11:23:44', NULL, 1),
(1352, 3, 24, 37, '3-24-37', 'S37', NULL, 'rect', 25.00, 1, NULL, '2024-05-31 11:23:44', '2024-05-31 11:23:44', NULL, 1),
(1353, 3, 24, 38, '3-24-38', 'S38', NULL, 'rect', 25.00, 1, NULL, '2024-05-31 11:23:44', '2024-05-31 11:23:44', NULL, 1),
(1354, 3, 24, 39, '3-24-39', 'S39', NULL, 'rect', 25.00, 1, NULL, '2024-05-31 11:23:44', '2024-05-31 11:23:44', NULL, 1),
(1355, 3, 24, 40, '3-24-40', 'S40', NULL, 'rect', 25.00, 1, NULL, '2024-05-31 11:23:44', '2024-05-31 11:23:44', NULL, 1),
(1356, 3, 24, 41, '3-24-41', 'S41', NULL, 'rect', 25.00, 1, NULL, '2024-05-31 11:23:44', '2024-05-31 11:23:44', NULL, 1),
(1357, 3, 24, 42, '3-24-42', 'S42', NULL, 'rect', 25.00, 1, NULL, '2024-05-31 11:23:44', '2024-05-31 11:23:44', NULL, 1),
(1358, 3, 24, 43, '3-24-43', 'S43', NULL, 'rect', 25.00, 1, NULL, '2024-05-31 11:23:44', '2024-05-31 11:23:44', NULL, 1),
(1359, 3, 24, 44, '3-24-44', 'S44', NULL, 'rect', 25.00, 1, NULL, '2024-05-31 11:23:44', '2024-05-31 11:23:44', NULL, 1),
(1360, 3, 24, 45, '3-24-45', 'S45', NULL, 'rect', 25.00, 1, NULL, '2024-05-31 11:23:44', '2024-05-31 11:23:44', NULL, 1),
(1361, 3, 24, 46, '3-24-46', 'S46', NULL, 'rect', 25.00, 1, NULL, '2024-05-31 11:23:45', '2024-05-31 11:23:45', NULL, 1),
(1362, 3, 24, 47, '3-24-47', 'S47', NULL, 'rect', 25.00, 1, NULL, '2024-05-31 11:23:45', '2024-05-31 11:23:45', NULL, 1),
(1363, 3, 24, 48, '3-24-48', 'S48', NULL, 'rect', 25.00, 1, NULL, '2024-05-31 11:23:45', '2024-05-31 11:23:45', NULL, 1),
(1364, 3, 24, 49, '3-24-49', 'S49', NULL, 'rect', 25.00, 1, NULL, '2024-05-31 11:23:45', '2024-05-31 11:23:45', NULL, 1),
(1365, 3, 25, 10, '3-25-10', 'T10', NULL, 'rect', 25.00, 1, NULL, '2024-05-31 11:25:42', '2024-05-31 11:25:42', NULL, 1),
(1366, 3, 25, 11, '3-25-11', 'T11', NULL, 'rect', 25.00, 1, NULL, '2024-05-31 11:25:42', '2024-05-31 11:25:42', NULL, 1),
(1367, 3, 25, 12, '3-25-12', 'T12', NULL, 'rect', 25.00, 1, NULL, '2024-05-31 11:25:42', '2024-05-31 11:25:42', NULL, 1),
(1368, 3, 25, 13, '3-25-13', 'T13', NULL, 'rect', 25.00, 1, NULL, '2024-05-31 11:25:42', '2024-05-31 11:25:42', NULL, 1),
(1369, 3, 25, 14, '3-25-14', 'T14', NULL, 'rect', 25.00, 1, NULL, '2024-05-31 11:25:42', '2024-05-31 11:25:42', NULL, 1),
(1370, 3, 25, 15, '3-25-15', 'T15', NULL, 'rect', 25.00, 1, NULL, '2024-05-31 11:25:42', '2024-05-31 11:25:42', NULL, 1),
(1371, 3, 25, 16, '3-25-16', 'T16', NULL, 'rect', 25.00, 1, NULL, '2024-05-31 11:25:42', '2024-05-31 11:25:42', NULL, 1),
(1372, 3, 25, 17, '3-25-17', 'T17', NULL, 'rect', 25.00, 1, NULL, '2024-05-31 11:27:46', '2024-05-31 11:27:46', NULL, 1),
(1373, 3, 25, 18, '3-25-18', 'T18', NULL, 'rect', 25.00, 1, NULL, '2024-05-31 11:27:46', '2024-05-31 11:27:46', NULL, 1),
(1374, 3, 25, 19, '3-25-19', 'T19', NULL, 'rect', 25.00, 1, NULL, '2024-05-31 11:27:46', '2024-05-31 11:27:46', NULL, 1),
(1375, 3, 25, 20, '3-25-20', 'T20', NULL, 'rect', 25.00, 1, NULL, '2024-05-31 11:27:46', '2024-05-31 11:27:46', NULL, 1);
INSERT INTO "master_layout" ("id", "id_floor", "id_row", "no", "code", "seat_code", "coords", "shape", "price", "status", "last_updated_by", "created_at", "updated_at", "deleted_at", "flag") VALUES
(1376, 3, 25, 21, '3-25-21', 'T21', NULL, 'rect', 25.00, 1, NULL, '2024-05-31 11:27:46', '2024-05-31 11:27:46', NULL, 1),
(1377, 3, 25, 22, '3-25-22', 'T22', NULL, 'rect', 25.00, 1, NULL, '2024-05-31 11:27:46', '2024-05-31 11:27:46', NULL, 1),
(1378, 3, 25, 23, '3-25-23', 'T23', NULL, 'rect', 25.00, 1, NULL, '2024-05-31 11:27:46', '2024-05-31 11:27:46', NULL, 1),
(1379, 3, 25, 24, '3-25-24', 'T24', NULL, 'rect', 25.00, 1, NULL, '2024-05-31 11:27:46', '2024-05-31 11:27:46', NULL, 1),
(1380, 3, 25, 25, '3-25-25', 'T25', NULL, 'rect', 25.00, 1, NULL, '2024-05-31 11:27:46', '2024-05-31 11:27:46', NULL, 1),
(1381, 3, 25, 26, '3-25-26', 'T26', NULL, 'rect', 25.00, 1, NULL, '2024-05-31 11:27:46', '2024-05-31 11:27:46', NULL, 1),
(1382, 3, 25, 27, '3-25-27', 'T27', NULL, 'rect', 25.00, 1, NULL, '2024-05-31 11:27:46', '2024-05-31 11:27:46', NULL, 1),
(1383, 3, 25, 28, '3-25-28', 'T28', NULL, 'rect', 25.00, 1, NULL, '2024-05-31 11:27:47', '2024-05-31 11:27:47', NULL, 1),
(1384, 3, 25, 29, '3-25-29', 'T29', NULL, 'rect', 25.00, 1, NULL, '2024-05-31 11:27:47', '2024-05-31 11:27:47', NULL, 1),
(1385, 3, 25, 30, '3-25-30', 'T30', NULL, 'rect', 25.00, 1, NULL, '2024-05-31 11:27:47', '2024-05-31 11:27:47', NULL, 1),
(1386, 3, 25, 31, '3-25-31', 'T31', NULL, 'rect', 25.00, 1, NULL, '2024-05-31 11:27:47', '2024-05-31 11:27:47', NULL, 1),
(1387, 3, 25, 32, '3-25-32', 'T32', NULL, 'rect', 25.00, 1, NULL, '2024-05-31 11:27:47', '2024-05-31 11:27:47', NULL, 1),
(1388, 3, 25, 33, '3-25-33', 'T33', NULL, 'rect', 25.00, 1, NULL, '2024-05-31 11:27:47', '2024-05-31 11:27:47', NULL, 1),
(1389, 3, 25, 34, '3-25-34', 'T34', NULL, 'rect', 25.00, 1, NULL, '2024-05-31 11:27:47', '2024-05-31 11:27:47', NULL, 1),
(1390, 3, 25, 35, '3-25-35', 'T35', NULL, 'rect', 25.00, 1, NULL, '2024-05-31 11:27:47', '2024-05-31 11:27:47', NULL, 1),
(1391, 3, 25, 36, '3-25-36', 'T36', NULL, 'rect', 25.00, 1, NULL, '2024-05-31 11:27:47', '2024-05-31 11:27:47', NULL, 1),
(1392, 3, 25, 37, '3-25-37', 'T37', NULL, 'rect', 25.00, 1, NULL, '2024-05-31 11:27:47', '2024-05-31 11:27:47', NULL, 1),
(1393, 3, 25, 38, '3-25-38', 'T38', NULL, 'rect', 25.00, 1, NULL, '2024-05-31 11:27:47', '2024-05-31 11:27:47', NULL, 1),
(1394, 3, 25, 39, '3-25-39', 'T39', NULL, 'rect', 25.00, 1, NULL, '2024-05-31 11:27:47', '2024-05-31 11:27:47', NULL, 1),
(1395, 3, 25, 40, '3-25-40', 'T40', NULL, 'rect', 25.00, 1, NULL, '2024-05-31 11:27:47', '2024-05-31 11:27:47', NULL, 1),
(1396, 3, 25, 41, '3-25-41', 'T41', NULL, 'rect', 25.00, 1, NULL, '2024-05-31 11:27:48', '2024-05-31 11:27:48', NULL, 1),
(1397, 3, 25, 42, '3-25-42', 'T42', NULL, 'rect', 25.00, 1, NULL, '2024-05-31 11:27:48', '2024-05-31 11:27:48', NULL, 1),
(1398, 3, 25, 43, '3-25-43', 'T43', NULL, 'rect', 25.00, 1, NULL, '2024-05-31 11:27:48', '2024-05-31 11:27:48', NULL, 1),
(1399, 3, 25, 44, '3-25-44', 'T44', NULL, 'rect', 25.00, 1, NULL, '2024-05-31 11:27:48', '2024-05-31 11:27:48', NULL, 1),
(1400, 3, 25, 45, '3-25-45', 'T45', NULL, 'rect', 25.00, 1, NULL, '2024-05-31 11:27:48', '2024-05-31 11:27:48', NULL, 1),
(1401, 3, 25, 46, '3-25-46', 'T46', NULL, 'rect', 25.00, 1, NULL, '2024-05-31 11:27:48', '2024-05-31 11:27:48', NULL, 1),
(1402, 3, 25, 47, '3-25-47', 'T47', NULL, 'rect', 25.00, 1, NULL, '2024-05-31 11:27:48', '2024-05-31 11:27:48', NULL, 1),
(1403, 3, 25, 48, '3-25-48', 'T48', NULL, 'rect', 25.00, 1, NULL, '2024-05-31 11:27:48', '2024-05-31 11:27:48', NULL, 1),
(1404, 3, 25, 49, '3-25-49', 'T49', NULL, 'rect', 25.00, 1, NULL, '2024-05-31 11:27:48', '2024-05-31 11:27:48', NULL, 1);

--
-- Dumping data for table "master_row"
--

INSERT INTO "master_row" ("id", "rows", "status", "last_updated_by", "created_at", "updated_at", "deleted_at", "flag") VALUES
(6, 'A', 1, 1, '2023-12-22 07:50:36', '2023-12-22 07:50:36', NULL, 1),
(7, 'B', 1, 1, '2023-12-22 07:50:36', '2023-12-22 07:50:36', NULL, 1),
(8, 'C', 1, 1, '2023-12-22 07:50:36', '2023-12-22 07:50:36', NULL, 1),
(9, 'D', 1, 1, '2023-12-22 07:50:36', '2023-12-22 07:50:36', NULL, 1),
(10, 'E', 1, 1, '2023-12-22 07:50:36', '2023-12-22 07:50:36', NULL, 1),
(11, 'F', 1, 1, '2023-12-22 07:50:36', '2023-12-22 07:50:36', NULL, 1),
(12, 'G', 1, 1, '2023-12-22 07:50:36', '2023-12-22 07:50:36', NULL, 1),
(13, 'H', 1, 1, '2023-12-22 07:50:36', '2023-12-22 07:50:36', NULL, 1),
(14, 'I', 1, 1, '2023-12-22 07:50:36', '2023-12-22 07:50:36', NULL, 1),
(15, 'J', 1, 1, '2023-12-22 07:50:36', '2023-12-22 07:50:36', NULL, 1),
(16, 'K', 1, 1, '2023-12-22 07:50:36', '2023-12-22 07:50:36', NULL, 1),
(17, 'L', 1, 1, '2023-12-22 07:50:36', '2023-12-22 07:50:36', NULL, 1),
(18, 'M', 1, 1, '2023-12-22 07:50:36', '2023-12-22 07:50:36', NULL, 1),
(19, 'N', 1, 1, '2023-12-22 07:50:36', '2023-12-22 07:50:36', NULL, 1),
(21, 'P', 1, 1, '2023-12-22 07:50:36', '2023-12-22 07:50:36', NULL, 1),
(22, 'Q', 1, 1, '2023-12-22 07:50:36', '2023-12-22 07:50:36', NULL, 1),
(23, 'R', 1, 1, '2023-12-22 07:50:36', '2023-12-22 07:50:36', NULL, 1),
(24, 'S', 1, 1, '2023-12-22 07:50:36', '2023-12-22 07:50:36', NULL, 1),
(25, 'T', 1, 1, '2023-12-22 07:50:36', '2023-12-22 07:50:36', NULL, 1),
(26, 'U', 1, 1, '2023-12-22 07:50:36', '2023-12-22 07:50:36', NULL, 1),
(27, 'V', 1, 1, '2023-12-22 07:50:36', '2023-12-22 07:50:36', NULL, 1),
(28, 'W', 1, 1, '2023-12-22 07:50:36', '2023-12-22 07:50:36', NULL, 1),
(29, 'X', 1, 1, '2023-12-22 07:50:36', '2023-12-22 07:50:36', NULL, 1),
(30, 'Y', 1, 1, '2023-12-22 07:50:36', '2023-12-22 07:50:36', NULL, 1),
(31, 'Z', 1, 1, '2023-12-22 07:50:36', '2023-12-22 07:50:36', NULL, 1);
COMMIT;

/*!40101 SET CHARACTER_SET_CLIENT=@OLD_CHARACTER_SET_CLIENT */;
/*!40101 SET CHARACTER_SET_RESULTS=@OLD_CHARACTER_SET_RESULTS */;
/*!40101 SET COLLATION_CONNECTION=@OLD_COLLATION_CONNECTION */;
